--
-- Host: localhost    Database: gemm_productions
-- ------------------------------------------------------


--
-- Table structure for table `blog_categories`
--

CREATE TABLE `blog_categories` (
  `id` int unsigned NOT NULL AUTO_INCREMENT,
  `name` varchar(255) CHARACTER SET utf8mb4 COLLATE utf8mb4_unicode_ci NOT NULL,
  `created_at` timestamp NULL DEFAULT NULL,
  `updated_at` timestamp NULL DEFAULT NULL,
  PRIMARY KEY (`id`)
) ENGINE=InnoDB AUTO_INCREMENT=13 DEFAULT CHARSET=utf8mb4 COLLATE=utf8mb4_unicode_ci;

--
-- Dumping data for table `blog_categories`
--

INSERT INTO `blog_categories` VALUES (1,'Sports Simulator','2023-05-31 01:06:21','2023-05-31 01:06:21'),(2,'Events','2023-06-02 05:41:04','2023-06-02 05:41:04'),(4,'Jukebox','2023-08-18 05:29:22','2023-08-18 05:29:22'),(5,'Arcade','2023-08-18 05:29:34','2023-08-18 05:29:34'),(6,'Rotating Climbing Wall','2023-08-18 05:29:57','2023-08-18 05:29:57'),(12,'test0001','2024-01-24 14:59:13','2024-01-24 14:59:13');

--
-- Table structure for table `blog_to_categories`
--

CREATE TABLE `blog_to_categories` (
  `id` int unsigned NOT NULL AUTO_INCREMENT,
  `blog_id` int NOT NULL,
  `category_id` int NOT NULL,
  `created_at` timestamp NULL DEFAULT NULL,
  `updated_at` timestamp NULL DEFAULT NULL,
  PRIMARY KEY (`id`)
) ENGINE=InnoDB AUTO_INCREMENT=74 DEFAULT CHARSET=utf8mb4 COLLATE=utf8mb4_unicode_ci;

--
-- Dumping data for table `blog_to_categories`
--

INSERT INTO `blog_to_categories` VALUES (9,1,1,'2023-06-05 07:26:12','2023-06-05 07:26:12'),(10,2,2,'2023-06-05 07:26:20','2023-06-05 07:26:20'),(11,3,1,'2023-06-05 07:26:28','2023-06-05 07:26:28'),(12,4,1,'2023-06-05 07:26:41','2023-06-05 07:26:41'),(13,5,3,NULL,NULL),(14,5,3,'2023-08-14 03:30:11','2023-08-14 03:30:11'),(15,6,5,NULL,NULL),(16,7,9,NULL,NULL),(17,7,9,'2023-08-22 08:05:08','2023-08-22 08:05:08'),(18,1,1,'2023-10-30 01:38:42','2023-10-30 01:38:42'),(19,7,9,'2023-11-01 01:58:31','2023-11-01 01:58:31'),(20,7,9,'2023-11-01 02:01:09','2023-11-01 02:01:09'),(21,7,9,'2023-11-01 02:01:48','2023-11-01 02:01:48'),(22,8,3,NULL,NULL),(23,9,3,NULL,NULL),(24,10,10,NULL,NULL),(25,11,10,NULL,NULL),(26,12,10,NULL,NULL),(27,13,10,NULL,NULL),(28,14,10,NULL,NULL),(29,15,10,NULL,NULL),(30,15,10,'2023-11-22 10:52:13','2023-11-22 10:52:13'),(31,15,10,'2023-11-22 10:52:34','2023-11-22 10:52:34'),(32,15,10,'2023-11-22 10:52:49','2023-11-22 10:52:49'),(33,15,10,'2023-11-22 11:09:11','2023-11-22 11:09:11'),(34,15,10,'2023-11-22 11:12:19','2023-11-22 11:12:19'),(35,15,10,'2023-11-22 11:14:32','2023-11-22 11:14:32'),(36,15,10,'2023-11-22 11:14:44','2023-11-22 11:14:44'),(37,16,10,NULL,NULL),(38,16,10,'2023-11-22 11:25:27','2023-11-22 11:25:27'),(39,16,10,'2023-11-22 11:26:39','2023-11-22 11:26:39'),(40,16,10,'2023-11-22 11:38:22','2023-11-22 11:38:22'),(41,16,10,'2023-11-22 11:45:01','2023-11-22 11:45:01'),(42,16,10,'2023-11-22 11:57:00','2023-11-22 11:57:00'),(43,16,10,'2023-11-22 12:00:34','2023-11-22 12:00:34'),(44,15,10,'2023-11-22 12:12:36','2023-11-22 12:12:36'),(45,15,10,'2023-11-22 12:53:29','2023-11-22 12:53:29'),(46,17,10,NULL,NULL),(47,17,10,'2023-11-22 13:13:20','2023-11-22 13:13:20'),(48,17,10,'2023-11-22 13:14:21','2023-11-22 13:14:21'),(49,17,10,'2023-11-22 13:14:50','2023-11-22 13:14:50'),(50,18,10,NULL,NULL),(51,18,10,'2023-11-22 13:30:26','2023-11-22 13:30:26'),(52,18,10,'2023-11-22 13:31:31','2023-11-22 13:31:31'),(53,18,10,'2023-11-22 13:43:38','2023-11-22 13:43:38'),(54,18,10,'2023-11-22 13:44:08','2023-11-22 13:44:08'),(55,18,10,'2023-11-22 13:45:33','2023-11-22 13:45:33'),(56,15,10,'2023-11-22 14:45:44','2023-11-22 14:45:44'),(57,15,10,'2023-11-22 14:46:10','2023-11-22 14:46:10'),(58,15,10,'2023-11-22 14:46:29','2023-11-22 14:46:29'),(59,15,10,'2023-11-22 14:46:42','2023-11-22 14:46:42'),(60,15,10,'2023-11-22 14:49:29','2023-11-22 14:49:29'),(61,15,10,'2023-11-22 17:59:46','2023-11-22 17:59:46'),(62,16,10,'2023-11-22 18:00:52','2023-11-22 18:00:52'),(63,17,10,'2023-11-22 18:01:06','2023-11-22 18:01:06'),(64,18,10,'2023-11-22 18:01:20','2023-11-22 18:01:20'),(65,18,10,'2023-11-22 18:02:06','2023-11-22 18:02:06'),(66,15,10,'2023-11-22 18:03:34','2023-11-22 18:03:34'),(67,17,10,'2023-11-28 13:09:24','2023-11-28 13:09:24'),(68,17,10,'2023-11-28 13:10:35','2023-11-28 13:10:35'),(69,15,10,'2023-12-01 11:07:13','2023-12-01 11:07:13'),(70,15,10,'2023-12-01 11:24:47','2023-12-01 11:24:47'),(71,19,12,NULL,NULL),(72,19,10,'2023-12-06 13:33:31','2023-12-06 13:33:31'),(73,19,10,'2023-12-06 13:34:30','2023-12-06 13:34:30');

--
-- Table structure for table `blogs`
--

CREATE TABLE `blogs` (
  `id` bigint unsigned NOT NULL AUTO_INCREMENT,
  `title` varchar(255) CHARACTER SET utf8mb4 COLLATE utf8mb4_unicode_ci NOT NULL,
  `slug` varchar(255) CHARACTER SET utf8mb4 COLLATE utf8mb4_unicode_ci NOT NULL,
  `thumbnail` varchar(255) CHARACTER SET utf8mb4 COLLATE utf8mb4_unicode_ci NOT NULL,
  `content` longtext CHARACTER SET utf8mb4 COLLATE utf8mb4_unicode_ci NOT NULL,
  `status` int NOT NULL DEFAULT '1',
  `is_pinned` int NOT NULL DEFAULT '0' COMMENT '0 = Unpinned, 1 = Pinned',
  `created_at` timestamp NULL DEFAULT NULL,
  `updated_at` timestamp NULL DEFAULT NULL,
  `display_date` date DEFAULT NULL,
  `meta_title` varchar(255) CHARACTER SET utf8mb4 COLLATE utf8mb4_unicode_ci DEFAULT NULL,
  `meta_description` varchar(255) CHARACTER SET utf8mb4 COLLATE utf8mb4_unicode_ci DEFAULT NULL,
  `meta_keywords` varchar(255) CHARACTER SET utf8mb4 COLLATE utf8mb4_unicode_ci DEFAULT NULL,
  `author_name` varchar(255) CHARACTER SET utf8mb4 COLLATE utf8mb4_unicode_ci NOT NULL,
  PRIMARY KEY (`id`),
  UNIQUE KEY `blogs_slug_unique` (`slug`)
) ENGINE=InnoDB AUTO_INCREMENT=20 DEFAULT CHARSET=utf8mb4 COLLATE=utf8mb4_unicode_ci;

--
-- Dumping data for table `blogs`
--

INSERT INTO `blogs` VALUES (19,'Development Test','development-test','gallery/child-friendly (1).jpg','<p><strong style=\"margin: 0px; padding: 0px; font-family: &quot;Open Sans&quot;, Arial, sans-serif; text-align: justify;\">Lorem Ipsum</strong><span style=\"font-family: &quot;Open Sans&quot;, Arial, sans-serif; text-align: justify;\">&nbsp;is simply dummy text of the printing and typesetting industry. Lorem Ipsum has been the industry\'s standard dummy text ever since the 1500s, when an unknown printer took a galley of type and scrambled it to make a type specimen book. It has survived not only five centuries, but also the leap into electronic typesetting, remaining essentially unchanged. It was popularised in the 1960s with the release of Letraset sheets containing Lorem Ipsum passages, and more recently with desktop publishing software like Aldus PageMaker including versions of Lorem Ipsum.</span></p><p><strong style=\"margin: 0px; padding: 0px; font-family: &quot;Open Sans&quot;, Arial, sans-serif; text-align: justify;\">Lorem Ipsum</strong><span style=\"font-family: &quot;Open Sans&quot;, Arial, sans-serif; text-align: justify;\">&nbsp;is simply dummy text of the printing and typesetting industry. Lorem Ipsum has been the industry\'s standard dummy text ever since the 1500s, when an unknown printer took a galley of type and scrambled it to make a type specimen book. It has survived not only five centuries, but also the leap into electronic typesetting, remaining essentially unchanged. It was popularised in the 1960s with the release of Letraset sheets containing Lorem Ipsum passages, and more recently with desktop publishing software like Aldus PageMaker including versions of Lorem Ipsum.</span></p>',0,0,'2023-12-06 13:32:55','2024-01-23 09:53:48','2023-12-06',NULL,NULL,NULL,'Developer');

--
-- Table structure for table `card_items`
--

CREATE TABLE `card_items` (
  `id` bigint unsigned NOT NULL AUTO_INCREMENT,
  `card_template_id` int NOT NULL,
  `title` varchar(255) CHARACTER SET utf8mb4 COLLATE utf8mb4_unicode_ci NOT NULL,
  `sub_title` varchar(255) CHARACTER SET utf8mb4 COLLATE utf8mb4_unicode_ci NOT NULL,
  `status` int NOT NULL DEFAULT '0' COMMENT '1 = Active, 0 = Inactive',
  `link` longtext CHARACTER SET utf8mb4 COLLATE utf8mb4_unicode_ci,
  `priority` int DEFAULT NULL,
  `img_path` longtext CHARACTER SET utf8mb4 COLLATE utf8mb4_unicode_ci NOT NULL,
  `created_at` timestamp NULL DEFAULT NULL,
  `updated_at` timestamp NULL DEFAULT NULL,
  PRIMARY KEY (`id`)
) ENGINE=InnoDB AUTO_INCREMENT=7 DEFAULT CHARSET=utf8mb4 COLLATE=utf8mb4_unicode_ci;

--
-- Dumping data for table `card_items`
--

INSERT INTO `card_items` VALUES (1,1,'Football','SIMULATOR',1,NULL,NULL,'gallery/////Football copy.webp','2023-10-26 01:20:46','2024-01-24 14:43:02'),(2,1,'Ice Hockey','SIMULATOR',1,NULL,NULL,'gallery/Ice Hockey copy.webp','2023-10-26 01:21:10','2023-12-07 12:52:48'),(3,1,'Cricket','SIMULATOR',1,NULL,NULL,'gallery///Cricket copy.webp','2023-10-26 01:21:27','2023-12-07 12:53:20'),(4,1,'Basketball','SIMULATOR',1,NULL,NULL,'gallery/Basketball copy.webp','2023-10-26 01:21:46','2023-12-07 12:53:45'),(5,1,'Golf','SIMULATOR',1,NULL,NULL,'gallery/Golf copy.webp','2023-10-26 01:22:00','2023-12-07 12:54:16'),(6,1,'Volleyball','SIMULATOR',1,NULL,NULL,'gallery/Volleyball copy.webp','2023-10-26 01:22:15','2023-12-07 12:54:41');

--
-- Table structure for table `card_templates`
--

CREATE TABLE `card_templates` (
  `id` bigint unsigned NOT NULL AUTO_INCREMENT,
  `title` varchar(255) CHARACTER SET utf8mb4 COLLATE utf8mb4_unicode_ci NOT NULL,
  `link` longtext CHARACTER SET utf8mb4 COLLATE utf8mb4_unicode_ci,
  `description` longtext CHARACTER SET utf8mb4 COLLATE utf8mb4_unicode_ci,
  `status` int NOT NULL DEFAULT '0' COMMENT '1 = Active, 0 = Inactive',
  `created_at` timestamp NULL DEFAULT NULL,
  `updated_at` timestamp NULL DEFAULT NULL,
  PRIMARY KEY (`id`)
) ENGINE=InnoDB AUTO_INCREMENT=2 DEFAULT CHARSET=utf8mb4 COLLATE=utf8mb4_unicode_ci;

--
-- Dumping data for table `card_templates`
--

INSERT INTO `card_templates` VALUES (1,'Sports','#',NULL,1,'2023-10-26 01:19:58','2023-10-26 01:19:58');

--
-- Table structure for table `cart_item_configurations`
--

CREATE TABLE `cart_item_configurations` (
  `id` int unsigned NOT NULL AUTO_INCREMENT,
  `cart_items_id` int NOT NULL,
  `configuration_options_id` int NOT NULL,
  `created_at` timestamp NULL DEFAULT NULL,
  `updated_at` timestamp NULL DEFAULT NULL,
  PRIMARY KEY (`id`)
) ENGINE=InnoDB AUTO_INCREMENT=90 DEFAULT CHARSET=utf8mb4 COLLATE=utf8mb4_unicode_ci;

--
-- Dumping data for table `cart_item_configurations`
--

INSERT INTO `cart_item_configurations` VALUES (1,9,47,'2023-06-16 05:33:16','2023-06-16 05:33:16'),(2,9,53,'2023-06-16 05:33:16','2023-06-16 05:33:16'),(3,9,67,'2023-06-16 05:33:16','2023-06-16 05:33:16'),(4,9,71,'2023-06-16 05:33:16','2023-06-16 05:33:16'),(5,11,41,'2023-06-16 05:35:43','2023-06-16 05:35:43'),(6,11,53,'2023-06-16 05:35:43','2023-06-16 05:35:43'),(7,11,61,'2023-06-16 05:35:43','2023-06-16 05:35:43'),(8,11,71,'2023-06-16 05:35:43','2023-06-16 05:35:43'),(9,14,46,'2023-06-16 06:40:55','2023-06-16 06:40:55'),(10,14,53,'2023-06-16 06:40:55','2023-06-16 06:40:55'),(11,14,59,'2023-06-16 06:40:55','2023-06-16 06:40:55'),(12,14,61,'2023-06-16 06:40:55','2023-06-16 06:40:55'),(13,14,65,'2023-06-16 06:40:55','2023-06-16 06:40:55'),(14,14,70,'2023-06-16 06:40:55','2023-06-16 06:40:55'),(15,16,51,'2023-06-16 06:41:37','2023-06-16 06:41:37'),(16,16,57,'2023-06-16 06:41:37','2023-06-16 06:41:37'),(17,16,69,'2023-06-16 06:41:37','2023-06-16 06:41:37'),(18,16,71,'2023-06-16 06:41:37','2023-06-16 06:41:37'),(26,18,46,'2023-06-16 08:00:26','2023-06-16 08:00:26'),(27,18,53,'2023-06-16 08:00:26','2023-06-16 08:00:26'),(28,18,55,'2023-06-16 08:00:26','2023-06-16 08:00:26'),(29,18,64,'2023-06-16 08:00:26','2023-06-16 08:00:26'),(30,18,65,'2023-06-16 08:00:26','2023-06-16 08:00:26'),(31,19,43,'2023-08-11 05:42:10','2023-08-11 05:42:10'),(32,19,53,'2023-08-11 05:42:10','2023-08-11 05:42:10'),(33,19,55,'2023-08-11 05:42:10','2023-08-11 05:42:10'),(34,19,60,'2023-08-11 05:42:10','2023-08-11 05:42:10'),(35,19,68,'2023-08-11 05:42:10','2023-08-11 05:42:10'),(36,19,70,'2023-08-11 05:42:10','2023-08-11 05:42:10'),(44,21,77,'2023-08-22 06:59:45','2023-08-22 06:59:45'),(49,23,42,'2023-09-12 05:00:47','2023-09-12 05:00:47'),(50,23,51,'2023-09-12 05:00:47','2023-09-12 05:00:47'),(51,23,55,'2023-09-12 05:00:47','2023-09-12 05:00:47'),(52,23,67,'2023-09-12 05:00:47','2023-09-12 05:00:47'),(53,23,72,'2023-09-12 05:00:47','2023-09-12 05:00:47'),(54,27,47,'2023-10-26 07:58:16','2023-10-26 07:58:16'),(55,27,56,'2023-10-26 07:58:16','2023-10-26 07:58:16'),(56,27,68,'2023-10-26 07:58:16','2023-10-26 07:58:16'),(57,27,72,'2023-10-26 07:58:16','2023-10-26 07:58:16'),(58,28,56,'2023-10-30 00:18:08','2023-10-30 00:18:08'),(59,28,68,'2023-10-30 00:18:08','2023-10-30 00:18:08'),(72,43,47,'2023-11-30 18:27:14','2023-11-30 18:27:14'),(73,43,49,'2023-11-30 18:27:14','2023-11-30 18:27:14'),(74,43,50,'2023-11-30 18:27:14','2023-11-30 18:27:14'),(75,43,64,'2023-11-30 18:27:14','2023-11-30 18:27:14'),(76,43,65,'2023-11-30 18:27:14','2023-11-30 18:27:14'),(77,43,68,'2023-11-30 18:27:14','2023-11-30 18:27:14'),(78,43,69,'2023-11-30 18:27:14','2023-11-30 18:27:14'),(79,43,72,'2023-11-30 18:27:14','2023-11-30 18:27:14'),(80,43,73,'2023-11-30 18:27:14','2023-11-30 18:27:14'),(81,44,57,'2023-12-19 11:28:53','2023-12-19 11:28:53'),(82,44,70,'2023-12-19 11:28:53','2023-12-19 11:28:53'),(83,44,73,'2023-12-19 11:28:53','2023-12-19 11:28:53'),(84,45,52,'2023-12-25 09:22:35','2023-12-25 09:22:35'),(85,45,54,'2023-12-25 09:22:35','2023-12-25 09:22:35'),(86,45,67,'2023-12-25 09:22:35','2023-12-25 09:22:35'),(87,46,42,'2023-12-28 14:10:21','2023-12-28 14:10:21'),(88,46,55,'2023-12-28 14:10:21','2023-12-28 14:10:21'),(89,46,66,'2023-12-28 14:10:21','2023-12-28 14:10:21');

--
-- Table structure for table `cart_items`
--

CREATE TABLE `cart_items` (
  `id` int unsigned NOT NULL AUTO_INCREMENT,
  `cart_id` int NOT NULL,
  `ranges_id` int NOT NULL,
  `qty` int NOT NULL,
  `created_at` timestamp NULL DEFAULT NULL,
  `updated_at` timestamp NULL DEFAULT NULL,
  PRIMARY KEY (`id`)
) ENGINE=InnoDB AUTO_INCREMENT=47 DEFAULT CHARSET=utf8mb4 COLLATE=utf8mb4_unicode_ci;

--
-- Dumping data for table `cart_items`
--

INSERT INTO `cart_items` VALUES (1,1,1,1,'2023-06-12 07:07:51','2023-06-12 07:07:51'),(5,2,1,1,NULL,NULL),(6,3,1,1,'2023-06-15 08:27:28','2023-06-15 08:27:28'),(7,4,1,1,'2023-06-16 00:09:34','2023-06-16 00:09:34'),(8,5,1,1,'2023-06-16 05:05:09','2023-06-16 05:05:09'),(9,6,1,1,'2023-06-16 05:33:16','2023-06-16 05:33:16'),(10,7,4,1,'2023-06-16 05:35:16','2023-06-16 05:35:16'),(11,7,1,1,'2023-06-16 05:35:43','2023-06-16 05:35:43'),(12,7,5,1,'2023-06-16 05:36:59','2023-06-16 05:36:59'),(13,8,4,1,'2023-06-16 06:40:32','2023-06-16 06:40:32'),(14,8,1,1,'2023-06-16 06:40:55','2023-06-16 06:40:55'),(15,8,5,1,'2023-06-16 06:41:11','2023-06-16 06:41:11'),(16,8,1,1,'2023-06-16 06:41:37','2023-06-16 06:41:37'),(18,9,1,1,'2023-06-16 08:00:26','2023-06-16 08:00:26'),(19,12,1,1,'2023-08-11 05:42:10','2023-08-11 05:42:10'),(21,13,7,1,'2023-08-22 06:59:45','2023-08-22 06:59:45'),(23,15,1,1,'2023-09-12 05:00:47','2023-09-12 05:00:47'),(25,16,5,1,'2023-09-18 06:47:13','2023-09-18 06:47:13'),(43,18,1,1,'2023-11-30 18:27:14','2023-11-30 18:27:14'),(44,19,1,1,'2023-12-19 11:28:53','2023-12-19 11:28:53'),(45,19,1,1,'2023-12-25 09:22:35','2023-12-25 09:22:35'),(46,19,1,1,'2023-12-28 14:10:21','2023-12-28 14:10:21');

--
-- Table structure for table `carts`
--

CREATE TABLE `carts` (
  `id` int unsigned NOT NULL AUTO_INCREMENT,
  `users_id` varchar(255) CHARACTER SET utf8mb4 COLLATE utf8mb4_unicode_ci NOT NULL,
  `created_at` timestamp NULL DEFAULT NULL,
  `updated_at` timestamp NULL DEFAULT NULL,
  `status` int NOT NULL DEFAULT '0',
  PRIMARY KEY (`id`)
) ENGINE=InnoDB AUTO_INCREMENT=20 DEFAULT CHARSET=utf8mb4 COLLATE=utf8mb4_unicode_ci;

--
-- Dumping data for table `carts`
--

INSERT INTO `carts` VALUES (1,'648711945257d','2023-06-12 07:07:51','2023-06-12 07:07:51',0),(2,'648718281d5ce','2023-06-12 08:03:28','2023-06-12 08:03:28',0),(3,'3','2023-06-15 08:27:28','2023-06-15 08:27:45',1),(4,'3','2023-06-16 00:09:34','2023-06-16 00:10:10',1),(5,'648c3ad4e7c1f','2023-06-16 05:05:09','2023-06-16 05:05:39',1),(6,'3','2023-06-16 05:33:16','2023-06-16 05:34:02',1),(7,'3','2023-06-16 05:35:16','2023-06-16 05:37:20',1),(8,'648c51325077f','2023-06-16 06:40:32','2023-06-16 06:42:05',1),(9,'648c623eadf93','2023-06-16 07:53:44','2023-06-16 08:00:58',1),(12,'4','2023-08-11 05:42:10','2023-08-11 05:42:30',1),(13,'2','2023-08-22 06:59:45','2023-08-22 07:00:18',1),(15,'65003d7acd503','2023-09-12 05:00:47','2023-09-12 05:00:47',0),(16,'3','2023-09-18 06:47:13','2023-09-18 06:47:24',1),(18,'15','2023-11-15 14:33:42','2023-11-15 14:33:42',0),(19,'1','2023-12-19 11:28:53','2023-12-19 11:28:53',0);

--
-- Table structure for table `collection_templates`
--

CREATE TABLE `collection_templates` (
  `id` bigint unsigned NOT NULL AUTO_INCREMENT,
  `name` varchar(255) CHARACTER SET utf8mb4 COLLATE utf8mb4_unicode_ci NOT NULL,
  `status` int NOT NULL DEFAULT '0' COMMENT '0 = Inactive, 1 = Active',
  `title_hidden` int NOT NULL COMMENT '0 = Show, 1 = Hidden',
  `created_at` timestamp NULL DEFAULT NULL,
  `updated_at` timestamp NULL DEFAULT NULL,
  `redirection_link` longtext CHARACTER SET utf8mb4 COLLATE utf8mb4_unicode_ci,
  PRIMARY KEY (`id`)
) ENGINE=InnoDB AUTO_INCREMENT=20 DEFAULT CHARSET=utf8mb4 COLLATE=utf8mb4_unicode_ci;

--
-- Dumping data for table `collection_templates`
--

INSERT INTO `collection_templates` VALUES (3,'Arcade',1,1,'2023-08-18 00:00:54','2024-01-24 14:29:12','#'),(4,'Golf Collection',1,0,'2023-08-18 00:15:08','2023-08-29 01:01:18','/#'),(5,'Lifestyle',1,1,'2023-08-18 00:44:00','2023-12-11 08:22:58','#'),(9,'The Jukebox Gallery',1,1,'2023-09-14 06:59:40','2023-12-11 08:23:41','#/range-listing?type=Jukeboxes'),(11,'Range',1,0,'2023-09-21 05:43:54','2024-02-26 22:23:34','#https://gemmproductions.com/page/range'),(12,'Competitive Socializing',1,0,'2023-09-21 06:11:43','2023-09-21 06:11:43','#'),(13,'Kids Zone Collections',1,0,'2023-09-21 06:26:28','2023-12-14 11:51:17','#'),(15,'Rotating Climbing Wall',1,1,'2023-11-01 01:22:37','2023-11-01 01:22:37','#'),(18,'Rental Products',1,1,'2023-12-11 10:27:23','2023-12-11 10:27:23','#'),(19,'Sports Simulator',1,1,'2023-12-13 06:19:25','2023-12-13 07:49:03','#');

--
-- Table structure for table `collection_to_sections`
--

CREATE TABLE `collection_to_sections` (
  `id` bigint unsigned NOT NULL AUTO_INCREMENT,
  `collection_template_id` int NOT NULL,
  `collection_id` int NOT NULL,
  `created_at` timestamp NULL DEFAULT NULL,
  `updated_at` timestamp NULL DEFAULT NULL,
  PRIMARY KEY (`id`)
) ENGINE=InnoDB AUTO_INCREMENT=107 DEFAULT CHARSET=utf8mb4 COLLATE=utf8mb4_unicode_ci;

--
-- Dumping data for table `collection_to_sections`
--

INSERT INTO `collection_to_sections` VALUES (8,3,8,NULL,NULL),(9,3,9,NULL,NULL),(10,3,10,NULL,NULL),(11,3,11,NULL,NULL),(12,3,12,NULL,NULL),(13,3,13,NULL,NULL),(14,3,14,NULL,NULL),(15,4,15,NULL,NULL),(16,4,16,NULL,NULL),(17,4,17,NULL,NULL),(18,4,18,NULL,NULL),(19,4,19,NULL,NULL),(20,4,20,NULL,NULL),(21,5,21,NULL,NULL),(22,5,22,NULL,NULL),(23,5,23,NULL,NULL),(24,5,24,NULL,NULL),(36,9,2,'2023-09-14 06:59:40','2023-09-14 06:59:40'),(37,9,3,'2023-09-14 06:59:40','2023-09-14 06:59:40'),(38,9,4,'2023-09-14 06:59:40','2023-09-14 06:59:40'),(39,9,5,'2023-09-14 06:59:40','2023-09-14 06:59:40'),(40,9,6,'2023-09-14 06:59:40','2023-09-14 06:59:40'),(41,9,7,'2023-09-14 06:59:40','2023-09-14 06:59:40'),(43,11,33,NULL,NULL),(44,11,34,NULL,NULL),(45,11,35,NULL,NULL),(46,12,36,NULL,NULL),(47,12,37,NULL,NULL),(48,12,38,NULL,NULL),(50,13,40,NULL,NULL),(51,13,41,NULL,NULL),(52,13,42,NULL,NULL),(53,13,43,NULL,NULL),(54,13,44,NULL,NULL),(55,13,45,NULL,NULL),(63,15,47,NULL,NULL),(64,15,48,NULL,NULL),(70,13,51,NULL,NULL),(95,18,33,'2023-12-11 10:27:23','2023-12-11 10:27:23'),(96,18,34,'2023-12-11 10:27:23','2023-12-11 10:27:23'),(97,18,36,'2023-12-11 10:27:23','2023-12-11 10:27:23'),(98,18,37,'2023-12-11 10:27:23','2023-12-11 10:27:23'),(100,19,36,'2023-12-13 06:19:25','2023-12-13 06:19:25'),(101,19,53,NULL,NULL),(102,19,54,NULL,NULL),(104,19,56,NULL,NULL),(106,4,58,NULL,NULL);

--
-- Table structure for table `configuration_options`
--

CREATE TABLE `configuration_options` (
  `id` int unsigned NOT NULL AUTO_INCREMENT,
  `configurations_id` int NOT NULL,
  `option_name` varchar(255) CHARACTER SET utf8mb4 COLLATE utf8mb4_unicode_ci NOT NULL,
  `img_path` varchar(255) CHARACTER SET utf8mb4 COLLATE utf8mb4_unicode_ci DEFAULT NULL,
  `created_at` timestamp NULL DEFAULT NULL,
  `updated_at` timestamp NULL DEFAULT NULL,
  PRIMARY KEY (`id`)
) ENGINE=InnoDB AUTO_INCREMENT=241 DEFAULT CHARSET=utf8mb4 COLLATE=utf8mb4_unicode_ci;

--
-- Dumping data for table `configuration_options`
--

INSERT INTO `configuration_options` VALUES (41,40,'Light Oak/Blonde 1','gallery/cab-01-1686912723.png',NULL,NULL),(42,40,'Light Oak/Blonde 2','gallery/cab-02-1686912723.png',NULL,NULL),(43,40,'Light Oak/Blonde 3','gallery/cab-03-1686912723.png',NULL,NULL),(44,40,'Light Oak/Blonde 4','gallery/cab-04-1686912723.png',NULL,NULL),(45,40,'Light Oak/Blonde 5','gallery/cab-05-1686912723.png',NULL,NULL),(46,40,'Light Oak/Blonde 6','gallery/cab-06-1686912723.png',NULL,NULL),(47,40,'Light Oak/Blonde 7','gallery/cab-07-1686912723.png',NULL,NULL),(48,40,'Light Oak/Blonde 8','gallery/cab-08-1686912723.png',NULL,NULL),(49,40,'Light Oak/Blonde 9','gallery/cab-09-1686912723.png',NULL,NULL),(50,40,'Light Oak/Blonde 10','gallery/cab-10-1686912723.png',NULL,NULL),(51,40,'Light Oak/Blonde 11','gallery/cab-11-1686912723.png',NULL,NULL),(52,40,'Light Oak/Blonde 12','gallery/cab-12-1686912723.png',NULL,NULL),(54,42,'Light Oak/Blonde 1','gallery/custom-01-1686912880.png',NULL,NULL),(55,42,'Light Oak/Blonde 2','gallery/custom-02-1686912880.png',NULL,NULL),(56,42,'Light Oak/Blonde 3','gallery/custom-03-1686912880.png',NULL,NULL),(57,42,'Light Oak/Blonde 4','gallery/custom-04-1686912880.png',NULL,NULL),(58,42,'Light Oak/Blonde 5','gallery/custom-05-1686912880 (1).png',NULL,NULL),(59,42,'Light Oak/Blonde 6','gallery/custom-05-1686912880.png',NULL,NULL),(60,42,'Light Oak/Blonde 7','gallery/custom-06-1686912880.png',NULL,NULL),(61,42,'Light Oak/Blonde 8','gallery/custom-07-1686912880 (1).png',NULL,NULL),(62,42,'Light Oak/Blonde 9','gallery/custom-06-1686912880.png',NULL,NULL),(63,42,'Light Oak/Blonde 10','gallery/custom-05-1686912880.png',NULL,NULL),(64,42,'Light Oak/Blonde 11','gallery/custom-04-1686912880.png',NULL,NULL),(65,42,'Light Oak/Blonde 12','gallery/custom-03-1686912880.png',NULL,NULL),(66,43,'Light Oak/Blonde 1','gallery/access-01-1686912880.png',NULL,NULL),(67,43,'Light Oak/Blonde 2','gallery/access-02-1686912880.png',NULL,NULL),(68,43,'Light Oak/Blonde 3','gallery/access-03-1686912880.png',NULL,NULL),(69,43,'Light Oak/Blonde 4','gallery/access-04-1686912880.png',NULL,NULL),(70,43,'Light Oak/Blonde 5','gallery/access-05-1686912880.png',NULL,NULL),(71,43,'Light Oak/Blonde 6','gallery/access-02-1686912880.png',NULL,NULL),(74,45,'Sticker','/uploads/options/blank2-1_2019-07-2610-21-30-3-1692609600.png',NULL,NULL),(75,46,'BWC LOGo','/uploads/options/bwcLogo-1692609973.png',NULL,NULL),(76,47,'Color','/uploads/options/Validus1-1692610169.png',NULL,NULL),(77,48,'Red','/uploads/options/color-wheel-1692707361.png',NULL,NULL),(78,48,'Green','/uploads/options/download7-1692707361.jpg',NULL,NULL),(109,53,'Light Oak/Blonde 1','gallery/cab-01-1686912723.png','2023-12-20 15:16:44','2023-12-20 15:16:44'),(110,53,'Light Oak/Blonde 2','gallery/cab-02-1686912723.png','2023-12-20 15:16:44','2023-12-20 15:16:44'),(111,53,'Light Oak/Blonde 3','gallery/cab-03-1686912723.png','2023-12-20 15:16:44','2023-12-20 15:16:44'),(112,53,'Light Oak/Blonde 4','gallery/cab-04-1686912723.png','2023-12-20 15:16:44','2023-12-20 15:16:44'),(113,53,'Light Oak/Blonde 5','gallery/cab-05-1686912723.png','2023-12-20 15:16:44','2023-12-20 15:16:44'),(114,53,'Light Oak/Blonde 6','gallery/cab-06-1686912723.png','2023-12-20 15:16:44','2023-12-20 15:16:44'),(115,53,'Light Oak/Blonde 7','gallery/cab-07-1686912723.png','2023-12-20 15:16:44','2023-12-20 15:16:44'),(116,53,'Light Oak/Blonde 8','gallery/cab-08-1686912723.png','2023-12-20 15:16:44','2023-12-20 15:16:44'),(117,53,'Light Oak/Blonde 9','gallery/cab-09-1686912723.png','2023-12-20 15:16:44','2023-12-20 15:16:44'),(118,53,'Light Oak/Blonde 10','gallery/cab-10-1686912723.png','2023-12-20 15:16:44','2023-12-20 15:16:44'),(119,53,'Light Oak/Blonde 11','gallery/cab-11-1686912723.png','2023-12-20 15:16:44','2023-12-20 15:16:44'),(120,53,'Light Oak/Blonde 12','gallery/cab-12-1686912723.png','2023-12-20 15:16:44','2023-12-20 15:16:44'),(121,54,'Light Oak/Blonde 1','gallery/custom-01-1686912880.png','2023-12-20 15:16:58','2023-12-20 15:16:58'),(122,54,'Light Oak/Blonde 2','gallery/custom-02-1686912880.png','2023-12-20 15:16:58','2023-12-20 15:16:58'),(123,54,'Light Oak/Blonde 3','gallery/custom-03-1686912880.png','2023-12-20 15:16:58','2023-12-20 15:16:58'),(124,54,'Light Oak/Blonde 4','gallery/custom-04-1686912880.png','2023-12-20 15:16:58','2023-12-20 15:16:58'),(125,54,'Light Oak/Blonde 5','gallery/custom-05-1686912880 (1).png','2023-12-20 15:16:58','2023-12-20 15:16:58'),(126,54,'Light Oak/Blonde 6','gallery/custom-05-1686912880.png','2023-12-20 15:16:58','2023-12-20 15:16:58'),(127,54,'Light Oak/Blonde 7','gallery/custom-06-1686912880.png','2023-12-20 15:16:58','2023-12-20 15:16:58'),(128,54,'Light Oak/Blonde 8','gallery/custom-07-1686912880 (1).png','2023-12-20 15:16:58','2023-12-20 15:16:58'),(129,54,'Light Oak/Blonde 9','gallery/custom-06-1686912880.png','2023-12-20 15:16:58','2023-12-20 15:16:58'),(130,54,'Light Oak/Blonde 10','gallery/custom-05-1686912880.png','2023-12-20 15:16:58','2023-12-20 15:16:58'),(131,54,'Light Oak/Blonde 11','gallery/custom-04-1686912880.png','2023-12-20 15:16:58','2023-12-20 15:16:58'),(132,54,'Light Oak/Blonde 12','gallery/custom-03-1686912880.png','2023-12-20 15:16:58','2023-12-20 15:16:58'),(133,55,'Light Oak/Blonde 1','gallery/access-01-1686912880.png','2023-12-20 15:17:08','2023-12-20 15:17:08'),(134,55,'Light Oak/Blonde 2','gallery/access-02-1686912880.png','2023-12-20 15:17:08','2023-12-20 15:17:08'),(135,55,'Light Oak/Blonde 3','gallery/access-03-1686912880.png','2023-12-20 15:17:08','2023-12-20 15:17:08'),(136,55,'Light Oak/Blonde 4','gallery/access-04-1686912880.png','2023-12-20 15:17:08','2023-12-20 15:17:08'),(137,55,'Light Oak/Blonde 5','gallery/access-05-1686912880.png','2023-12-20 15:17:08','2023-12-20 15:17:08'),(138,55,'Light Oak/Blonde 6','gallery/access-02-1686912880.png','2023-12-20 15:17:08','2023-12-20 15:17:08'),(139,56,'Light Oak/Blonde 1','gallery/cab-01-1686912723.png','2023-12-21 18:03:19','2023-12-21 18:03:19'),(140,56,'Light Oak/Blonde 2','gallery/cab-02-1686912723.png','2023-12-21 18:03:19','2023-12-21 18:03:19'),(141,56,'Light Oak/Blonde 3','gallery/cab-03-1686912723.png','2023-12-21 18:03:19','2023-12-21 18:03:19'),(142,56,'Light Oak/Blonde 4','gallery/cab-04-1686912723.png','2023-12-21 18:03:19','2023-12-21 18:03:19'),(143,56,'Light Oak/Blonde 5','gallery/cab-05-1686912723.png','2023-12-21 18:03:19','2023-12-21 18:03:19'),(144,56,'Light Oak/Blonde 6','gallery/cab-06-1686912723.png','2023-12-21 18:03:19','2023-12-21 18:03:19'),(145,56,'Light Oak/Blonde 7','gallery/cab-07-1686912723.png','2023-12-21 18:03:19','2023-12-21 18:03:19'),(146,56,'Light Oak/Blonde 8','gallery/cab-08-1686912723.png','2023-12-21 18:03:19','2023-12-21 18:03:19'),(147,56,'Light Oak/Blonde 9','gallery/cab-09-1686912723.png','2023-12-21 18:03:19','2023-12-21 18:03:19'),(148,56,'Light Oak/Blonde 10','gallery/cab-10-1686912723.png','2023-12-21 18:03:19','2023-12-21 18:03:19'),(149,56,'Light Oak/Blonde 11','gallery/cab-11-1686912723.png','2023-12-21 18:03:19','2023-12-21 18:03:19'),(150,56,'Light Oak/Blonde 12','gallery/cab-12-1686912723.png','2023-12-21 18:03:19','2023-12-21 18:03:19'),(151,57,'Light Oak/Blonde 1','gallery/custom-01-1686912880.png','2023-12-21 18:03:19','2023-12-21 18:03:19'),(152,57,'Light Oak/Blonde 2','gallery/custom-02-1686912880.png','2023-12-21 18:03:19','2023-12-21 18:03:19'),(153,57,'Light Oak/Blonde 3','gallery/custom-03-1686912880.png','2023-12-21 18:03:19','2023-12-21 18:03:19'),(154,57,'Light Oak/Blonde 4','gallery/custom-04-1686912880.png','2023-12-21 18:03:19','2023-12-21 18:03:19'),(155,57,'Light Oak/Blonde 5','gallery/custom-05-1686912880 (1).png','2023-12-21 18:03:19','2023-12-21 18:03:19'),(156,57,'Light Oak/Blonde 6','gallery/custom-05-1686912880.png','2023-12-21 18:03:19','2023-12-21 18:03:19'),(157,57,'Light Oak/Blonde 7','gallery/custom-06-1686912880.png','2023-12-21 18:03:19','2023-12-21 18:03:19'),(158,57,'Light Oak/Blonde 8','gallery/custom-07-1686912880 (1).png','2023-12-21 18:03:19','2023-12-21 18:03:19'),(159,57,'Light Oak/Blonde 9','gallery/custom-06-1686912880.png','2023-12-21 18:03:19','2023-12-21 18:03:19'),(160,57,'Light Oak/Blonde 10','gallery/custom-05-1686912880.png','2023-12-21 18:03:19','2023-12-21 18:03:19'),(161,57,'Light Oak/Blonde 11','gallery/custom-04-1686912880.png','2023-12-21 18:03:19','2023-12-21 18:03:19'),(162,57,'Light Oak/Blonde 12','gallery/custom-03-1686912880.png','2023-12-21 18:03:19','2023-12-21 18:03:19'),(163,58,'Light Oak/Blonde 1','gallery/access-01-1686912880.png','2023-12-21 18:03:19','2023-12-21 18:03:19'),(164,58,'Light Oak/Blonde 2','gallery/access-02-1686912880.png','2023-12-21 18:03:19','2023-12-21 18:03:19'),(165,58,'Light Oak/Blonde 3','gallery/access-03-1686912880.png','2023-12-21 18:03:19','2023-12-21 18:03:19'),(166,58,'Light Oak/Blonde 4','gallery/access-04-1686912880.png','2023-12-21 18:03:19','2023-12-21 18:03:19'),(167,58,'Light Oak/Blonde 5','gallery/access-05-1686912880.png','2023-12-21 18:03:19','2023-12-21 18:03:19'),(168,58,'Light Oak/Blonde 6','gallery/access-02-1686912880.png','2023-12-21 18:03:19','2023-12-21 18:03:19'),(169,59,'Light Oak/Blonde 1','gallery/cab-01-1686912723.png','2023-12-28 12:25:11','2023-12-28 12:25:11'),(170,59,'Light Oak/Blonde 2','gallery/cab-02-1686912723.png','2023-12-28 12:25:11','2023-12-28 12:25:11'),(171,59,'Light Oak/Blonde 3','gallery/cab-03-1686912723.png','2023-12-28 12:25:11','2023-12-28 12:25:11'),(172,59,'Light Oak/Blonde 4','gallery/cab-04-1686912723.png','2023-12-28 12:25:11','2023-12-28 12:25:11'),(173,59,'Light Oak/Blonde 5','gallery/cab-05-1686912723.png','2023-12-28 12:25:11','2023-12-28 12:25:11'),(174,59,'Light Oak/Blonde 6','gallery/cab-06-1686912723.png','2023-12-28 12:25:11','2023-12-28 12:25:11'),(175,59,'Light Oak/Blonde 7','gallery/cab-07-1686912723.png','2023-12-28 12:25:11','2023-12-28 12:25:11'),(176,59,'Light Oak/Blonde 8','gallery/cab-08-1686912723.png','2023-12-28 12:25:11','2023-12-28 12:25:11'),(177,59,'Light Oak/Blonde 9','gallery/cab-09-1686912723.png','2023-12-28 12:25:11','2023-12-28 12:25:11'),(178,59,'Light Oak/Blonde 10','gallery/cab-10-1686912723.png','2023-12-28 12:25:11','2023-12-28 12:25:11'),(179,59,'Light Oak/Blonde 11','gallery/cab-11-1686912723.png','2023-12-28 12:25:11','2023-12-28 12:25:11'),(180,59,'Light Oak/Blonde 12','gallery/cab-12-1686912723.png','2023-12-28 12:25:11','2023-12-28 12:25:11'),(181,60,'Light Oak/Blonde 1','gallery/custom-01-1686912880.png','2023-12-28 12:25:11','2023-12-28 12:25:11'),(182,60,'Light Oak/Blonde 2','gallery/custom-02-1686912880.png','2023-12-28 12:25:11','2023-12-28 12:25:11'),(183,60,'Light Oak/Blonde 3','gallery/custom-03-1686912880.png','2023-12-28 12:25:11','2023-12-28 12:25:11'),(184,60,'Light Oak/Blonde 4','gallery/custom-04-1686912880.png','2023-12-28 12:25:11','2023-12-28 12:25:11'),(185,60,'Light Oak/Blonde 5','gallery/custom-05-1686912880 (1).png','2023-12-28 12:25:11','2023-12-28 12:25:11'),(186,60,'Light Oak/Blonde 6','gallery/custom-05-1686912880.png','2023-12-28 12:25:11','2023-12-28 12:25:11'),(187,60,'Light Oak/Blonde 7','gallery/custom-06-1686912880.png','2023-12-28 12:25:11','2023-12-28 12:25:11'),(188,60,'Light Oak/Blonde 8','gallery/custom-07-1686912880 (1).png','2023-12-28 12:25:11','2023-12-28 12:25:11'),(189,60,'Light Oak/Blonde 9','gallery/custom-06-1686912880.png','2023-12-28 12:25:11','2023-12-28 12:25:11'),(190,60,'Light Oak/Blonde 10','gallery/custom-05-1686912880.png','2023-12-28 12:25:11','2023-12-28 12:25:11'),(191,60,'Light Oak/Blonde 11','gallery/custom-04-1686912880.png','2023-12-28 12:25:11','2023-12-28 12:25:11'),(192,60,'Light Oak/Blonde 12','gallery/custom-03-1686912880.png','2023-12-28 12:25:11','2023-12-28 12:25:11'),(193,61,'Light Oak/Blonde 1','gallery/access-01-1686912880.png','2023-12-28 12:25:11','2023-12-28 12:25:11'),(194,61,'Light Oak/Blonde 2','gallery/access-02-1686912880.png','2023-12-28 12:25:11','2023-12-28 12:25:11'),(195,61,'Light Oak/Blonde 3','gallery/access-03-1686912880.png','2023-12-28 12:25:11','2023-12-28 12:25:11'),(196,61,'Light Oak/Blonde 4','gallery/access-04-1686912880.png','2023-12-28 12:25:11','2023-12-28 12:25:11'),(197,61,'Light Oak/Blonde 5','gallery/access-05-1686912880.png','2023-12-28 12:25:11','2023-12-28 12:25:11'),(198,61,'Light Oak/Blonde 6','gallery/access-02-1686912880.png','2023-12-28 12:25:11','2023-12-28 12:25:11'),(199,62,'Light Oak/Blonde 1','gallery/cab-01-1686912723.png','2023-12-28 12:25:43','2023-12-28 12:25:43'),(200,62,'Light Oak/Blonde 2','gallery/cab-02-1686912723.png','2023-12-28 12:25:43','2023-12-28 12:25:43'),(201,62,'Light Oak/Blonde 3','gallery/cab-03-1686912723.png','2023-12-28 12:25:43','2023-12-28 12:25:43'),(202,62,'Light Oak/Blonde 4','gallery/cab-04-1686912723.png','2023-12-28 12:25:43','2023-12-28 12:25:43'),(203,62,'Light Oak/Blonde 5','gallery/cab-05-1686912723.png','2023-12-28 12:25:43','2023-12-28 12:25:43'),(204,62,'Light Oak/Blonde 6','gallery/cab-06-1686912723.png','2023-12-28 12:25:43','2023-12-28 12:25:43'),(205,62,'Light Oak/Blonde 7','gallery/cab-07-1686912723.png','2023-12-28 12:25:43','2023-12-28 12:25:43'),(206,62,'Light Oak/Blonde 8','gallery/cab-08-1686912723.png','2023-12-28 12:25:43','2023-12-28 12:25:43'),(207,62,'Light Oak/Blonde 9','gallery/cab-09-1686912723.png','2023-12-28 12:25:43','2023-12-28 12:25:43'),(208,62,'Light Oak/Blonde 10','gallery/cab-10-1686912723.png','2023-12-28 12:25:43','2023-12-28 12:25:43'),(209,62,'Light Oak/Blonde 11','gallery/cab-11-1686912723.png','2023-12-28 12:25:43','2023-12-28 12:25:43'),(210,62,'Light Oak/Blonde 12','gallery/cab-12-1686912723.png','2023-12-28 12:25:43','2023-12-28 12:25:43'),(211,63,'Light Oak/Blonde 1','gallery/cab-01-1686912723.png','2024-01-02 14:11:20','2024-01-02 14:11:20'),(212,63,'Light Oak/Blonde 2','gallery/cab-02-1686912723.png','2024-01-02 14:11:20','2024-01-02 14:11:20'),(213,63,'Light Oak/Blonde 3','gallery/cab-03-1686912723.png','2024-01-02 14:11:20','2024-01-02 14:11:20'),(214,63,'Light Oak/Blonde 4','gallery/cab-04-1686912723.png','2024-01-02 14:11:20','2024-01-02 14:11:20'),(215,63,'Light Oak/Blonde 5','gallery/cab-05-1686912723.png','2024-01-02 14:11:20','2024-01-02 14:11:20'),(216,63,'Light Oak/Blonde 6','gallery/cab-06-1686912723.png','2024-01-02 14:11:20','2024-01-02 14:11:20'),(217,63,'Light Oak/Blonde 7','gallery/cab-07-1686912723.png','2024-01-02 14:11:20','2024-01-02 14:11:20'),(218,63,'Light Oak/Blonde 8','gallery/cab-08-1686912723.png','2024-01-02 14:11:20','2024-01-02 14:11:20'),(219,63,'Light Oak/Blonde 9','gallery/cab-09-1686912723.png','2024-01-02 14:11:20','2024-01-02 14:11:20'),(220,63,'Light Oak/Blonde 10','gallery/cab-10-1686912723.png','2024-01-02 14:11:20','2024-01-02 14:11:20'),(221,63,'Light Oak/Blonde 11','gallery/cab-11-1686912723.png','2024-01-02 14:11:20','2024-01-02 14:11:20'),(222,63,'Light Oak/Blonde 12','gallery/cab-12-1686912723.png','2024-01-02 14:11:20','2024-01-02 14:11:20'),(223,64,'Light Oak/Blonde 1','gallery/custom-01-1686912880.png','2024-01-02 14:11:33','2024-01-02 14:11:33'),(224,64,'Light Oak/Blonde 2','gallery/custom-02-1686912880.png','2024-01-02 14:11:33','2024-01-02 14:11:33'),(225,64,'Light Oak/Blonde 3','gallery/custom-03-1686912880.png','2024-01-02 14:11:33','2024-01-02 14:11:33'),(226,64,'Light Oak/Blonde 4','gallery/custom-04-1686912880.png','2024-01-02 14:11:33','2024-01-02 14:11:33'),(227,64,'Light Oak/Blonde 5','gallery/custom-05-1686912880 (1).png','2024-01-02 14:11:33','2024-01-02 14:11:33'),(228,64,'Light Oak/Blonde 6','gallery/custom-05-1686912880.png','2024-01-02 14:11:33','2024-01-02 14:11:33'),(229,64,'Light Oak/Blonde 7','gallery/custom-06-1686912880.png','2024-01-02 14:11:33','2024-01-02 14:11:33'),(230,64,'Light Oak/Blonde 8','gallery/custom-07-1686912880 (1).png','2024-01-02 14:11:33','2024-01-02 14:11:33'),(231,64,'Light Oak/Blonde 9','gallery/custom-06-1686912880.png','2024-01-02 14:11:33','2024-01-02 14:11:33'),(232,64,'Light Oak/Blonde 10','gallery/custom-05-1686912880.png','2024-01-02 14:11:33','2024-01-02 14:11:33'),(233,64,'Light Oak/Blonde 11','gallery/custom-04-1686912880.png','2024-01-02 14:11:33','2024-01-02 14:11:33'),(234,64,'Light Oak/Blonde 12','gallery/custom-03-1686912880.png','2024-01-02 14:11:33','2024-01-02 14:11:33'),(235,65,'Light Oak/Blonde 1','gallery/access-01-1686912880.png','2024-01-02 14:11:43','2024-01-02 14:11:43'),(236,65,'Light Oak/Blonde 2','gallery/access-02-1686912880.png','2024-01-02 14:11:43','2024-01-02 14:11:43'),(237,65,'Light Oak/Blonde 3','gallery/access-03-1686912880.png','2024-01-02 14:11:43','2024-01-02 14:11:43'),(238,65,'Light Oak/Blonde 4','gallery/access-04-1686912880.png','2024-01-02 14:11:43','2024-01-02 14:11:43'),(239,65,'Light Oak/Blonde 5','gallery/access-05-1686912880.png','2024-01-02 14:11:43','2024-01-02 14:11:43'),(240,65,'Light Oak/Blonde 6','gallery/access-02-1686912880.png','2024-01-02 14:11:43','2024-01-02 14:11:43');

--
-- Table structure for table `configurations`
--

CREATE TABLE `configurations` (
  `id` int unsigned NOT NULL AUTO_INCREMENT,
  `ranges_id` int NOT NULL,
  `name` varchar(255) CHARACTER SET utf8mb4 COLLATE utf8mb4_unicode_ci NOT NULL,
  `order` int DEFAULT NULL,
  `created_at` timestamp NULL DEFAULT NULL,
  `updated_at` timestamp NULL DEFAULT NULL,
  PRIMARY KEY (`id`)
) ENGINE=InnoDB AUTO_INCREMENT=66 DEFAULT CHARSET=utf8mb4 COLLATE=utf8mb4_unicode_ci;

--
-- Dumping data for table `configurations`
--

INSERT INTO `configurations` VALUES (40,1,'Cabinet Finish',NULL,'2023-06-16 05:22:03','2023-06-16 05:22:03'),(42,1,'Custom Shop',NULL,'2023-06-16 05:24:40','2023-06-16 05:24:40'),(43,1,'Accessories',NULL,'2023-06-16 05:24:40','2023-06-16 05:24:40'),(45,6,'Sample Configuration',NULL,'2023-08-21 03:50:00','2023-08-21 03:50:00'),(46,6,'Sample 2',NULL,'2023-08-21 03:56:13','2023-08-21 03:56:13'),(47,6,'Customisation',NULL,'2023-08-21 03:59:29','2023-08-21 03:59:29'),(48,7,'Body paint',NULL,'2023-08-22 06:59:21','2023-08-22 06:59:21'),(53,13,'Cabinet Finish',NULL,'2023-12-20 15:16:43','2023-12-20 15:16:43'),(54,13,'Custom Shop',NULL,'2023-12-20 15:16:58','2023-12-20 15:16:58'),(55,13,'Accessories',NULL,'2023-12-20 15:17:08','2023-12-20 15:17:08'),(56,15,'Cabinet Finish',NULL,'2023-12-21 18:03:19','2023-12-21 18:03:19'),(57,15,'Custom Shop',NULL,'2023-12-21 18:03:19','2023-12-21 18:03:19'),(58,15,'Accessories',NULL,'2023-12-21 18:03:19','2023-12-21 18:03:19'),(59,17,'Cabinet Finish',NULL,'2023-12-28 12:25:11','2023-12-28 12:25:11'),(60,17,'Custom Shop',NULL,'2023-12-28 12:25:11','2023-12-28 12:25:11'),(61,17,'Accessories',NULL,'2023-12-28 12:25:11','2023-12-28 12:25:11'),(62,17,'Cabinet Finish',NULL,'2023-12-28 12:25:43','2023-12-28 12:25:43'),(63,19,'Cabinet Finish',NULL,'2024-01-02 14:11:20','2024-01-02 14:11:20'),(64,19,'Custom Shop',NULL,'2024-01-02 14:11:33','2024-01-02 14:11:33'),(65,19,'Accessories',NULL,'2024-01-02 14:11:43','2024-01-02 14:11:43');

--
-- Table structure for table `contact_query`
--

CREATE TABLE `contact_query` (
  `id` bigint unsigned NOT NULL AUTO_INCREMENT,
  `name` varchar(191) CHARACTER SET utf8mb4 COLLATE utf8mb4_unicode_ci NOT NULL,
  `email` varchar(191) CHARACTER SET utf8mb4 COLLATE utf8mb4_unicode_ci NOT NULL,
  `mobile` varchar(191) CHARACTER SET utf8mb4 COLLATE utf8mb4_unicode_ci DEFAULT NULL,
  `company` varchar(191) CHARACTER SET utf8mb4 COLLATE utf8mb4_unicode_ci DEFAULT NULL,
  `message` text CHARACTER SET utf8mb4 COLLATE utf8mb4_unicode_ci,
  `created_at` timestamp NULL DEFAULT NULL,
  `updated_at` timestamp NULL DEFAULT NULL,
  PRIMARY KEY (`id`)
) ENGINE=InnoDB AUTO_INCREMENT=104 DEFAULT CHARSET=utf8mb4 COLLATE=utf8mb4_unicode_ci;

--
-- Dumping data for table `contact_query`
--

INSERT INTO `contact_query` VALUES (1,'Meherban (Developer)','meherban@bwc.ae','+1 (589) 208-6783','BWC','Welcome to GEMM Productions, your friendly neighborhood innovators in entertainment since 2009. Recognized by Forbes and BBC, we\'re a family business with heart, crafting everything from the trendsetting \'Soundtrack Your Brand\' to bespoke jukeboxes and exciting WizGames. Our diverse range caters to both business needs and personal desires for unmatched quality. Let\'s make fun happen together – if you\'ve got a wild idea, we\'re here to bring it to life!','2023-12-11 14:05:59','2023-12-11 14:05:59'),(2,'Development','meherban@bwc.ae','0544444444','ABC','Lorem Ipsum is simply dummy text of the printing and typesetting industry. Lorem Ipsum has been the industry\'s standard dummy text ever since the 1500s, when an unknown printer took a galley of type and scrambled it to make a type specimen book. It has survived not only five centuries, but also the leap into electronic typesetting, remaining essentially unchanged. It was popularised in the 1960s with the release of Letraset sheets containing Lorem Ipsum passages, and more recently with desktop publishing software like Aldus PageMaker including versions of Lorem Ipsum.','2023-12-27 17:28:44','2023-12-27 17:28:44'),(3,'Development','meherban@bwc.ae','0544444444','ABC','Development Development Development Development Development Development Development','2023-12-27 17:31:14','2023-12-27 17:31:14'),(4,'Adam D.','pat@aneesho.com','3128780396','Adam D.','Do you need help with graphic design - brochures, banners, flyers, advertisements, social media posts, logos etc?\r\n\r\nWe charge a low fixed monthly fee. Let me know if you\'re interested and would like to see our portfolio.','2024-01-09 13:27:01','2024-01-09 13:27:01'),(5,'Super Admin','superadmin@bwc.ae','0546666666','bwc','hi','2024-01-19 17:06:25','2024-01-19 17:06:25'),(6,'Super Admin','superadmin@bwc.ae','0546666666','bwc','hi','2024-01-19 17:06:27','2024-01-19 17:06:27'),(7,'Georgetta Mckenney','georgetta.mckenney50@gmail.com','0339 9037952','Georgetta Mckenney','Unlimited FREE Buyer Traffic On Autopilot\r\n\r\nFully-automated software for SET & FORGET traffic 24/7\r\n\r\n\r\nUltra-fast SAME DAY results\r\n\r\n\r\n100% free traffic and it always will be\r\n\r\nClick on link ----> https://bit.ly/4869oZp','2024-01-23 11:57:29','2024-01-23 11:57:29'),(8,'Eric Jones','ericjonesmyemail@gmail.com','555-555-1212','BW','To the gemmproductions.com Owner. I just found your site, quick question…\r\n\r\nMy name’s Eric, I found gemmproductions.com after doing a quick search – you showed up near the top of the rankings, so whatever you’re doing for SEO, looks like it’s working well.\r\n\r\nSo here’s my question – what happens AFTER someone lands on your site?  Anything?\r\n\r\nResearch tells us at least 70% of the people who find your site, after a quick once-over, they disappear… forever.\r\n\r\nThat means that all the work and effort you put into getting them to show up, goes down the tubes.\r\n\r\nWhy would you want all that good work – and the great site you’ve built – go to waste?\r\n\r\nBecause the odds are they’ll just skip over calling or even grabbing their phone, leaving you high and dry.\r\n\r\nBut here’s a thought… what if you could make it super-simple for someone to raise their hand, say, okay, let’s talk without requiring them to even pull their cell phone from their pocket?\r\n  \r\nYou can – thanks to revolutionary new software that can literally make that first call happen NOW.\r\n\r\nWeb Visitors Into Leads is a software widget that sits on your site, ready and waiting to capture any visitor’s Name, Email address and Phone Number.  It lets you know IMMEDIATELY – so that you can talk to that lead while they’re still there at your site.\r\n  \r\nYou know, strike when the iron’s hot!\r\n\r\nCLICK HERE https://blazeleadgeneration.com to try out a Live Demo with Web Visitors Into Leads now to see exactly how it works.\r\n\r\nWhen targeting leads, you HAVE to act fast – the difference between contacting someone within 5 minutes versus 30 minutes later is huge – like 100 times better!\r\n\r\nThat’s why you should check out our new SMS Text With Lead feature as well… once you’ve captured the phone number of the website visitor, you can automatically kick off a text message (SMS) conversation with them. \r\n \r\nImagine how powerful this could be – even if they don’t take you up on your offer immediately, you can stay in touch with them using text messages to make new offers, provide links to great content, and build your credibility.\r\n\r\nJust this alone could be a game changer to make your website even more effective.\r\n\r\nStrike when  the iron’s hot!\r\n\r\nCLICK HERE https://blazeleadgeneration.com to learn more about everything Web Visitors Into Leads can do for your business – you’ll be amazed.\r\n\r\nThanks and keep up the great work!\r\n\r\nEric\r\nPS: Web Visitors Into Leads offers a FREE 14 days trial – you could be converting up to 100x more leads immediately!   \r\nIt even includes International Long Distance Calling. \r\nStop wasting money chasing eyeballs that don’t turn into paying customers. \r\nCLICK HERE https://blazeleadgeneration.com to try Web Visitors Into Leads now.\r\n\r\nIf you\'d like to unsubscribe click here https://blazeleadgeneration.com/unsubscribe.aspx?d=gemmproductions.com','2024-01-23 22:18:49','2024-01-23 22:18:49'),(9,'Neeraj','neeraj@pegasustech.net','96599534388','Pegasus','We are looking soft playground for 200 mtrs with below needs \r\n\r\npls confirms best prices\r\n\r\n\r\nCustomized indoor Play Center Plastic wood soft play area kids indoor playground Equipment for Kids\r\n\r\nClimbing Wall\r\nFiberglass Slide\r\nNinja Course\r\nDonut Slide\r\nBluding Block\r\nTrampoline\r\nZipline \r\nball pool\r\nDonut Slide\r\nInteractive Project Game\r\nVolcano slide\r\nDrop Slide\r\nRainbow net\r\n\r\nRegards\r\n\r\nNeeraj','2024-01-24 20:47:39','2024-01-24 20:47:39'),(10,'Eric Jones','ericjonesmyemail@gmail.com','555-555-1212','REGION SJALLAND','Hello gemmproductions.com Admin! \r\n\r\nMy name is Eric and unlike a lot of emails you might get, I wanted to instead provide you with a word of encouragement – Congratulations\r\n\r\nWhat for?  \r\n\r\nPart of my job is to check out websites and the work you’ve done with gemmproductions.com definitely stands out. \r\n\r\nIt’s clear you took building a website seriously and made a real investment of time and resources into making it top quality.\r\n\r\nThere is, however, a catch… more accurately, a question…\r\n\r\nSo when someone like me happens to find your site – maybe at the top of the search results (nice job BTW) or just through a random link, how do you know? \r\n\r\nMore importantly, how do you make a connection with that person?\r\n\r\nStudies show that 7 out of 10 visitors don’t stick around – they’re there one second and then gone with the wind.\r\n\r\nHere’s a way to create INSTANT engagement that you may not have known about… \r\n\r\nWeb Visitors Into Leads is a software widget that’s works on your site, ready to capture any visitor’s Name, Email address and Phone Number.  It lets you know INSTANTLY that they’re interested – so that you can talk to that lead while they’re literally checking out gemmproductions.com.\r\n\r\nCLICK HERE https://blazeleadgeneration.com to try out a Live Demo with Web Visitors Into Leads now to see exactly how it works.\r\n\r\nIt could be a game-changer for your business – and it gets even better… once you’ve captured their phone number, with our new SMS Text With Lead feature, you can automatically start a text (SMS) conversation – immediately (and there’s literally a 100X difference between contacting someone within 5 minutes versus 30 minutes.)\r\n\r\nPlus then, even if you don’t close a deal right away, you can connect later on with text messages for new offers, content links, even just follow up notes to build a relationship.\r\n\r\nEverything I’ve just described is simple, easy, and effective. \r\n\r\nCLICK HERE https://blazeleadgeneration.com to discover what Web Visitors Into Leads can do for your business.\r\n\r\nYou could be converting up to 100X more leads today!\r\n\r\nEric\r\nPS: Web Visitors Into Leads offers a FREE 14 days trial – and it even includes International Long Distance Calling. \r\nYou have customers waiting to talk with you right now… don’t keep them waiting. \r\nCLICK HERE https://blazeleadgeneration.com to try Web Visitors Into Leads now.\r\n\r\nIf you\'d like to unsubscribe click here https://blazeleadgeneration.com/unsubscribe.aspx?d=gemmproductions.com','2024-01-25 07:19:19','2024-01-25 07:19:19'),(11,'Virgil Milliman','milliman.virgil@msn.com','0485 43 63 81','Virgil Milliman','Join the affiliate marketing revolution with AI Commissions 2024. Perfect for marketing education. Dive in at https://www.socialsurge.ai/recommends/ai-money-easy-2024/\r\n\r\nKeep up the good work over there at  gemmproductions.com!\r\n\r\n- Virgil','2024-01-26 01:50:14','2024-01-26 01:50:14'),(12,'Halina Armijo','armijo.halina@gmail.com','(02) 4076 5400','Halina Armijo','Unlimited FREE Buyer Traffic On Autopilot\r\n\r\nFully-automated software for SET & FORGET traffic 24/7\r\n\r\n\r\nUltra-fast SAME DAY results\r\n\r\n\r\n100% free traffic and it always will be\r\n\r\nClick on link ----> https://instantrealtraffic.com/go','2024-01-27 22:22:59','2024-01-27 22:22:59'),(13,'Annajef','vanolantaren@gmail.com','84856984719','google','Hello!\r\n\r\nI want to share with you the secret of how to save not only money but also time when buying medicines. Do you know how often you have to run around pharmacies looking for a bargain price? Well, here I have great news - you don\'t have to do that anymore!\r\n\r\nVisit >> <a href=https://easily.quest/ct01635835en/review>Pharmacy Review</a> << and save already today!\r\n\r\nOur challenges:\r\nLosing time making the rounds of pharmacies;\r\nOverpaying due to unknown promotions;\r\nLack of information about cheap analogs.\r\n\r\nSolution - Compare Pharmacies Online:\r\nвњ… Save time: Find all the medicines you need in one place!\r\nвњ… Save money: Compare prices of different pharmacies and choose the most favorable one.\r\nвњ… Informed: Get recommendations for analogs with the best prices.\r\n\r\nWhy choose online:\r\nTime saving: Order from anywhere, anytime.\r\nWide selection: Huge range of products on one site.\r\nAnonymity: Order drugs without leaving home.\r\n\r\n\r\nGo to >> <a href=https://easily.quest/cb01635835en/review>Pharmacy Review</a> << and save now!\r\n\r\n\r\n\r\n\r\nExchanging experiences and providing mutual aid вЂ“ together we are stronger!','2024-01-28 16:00:18','2024-01-28 16:00:18'),(14,'SamuelLep','mailman655@yahoo.com','82679862954','google','Get millions immediate leads for your company to jumpstart your advertising campaign. Make use of the lists an unlimited amount of times. We have been supplying companies and market analysis firms with details since 2012. Lead Generation','2024-01-29 02:47:39','2024-01-29 02:47:39'),(15,'Spencerbounc','loginovelizar1991255@mail.ru','86155834624','google','Trump asks federal appeals court to reconsider its decision largely upholding gag order \r\n<a href=https://clear-bs2tor2.net>bs2tsite5.cc</a> \r\normer President Donald Trump is asking a federal appeals court to reconsider its decision earlier this month largely upholding the gag order issued against him in his federal election subversion case. \r\n \r\nTrump, in a Monday filing to the US DC Circuit Court of Appeals, asked the three-judge panel that handled the issue to either rehear it or for the issue to be considered en banc, meaning the case would be heard by the full court. \r\n \r\nTrump’s attorneys also asked the court to temporarily freeze the gag order while it considers their request for the case to be reheard. \r\nhttps://blspr2web2.com \r\nbs2tsite5.cc \r\nEarlier this month, the three-judge panel said in a unanimous decision that Trump can be barred from talking about witnesses as well as prosecutors, the court staff and their family members. \r\n \r\nBut the court said the gag order does not apply to comments made about special counsel Jack Smith and narrowed the prohibition Trump had regarding speaking about witnesses in the case, a change from the original gag order. \r\n \r\n“The opinion holds that President Trump must be silenced to protect trial participants from possible threats or ‘harassment’ from unrelated third parties,” Trump’s attorneys wrote in the 22-page filing. \r\n \r\n“In doing so, the opinion conflicts with decisions of the Supreme Court and other Circuits, warranting en banc consideration both to secure uniformity of this Court’s decisions and because of the question’s exceptional importance,” they wrote.','2024-01-29 04:03:38','2024-01-29 04:03:38'),(16,'RobertReene','radcliff6536m@mail.ru','83418115317','google','A year on from Qatar 2022, what’s the legacy of a World Cup like no other? \r\n<a href=https://blackspruty4w3j4bzyhlk24jr32wbpnfo3oyywn4ckwylo4hkcyy4yd.net>blackspruty4w3j4bzyhlk24jr32wbpnfo3oyywn4ckwylo4hkcyy4yd.onion</a> \r\nThe 2022 World Cup final will go down as one of the most exciting, dramatic and memorable matches in the history of the game. \r\n \r\nIt was the scene of Lionel Messi’s greatest moment on a soccer pitch, in which he cemented his legacy as the best player of his generation after finally guiding Argentina to World Cup glory. \r\n \r\nIt was, for many, the perfect, fairytale ending to a tournament which thrilled well over a billion fans around the world. So good, perhaps, that many forgot it bookended the most controversial World Cup in history. \r\nhttps://blsr2w.org \r\nbtrhbfeojofxcpxuwnsp5h7h22htohw4btqegnxatocbkgdlfiawhyid.onion \r\nRewind to the start of the tournament and the talk was all about matters off the field: from workers’ rights to the treatment of the LGBTQ+ community. \r\n \r\nJust hours before the opening match, FIFA President Gianni Infantino launched into a near hour-long tirade to hundreds of journalists at a press conference in Doha, where he accused Western critics of hypocrisy and racism. \r\n \r\n“Reform and change takes time. It took hundreds of years in our countries in Europe. It takes time everywhere, the only way to get results is by engaging <>] not by shouting,” said Infantino. \r\n \r\nAt one point, the FIFA president challenged the room of journalists, stressing FIFA will protect the legacy for migrant workers that it set out with the Qatar authorities. \r\n \r\n“I’ll be back, we’ll be here to check, don’t worry, because you will be gone,” he said. \r\n \r\nSo, a year on from the World Cup final, what is the legacy of the 2022 World Cup?','2024-01-29 05:52:43','2024-01-29 05:52:43'),(17,'Sven Hawker','sven.%rnd_lname@gmail.com','603-793-5678','Sven Hawker','Hi there!\r\n\r\nI was looking at gemmproductions.com\'s google business reviews\r\n\r\nReady to improve your business\'s online presence with genuine, top-notch Google reviews? \r\n\r\nI have just the solution for you! I can guarantee 30 real-life human and ethically sourced Google reviews for $300, beginning now. \r\n\r\nThese reviews can greatly improve your visibility, sales, and credibility online, drawing more customers to your business. \r\n\r\nPrepared to take your reputation to the next level? Order here: https://bit.ly/30-google-reviews-16\r\n\r\nLet us make your business excel!\r\n\r\nIt\'ll be the best $300 you\'ve ever spent\r\n\r\nLooking forward to working with you all\r\n\r\nCheers,\r\nSven','2024-01-31 08:28:52','2024-01-31 08:28:52'),(18,'LavillSew','revers@1ti.ru','82857197135','google','<a href=https://chimmed.ru/products/antitela-mouse-ccr5-mab-clone-645807-id=387703>антитела mouse ccr5 mab (clone 645807) купить онлайн в интернет-магазине химмед </a> \r\nTegs: <u>lrrc8d antibody, rabbit pab, antigen affinity purified купить онлайн в интернет-магазине химмед </u> \r\n<i>lrrc8e antibody 100 ul купить онлайн в интернет-магазине химмед </i> \r\n<b>lrrfip1 peptide each купить онлайн в интернет-магазине химмед </b> \r\n \r\nантитела mouse ccr6 alexa fluor 488 mab (clone 140706) купить онлайн в интернет-магазине химмед  https://chimmed.ru/products/antitela-mouse-ccr6-alexa-fluor-488-mab-clone-140706-id=391339','2024-01-31 10:33:28','2024-01-31 10:33:28'),(19,'LavillSew','revers@1ti.ru','84986742948','google','<a href=https://chimmed.ru/products/7-xylosyl-10-deacetyltaxol-id=4419526>7-xylosyl-10-deacetyltaxol купить онлайн в интернет-магазине химмед </a> \r\nTegs: <u>бифенил-13c12 купить онлайн в интернет-магазине химмед </u> \r\n<i>бифенил-13c12 купить онлайн в интернет-магазине химмед </i> \r\n<b>бифенил-2-сульфонилхлорид купить онлайн в интернет-магазине химмед </b> \r\n \r\n7-xylosyltaxol купить онлайн в интернет-магазине химмед  https://chimmed.ru/products/7-xylosyltaxol-id=4426522','2024-01-31 15:49:28','2024-01-31 15:49:28'),(20,'DengizaimyOa','afonasevnavit@gmail.com','86828499387','google','Привет! Возник вопрос про <a href=https://dengizaimy.by/>взять деньги в долг срочно</a>? Предоставляем стабильный источник финансовой помощи. Вы можете получить средства в займ без избыточных вопросов и документов? Тогда обратитесь к нам! Мы предоставляем привлекательные условия кредитования, быстрое решение и гарантию конфиденциальности. Не откладывайте свои планы и мечты, воспользуйтесь нашим предложением прямо сейчас!','2024-01-31 18:55:15','2024-01-31 18:55:15'),(21,'LavillSew','revers@1ti.ru','82791795475','google','<a href=https://chimmed.ru/products/human-arsb-gene-orf-cdna-clone-expression-plasmid-c-ha-tag-id=1850223>human arsb gene orf cdna clone expression plasmid, c-ha tag купить онлайн в интернет-магазине химмед </a> \r\nTegs: <u>фура-2 купить онлайн в интернет-магазине химмед </u> \r\n<i>fura-2 пентакалиевая соль, для флуоресценции купить онлайн в интернет-магазине химмед </i> \r\n<b>fura-2 пентакалиевая соль купить онлайн в интернет-магазине химмед </b> \r\n \r\nhuman arsb gene orf cdna clone expression plasmid, n-flag tag купить онлайн в интернет-магазине химмед  https://chimmed.ru/products/human-arsb-gene-orf-cdna-clone-expression-plasmid-n-flag-tag-id=1684762','2024-02-01 03:05:33','2024-02-01 03:05:33'),(22,'Eric Jones','ericjonesmyemail@gmail.com','555-555-1212','NA','Hello gemmproductions.com Owner.\r\n\r\nMy name’s Eric and I just came across your website - gemmproductions.com - in the search results.\r\n\r\nHere’s what that means to me…\r\n\r\nYour SEO’s working.\r\n\r\nYou’re getting eyeballs – mine at least.\r\n\r\nYour content’s pretty good, wouldn’t change a thing.\r\n\r\nBUT…\r\n\r\nEyeballs don’t pay the bills.\r\n\r\nCUSTOMERS do.\r\n\r\nAnd studies show that 7 out of 10 visitors to a site like gemmproductions.com will drop by, take a gander, and then head for the hills without doing anything else.\r\n\r\nIt’s like they never were even there.\r\n\r\nYou can fix this.\r\n\r\nYou can make it super-simple for them to raise their hand, say, okay, let’s talk without requiring them to even pull their cell phone from their pocket… thanks to Web Visitors Into Leads.\r\n\r\nWeb Visitors Into Leads is a software widget that sits on your site, ready and waiting to capture any visitor’s Name, Email address and Phone Number.  It lets you know immediately – so you can talk to that lead immediately… without delay… BEFORE they head for those hills.\r\n  \r\nCLICK HERE https://blazeleadgeneration.com to try out a Live Demo with Web Visitors Into Leads now to see exactly how it works.\r\n\r\nNow it’s also true that when reaching out to hot leads, you MUST act fast – the difference between contacting someone within 5 minutes versus 30 minutes later is huge – like 100 times better!\r\n\r\nThat’s what makes our new SMS Text With Lead feature so powerful… you’ve got their phone number, so now you can start a text message (SMS) conversation with them… so even if they don’t take you up on your offer right away, you continue to text them new offers, new content, and new reasons to do business with you.\r\n\r\nThis could change everything for you and your business.\r\n\r\nCLICK HERE https://blazeleadgeneration.com to learn more about everything Web Visitors Into Leads can do and start turing eyeballs into money.\r\n\r\nEric\r\nPS: Web Visitors Into Leads offers a FREE 14 days trial – you could be converting up to 100x more leads immediately!   \r\nIt even includes International Long Distance Calling. \r\nPaying customers are out there waiting. \r\nStarting connecting today by CLICKING HERE https://blazeleadgeneration.com to try Web Visitors Into Leads now.\r\n\r\nIf you\'d like to unsubscribe click here https://blazeleadgeneration.com/unsubscribe.aspx?d=gemmproductions.com','2024-02-01 17:47:43','2024-02-01 17:47:43'),(23,'Keith Cangiarella','bottlemeamessage1013@gmail.com','078 7578 8916','Bottle Me a Message','Hello there,\r\n\r\nThis Valentine\'s Day, step away from ordinary gifts and discover\r\nthe enchanting world of personalized messages in a bottle at https://BottleMeAMessage.com. \r\nEach bottle is a chest of emotions, ready to sail into the heart of your loved one.\r\nDon\'t miss this chance to create a unforgettable and touching gift.\r\nEmbark towards love and visit https://BottleMeAMessage.com to \r\ncompose your special message today!\r\n\r\nBest Regards,\r\n\r\nKeith C\r\nhttps://bottlemeamessage.com','2024-02-02 00:36:46','2024-02-02 00:36:46'),(24,'Rachele Dodge','rachele.dodge@gmail.com','(61) 7664-9798','Rachele Dodge','Hey guys, \r\n\r\nSorry to message your contact form like this, but I didn\'t have a better way to reach out to anyone at gemmproductions.com \r\n I\'ve got to tell you about this. Imagine boosting your business\'s appeal overnight. I\'m talking 30 real, top-notch reviews. For $300, it’s a no-brainer. \r\nIt\'s what smart business owners are doing to stand out. \r\nTrust me, you don’t want to miss out on this. Let\'s make your business shine!\r\n\r\nYou can start your order here:\r\nhttps://bit.ly/30-google-reviews-05\r\n\r\nIn the event that you are unaware what these positive reviews can accomplish for your business sales, you\'re definitely missing out. Let\'s get started today.\r\n\r\nEager to collaborating with you all.\r\n\r\nWarm wishes,\r\nRachele Dodge','2024-02-02 05:43:34','2024-02-02 05:43:34'),(25,'CharlesRorne','siriusxr01@rambler.ru','82136322175','google','<b><a href=https://geosf.ru/><u>Геодезические работы измерение - ООО «Геосфера»</u></a> </b> \r\n \r\n<a href=https://geosf.ru/><img src=\"https://spravka-region.ru/images/370/g/small/geosf.ru.jpg\"></a> \r\n \r\n<b><a href=https://geosf.ru/uslugi/uslugi-kadastrovogo-inzhenera>Услуги кадастрового инженера: </a></b> \r\nЗемлеустроительная экспертиза \r\nМежевание земельного участка \r\nИсправление кадастровых ошибок \r\nОбследование и подготовка заключения кадастрового инженера об объектах недвижимости \r\nСоставление технических заключений о параметрах и характеристиках объектов капитального строительства \r\nТехнический план объекта недвижимости \r\n \r\n<b><a href=https://geosf.ru/uslugi/inzhenerno-geodezicheskie-raboty>Инженерно геодезические работы:</a> </b> \r\nТопографическая съёмка участка \r\nИсполнительная съёмка подземных коммуникаций \r\nГоризонтальная топографическая съёмка масштаба 1:500 - 1:2000 \r\nВынос границ земельного участка \r\nРазличные геодезические работы \r\nГеометрическое и тригонометрическое нивелирование \r\nВынос в натуру строительных осей \r\n \r\n<b><a href=https://geosf.ru/uslugi/inzhenerno-geologicheskie-izyskaniya>Инженерно геологические изыскания:</a></b> \r\nГеологические изыскания для проектирования и строительства промышленных, производственных, складских и прочих сооружений \r\nГеологические изыскания для индивидуального жилищного строительства \r\nГеологические изыскания для многоэтажного строительства \r\nГеологические изыскания для проектирования и строительства инженерных сетей, дорог','2024-02-02 06:16:30','2024-02-02 06:16:30'),(26,'Gael MacLeod-MacLean','gael@gemmproductions.com','000','GEMM Productions','Test','2024-02-02 09:22:06','2024-02-02 09:22:06'),(27,'JamesBek','lik.bunk@yandex.ru','88881456526','google','Some states have limited pornographic and political deepfakes. But the constraints have not experienced a solid effect, and there aren\'t any federal laws of these deepfakes, Mr. \r\n \r\n‘poker machine’ to be shortened into “pokie”. But why ended up these equipment at any time often called ‘poker \r\n \r\nWill you be battling to withdraw your winnings within the Pokies Web? Don’t fear, we comprehend the stress of not being able to access your hard-attained cash. \r\n \r\nAs early since the ’40s, nevertheless, brazen Hollywood stars have been already groundbreaking the motion. Rita Hayworth and Marlene Dietrich rocked the naked search of their films and manner, Irrespective of how conservative the decade was. \r\n \r\nThe A.I. equipment are wildly preferred but have made it less difficult and more affordable than in the past to develop so-known as deepfakes, which portray people performing or indicating items they have never finished. \r\n<a href=https://pokies.ltd/>the pokies.net australia</a> \r\nPetersburg Mayor Kenneth T. Welch. “This opportunity was designed achievable on account of our sturdy partnership with PSTA. I am also grateful to Metropolis Council for their unanimous guidance for this new software which aids our neighbors in one of the most need to have have access to reliable transportation.” \r\n \r\nMany of the most often encountered withdrawal difficulties at ThePokies.net include things like payouts never remaining processed, stolen resources from person accounts, partial payouts, account closure upon requesting a withdrawal, and applying conditions and terms to justify unpaid winnings. \r\n \r\nThere’s discharge out of your nipple. Milky, white discharge is likely just your breast milk. Having said that, Get in touch with your Health care service provider if you notice other shades or consistencies, particularly if the discharge is bloody or there’s blood as part of your breast milk. \r\n \r\nIt is also essential to Observe that just one bonus could be activated at 1 time instead of all games will lead to a specific reward. \r\n \r\nNow that you choose to know about the ideal bonuses and presents available in Australian online casinos, How could you use pokies and bonuses To optimize your winnings? Here are a few tips. \r\n \r\nAnyone who qualifies can have equivalent entry to all PSTA routes and providers, together with all companies in Pinellas County and service to Tampa. \r\n \r\nThe fact that these casinos keep on to function Even with employing counterfeit software program is telling of their ‘catch me if you can’ solution, questioning the integrity of their whole operation. \r\n \r\nJennifer Lopez has usually been a spicy dresser. Way again in 2001, she was already ditching lingerie at essentially the most prestigious of situations, such as the Oscars. \r\n \r\nWhile the many years just after noticed a handful of other trailblazers, it wasn’t until the ’90s that stars turned cozy wearing naked attire on pink carpets. Kate Moss, Rose McGowan, Jennifer Lopez, and Gwyneth Paltrow all assisted popularize the bra-absolutely free model which continued effectively in the early aughts.','2024-02-03 04:59:17','2024-02-03 04:59:17'),(28,'MartaBog','martinkanowak@gmail.com','86685471719','google','Good day! \r\nStruggling with your thesis, research paper,case study or homework? \r\nWith our writers, you\'ll never have to worry about sleepless nights again because you can get your papers, written by professionals in no time. \r\n \r\nHOW IT WORKS? \r\n \r\nYou submit your instructions and pay for the work \r\nWe assign professional writer for your assignment \r\nWork one on one with your writer and support specialist till you get perfect result. \r\nYou receive a completed paper within the deadline \r\n \r\n \r\n>> <a href=https://easily.quest/ct1536730en/paper>Get your discount now!</a> << \r\n \r\n \r\nA few reasons to order your thesis, case study, or research paper with our command: \r\n \r\nPlagiarism-free papers; \r\nOn-time delivery with order progress status, so you know what is being done; \r\n100% Money-back guarantee; \r\nOver 900 qualified writers, including Advanced writers that you can select for your orders; \r\n9.8/10 average quality score; \r\nUnlimited revisions to improve your paper after delivery. \r\nTimely delivery of completed papers. \r\n \r\n \r\n>> <a href=https://easily.quest/cb1536730en/paper>Order now</a> << \r\n \r\n \r\n \r\nLet us take care of your assignments while you spend your time on the things that interest you most.','2024-02-03 22:49:21','2024-02-03 22:49:21'),(29,'Henrytex','vova80918@mail.ru','86723579487','google','Тамбурные двери – это двухстворчатые двери, у нас вы можете преобрести такие тавары как  \r\n<a href=https://tekhnicheskie-dveri-spb.ru/>тамбурные двери купить</a> \r\nкоторые устанавливаются перед входной дверью квартиры. \r\nОни защищают ваш дом от неожиданных гостей и повышают уровень безопасности вашей семьи. Такие двери можно открыть только изнутри квартиры, \r\nа снаружи они имеют лишь узкую щель для передачи почты или ключей. Также тамбурные двери помогают сохранить тепло в квартире, \r\nтак как они создают дополнительный воздушный зазор между собой и входной дверью. Заказать двери тамбурные купить ==> https://tekhnicheskie-dveri-spb.ru/ \r\n \r\n \r\nfghjk878','2024-02-05 17:39:02','2024-02-05 17:39:02'),(30,'Williamdip','lapinalevtin19894419@mail.ru','85579732591','google','Eddie Jones says rugby fans are frustrated by fussy officiating and stop-start games which he believes is having a negative effect on crowd behaviour. The Australia head coach has been booed repeatedly at the World Cup when his face appears on the big screen and he is concerned that rugby’s values of fairness and tolerance are being eroded. \r\n<a href=https://bs2wab.cc>b2web.in </a> \r\nThis has not been an easy tournament for Jones, whose side must wait until this weekend for their pool qualification fate to be decided. Disappointing defeats by Fiji and Wales mean Australia will likely fail to make the knockout stages for the first time but Jones says the sport’s authorities also need to consider the bigger picture. \r\n \r\nWallabies head coach Eddie Jones is relying on Portugal beating Fiji to salvage Australia’s disastrous Rugby World Cup campaign. \r\nClock ticks with Eddie Jones and Wallabies in Rugby World Cup purgatory \r\nRead more \r\n“The way the game is being refereed is causing crowd problems,” Jones said in the wake of his side’s 34-14 win against Portugal. “I am of the firm opinion that we are destroying the flow of the game. We have got so many stoppages now … we had a TMO for everything. \r\n \r\nhttps://bs2best2.site \r\n2bs.sc','2024-02-05 18:11:47','2024-02-05 18:11:47'),(31,'IrinaSoogs','ilia.fokinrwc@yandex.ru','82715896553','google','https://clck.ru/36EvZu','2024-02-07 09:15:32','2024-02-07 09:15:32'),(32,'Keith Cangiarella','bottlemeamessage1013@gmail.com','(08) 9010 6824','Bottle Me a Message','Hello there,\r\n\r\nThis Valentine\'s Day, move beyond from ordinary gifts and explore\r\nthe enchanting world of personalized messages in a bottle at https://BottleMeAMessage.com. \r\nEach bottle is a treasure trove of emotions, set to sail into the heart of your loved one.\r\nDon\'t miss this chance to create a unforgettable and touching gift.\r\nSet sail towards love and visit https://BottleMeAMessage.com to \r\ncompose your unique message today!\r\n\r\nBest Wishes,\r\n\r\nKeith C\r\nhttps://bottlemeamessage.com','2024-02-08 01:02:48','2024-02-08 01:02:48'),(33,'Pillsenusy','iunskiygipertonik@gmail.com','86654914755','google','TruePills, No prescription needed, Buy pills without restrictions. Money Back Guaranteed 30-day refunds. \r\n \r\n<b>Viagra</b> buy, discount! without prescription. \r\n<b>Cialis</b> buy, discount! without prescription. \r\nViagra Professional buy, discount! without prescription. \r\nCialis Professional buy, discount! without prescription. \r\n \r\nViagra Super Active buy, discount! without prescription. \r\nCialis Super Active buy, discount! without prescription. \r\n<b>Synthroid</b> buy, discount! without prescription. \r\n \r\nhttps://cutt.ly/4wP5bDuH \r\n \r\nhttps://cutt.ly/AwXXaRVW \r\n \r\nhttp://bit.ly/3GAiEsU \r\n \r\nhttps://bit.ly/495WQSS','2024-02-08 04:18:55','2024-02-08 04:18:55'),(34,'Annabelle Bayer','annabelle_bayer@gmail.com','(08) 9033 3105','Annabelle Bayer','gemmproductions.com,\r\n\r\nI trust this message finds you well. I\'m writing to offer a special opportunity to greatly enhance your business\'s online profile and credibility. For just $300, we can facilitate the procurement of 30 genuine, 5-star Google reviews from authentic customers. These authentic reviews can vastly improve your standing, draw in a larger audience, and ultimately raise your sales by creating trust and confidence in your brand.\r\n\r\nOur process is transparent, ethical, and designed to reflect the real, positive experiences your customers have had with your business. We can collaborate to make your business be distinguished and lead more satisfied customers to your doorstep.\r\n\r\nLooking forward to helping your business shine online!\r\n\r\n\r\nYou can start your order here:\r\nhttps://bit.ly/3OkyJYb\r\n\r\n\r\nBest regards,\r\nAnnabelle Bayer','2024-02-08 06:14:31','2024-02-08 06:14:31'),(35,'Vivien Crook','vivien.crook@hotmail.com','0364 7254985','Vivien Crook','Do​ ​You​ ​want​ ​FREE​ ​TARGETED​ ​​Traffic?\r\n\r\nI’m talking about traffic that actually converts into sales and continues to come in FOR YEAR !\r\n\r\nI’m using a SNEAKY tactic to rank on the first page of GOOGLE and siphon as much TARGETED TRAFFIC as I want!\r\n\r\nAnd what I love the most about this tactic is that:\r\n\r\nYou​ ​won’t​ ​have​ ​to​ ​learn​ ​a​ ​thing​ ​about​ ​SEO\r\n\r\nCheck it Out on Our Site\r\n\r\nhttps://www.InstantRealTraffic.com/Google','2024-02-08 11:51:29','2024-02-08 11:51:29'),(36,'Josephtreal','newspr@bbcworldnewstoday.com','88335532628','google','We bring you latest Gambling News, Casino Bonuses and offers from Top Operators, Online Casino Slots Tips, Sports Betting Tips, odds etc. \r\n \r\nhttps://www.jackpotbetonline.com/','2024-02-09 13:56:43','2024-02-09 13:56:43'),(37,'Albertnit','vova80918@mail.ru','86788897948','google','Why did you choose us? Because we provide many features such as \r\n<a href=https://getporn.ai/face-swap>what is ai porn</a>Step into the future of digital creativity with \r\n \r\n<a href=https://getporn.ai/>AI-generated erotic art</a>- your final destination for visual images, \r\ncreated by artificial intelligence. If you\'re interested in AI-generated nudes, \r\nour platform offers an unrivaled experience. Immerse yourself in the fantasy of artificial intelligence and unleash your imagination. \r\nOur unique features, including the popular NUDE mode, allow you to undress AI models with ease and privacy. \r\nLooking for something more? Check out our wide range of services, from nude AI generator to personalized AI companion creation. \r\nVisit our website https://getporn.ai/ and discover the endless possibilities of AI-generated content. \r\n<a href=https://getporn.ai/>AI undress feature</a>','2024-02-09 14:47:48','2024-02-09 14:47:48'),(38,'BrandonUsext','xrmantaPurge@gmail.com','89197756678','google','Good afternoon dear friends! \r\nBetting on Manta tokens is already in action! \r\nBet your $MANTA to get extra rewards <a href=https://mantadrop.pro>Manta Network</a> \r\nget your hands on limited editions $MANTA $NFT Airdrop \r\nYour voucher for additional free $MANTA - 37497074 \r\n<a href=https://mantadrop.pro>Claim Airdrop Now</a>','2024-02-10 05:32:33','2024-02-10 05:32:33'),(39,'XRumerTest','yourmail@gmail.com','87482723274','google','Hello. And Bye.','2024-02-11 00:26:16','2024-02-11 00:26:16'),(40,'ppu-prof_Mn','92573768@seo-ul.store','81533629811','google','Наша группа искусных мастеров подготовлена предоставить вам инновационные подходы, которые не только гарантируют прочную безопасность от холода, но и дарят вашему собственности стильный вид. \r\nМы трудимся с самыми современными компонентами, заверяя долгий срок работы и великолепные итоги. Утепление наружных стен – это не только экономия тепла на огреве, но и внимание о природной среде. Энергосберегающие инновации, которые мы осуществляем, способствуют не только твоему, но и поддержанию экосистемы. \r\nСамое главное: <a href=https://ppu-prof.ru/>Утепление дома снаружи услуги</a> у нас стартует всего от 1250 рублей за м2! Это доступное решение, которое изменит ваш резиденцию в действительный комфортный уголок с минимальными затратами. \r\nНаши труды – это не исключительно изоляция, это создание области, в где любой аспект отражает ваш личный моду. Мы примем в расчет все твои просьбы, чтобы осуществить ваш дом еще еще более теплым и привлекательным. \r\nПодробнее на <a href=https://ppu-prof.ru/>stroystandart-kirov.ru/</a> \r\nНе откладывайте дела о своем квартире на потом! Обращайтесь к квалифицированным работникам, и мы сделаем ваш корпус не только комфортнее, но и моднее. Заинтересовались? Подробнее о наших сервисах вы можете узнать на сайте компании. Добро пожаловать в обитель спокойствия и стандартов.','2024-02-11 01:06:17','2024-02-11 01:06:17'),(41,'StomatFlima','stomatCoack@gmail.com','83651361456','google','Welcome! \r\nStop being bored at work! \r\nTry your luck.  If you win, you get a chance at a $300 bonus at our online casino. \r\nIf you\'re just not a lucky person, you\'ll just keep working :) \r\n \r\nTest your luck here:<a href=https://easily.quest/ct7013723en/rest> Get Bonus</a> \r\n \r\nI wish you good luck and pleasant moments of winning! \r\nOver 200 games:Classic Slots, Fruit Machines, Jackpot Slots, Video Poker, Blackjack Games, Table Games.....','2024-02-11 08:54:13','2024-02-11 08:54:13'),(42,'StevenDuh','vinbonus684@gmail.com','84246747812','google','Top online casios! \r\nGet Big bonus for free singup \r\n \r\nhttps://tinyurl.com/3rrd5wj5','2024-02-11 11:04:06','2024-02-11 11:04:06'),(43,'Colette Dresdner','dresdner.colette@msn.com','60-26-01-67','Colette Dresdner','Learn How House Cleaning Business That Makes Over $2000 Every Week!\r\n\r\nThis Business Is For Anyone Who Wants To Make More Money &\r\nTake Charge Of Their Future\r\n\r\nCheck The Link Below\r\n\r\nhttps://bit.ly/3RgXi8s','2024-02-11 18:02:10','2024-02-11 18:02:10'),(44,'Eric Jones','ericjonesmyemail@gmail.com','555-555-1212','NA','To the\r\n\r\nMy name’s Eric and I just found your site gemmproductions.com Admin!\r\n\r\nIt’s got a lot going for it, but here’s an idea to make it even MORE effective.\r\n\r\nVisit https://rushleadgeneration.com for a live demo now.\r\n\r\nWeb Visitors Into Leads is a software widget that’s works on your site, ready to capture any visitor’s Name, Email address and Phone Number.  It signals you the moment they let you know they’re interested – so that you can talk to that lead while they’re literally looking over your site.\r\n\r\nAnd once you’ve captured their phone number, with our new SMS Text With Lead feature, you can automatically start a text (SMS) conversation… and if they don’t take you up on your offer then, you can follow up with text messages for new offers, content links, even just how you doing? notes to build a relationship.\r\n\r\nVisit https://rushleadgeneration.com to discover what Web Visitors Into Leads can do for your business.\r\n\r\nThe difference between contacting someone within 5 minutes versus a half-hour means you could be converting up to 100X more leads today!\r\n\r\nEric\r\nPS: Studies show that 70% of a site’s visitors disappear and are gone forever after just a moment. Don’t keep losing them. \r\nWeb Visitors Into Leads offers a FREE 14 days trial – and it even includes International Long Distance Calling. \r\nYou have customers waiting to talk with you right now… don’t keep them waiting. \r\nVisit https://rushleadgeneration.com to try Web Visitors Into Leads now.\r\n\r\nIf you\'d like to unsubscribe visit https://rushleadgeneration.com/unsubscribe.aspx?d=gemmproductions.com','2024-02-18 17:12:10','2024-02-18 17:12:10'),(45,'Peter','info@grafixar.com','(03) 5309 7113','Mauricio Bormann','Hello,\r\n\r\nI hope this message finds you well.\r\n\r\nWhen was the last time you updated your website gemmproductions.com? Upon review, I noticed some areas where enhancements could greatly benefit your online presence.\r\n\r\nWith this in mind, I took the initiative to craft a new homepage featuring a refined UI/UX design. I believe this redesign has the potential to elevate your website\'s performance and make a significant impact on your revenue.\r\n\r\nWould you be open to reviewing a preview of this redesign? There\'s absolutely no obligation on your end, but I am confident that it could bring notable improvements to your website.\r\n\r\nI understand that you likely receive numerous messages of this nature daily. However, my aim is to assist businesses like yours in achieving growth through comprehensive solutions and robust guarantees.\r\n\r\nI eagerly await your positive response.\r\n\r\nBest Regards,\r\n\r\nPeter\r\n\r\n\r\nIf you want to unsubscribe, please send an email with the subject Unsubscribe.','2024-02-18 23:02:56','2024-02-18 23:02:56'),(46,'Super Admin','superadmin@bwc.ae','054777788888','bwc','hi','2024-02-19 13:55:10','2024-02-19 13:55:10'),(47,'Nerrysal','nellycoups@gmail.com','89599289782','google','Hello from Happykiddi.','2024-02-20 23:03:28','2024-02-20 23:03:28'),(48,'Eric Jones','ericjonesmyemail@gmail.com','555-555-1212','WA','To the gemmproductions.com Owner. my name is Eric and I’m betting you’d like your website gemmproductions.com to generate more leads.\r\n\r\nHere’s how:\r\nWeb Visitors Into Leads is a software widget that’s works on your site, ready to capture any visitor’s Name, Email address and Phone Number.  It signals you as soon as they say they’re interested – so that you can talk to that lead while they’re still there at gemmproductions.com.\r\n\r\nWeb Visitors Into Leads – CLICK HERE https://rushleadgeneration.com for a live demo now.\r\n\r\nAnd now that you’ve got their phone number, our new SMS Text With Lead feature enables you to start a text (SMS) conversation – answer questions, provide more info, and close a deal that way.\r\n\r\nIf they don’t take you up on your offer then, just follow up with text messages for new offers, content links, even just how you doing? notes to build a relationship.\r\n\r\nCLICK HERE https://rushleadgeneration.com to discover what Web Visitors Into Leads can do for your business.\r\n\r\nThe difference between contacting someone within 5 minutes versus a half-hour means you could be converting up to 100X more leads today!\r\n\r\nTry Web Visitors Into Leads and get more leads now.\r\n\r\nEric\r\nPS: The studies show 7 out of 10 visitors don’t hang around – you can’t afford to lose them!\r\nWeb Visitors Into Leads offers a FREE 14 days trial – and it even includes International Long Distance Calling. \r\nYou have customers waiting to talk with you right now… don’t keep them waiting. \r\nCLICK HERE https://rushleadgeneration.com to try Web Visitors Into Leads now.\r\n\r\nIf you\'d like to unsubscribe click here https://rushleadgeneration.com/unsubscribe.aspx?d=gemmproductions.com','2024-02-23 15:50:36','2024-02-23 15:50:36'),(49,'Eric Jones','ericjonesmyemail@gmail.com','555-555-1212','REGION SYDDANMARK','Hi gemmproductions.com Webmaster.\r\n\r\nCool website!\r\n\r\nMy name’s Eric, and I just found your site - gemmproductions.com - while surfing the net. You showed up at the top of the search results, so I checked you out. Looks like what you’re doing is pretty cool.\r\n \r\nBut if you don’t mind me asking – after someone like me stumbles across gemmproductions.com, what usually happens?\r\n\r\nIs your site generating leads for your business? \r\n \r\nI’m guessing some, but I also bet you’d like more… studies show that 7 out 10 who land on a site wind up leaving without a trace.\r\n\r\nNot good.\r\n\r\nHere’s a thought – what if there was an easy way for every visitor to “raise their hand” to get a phone call from you INSTANTLY… the second they hit your site and said, call me now.\r\n\r\nYou can –\r\n  \r\nWeb Visitors Into Leads is a software widget that’s works on your site, ready to capture any visitor’s Name, Email address and Phone Number.  It lets you know IMMEDIATELY – so that you can talk to that lead while they’re literally looking over your site.\r\n\r\nCLICK HERE https://rushleadgeneration.com to try out a Live Demo with Web Visitors Into Leads now to see exactly how it works.\r\n\r\nTime is money when it comes to connecting with leads – the difference between contacting someone within 5 minutes versus 30 minutes later can be huge – like 100 times better!\r\n\r\nThat’s why we built out our new SMS Text With Lead feature… because once you’ve captured the visitor’s phone number, you can automatically start a text message (SMS) conversation.\r\n  \r\nThink about the possibilities – even if you don’t close a deal then and there, you can follow up with text messages for new offers, content links, even just how you doing? notes to build a relationship.\r\n\r\nWouldn’t that be cool?\r\n\r\nCLICK HERE https://rushleadgeneration.com to discover what Web Visitors Into Leads can do for your business.\r\n\r\nYou could be converting up to 100X more leads today!\r\nEric\r\n\r\nPS: Web Visitors Into Leads offers a FREE 14 days trial – and it even includes International Long Distance Calling. \r\nYou have customers waiting to talk with you right now… don’t keep them waiting. \r\nCLICK HERE https://rushleadgeneration.com to try Web Visitors Into Leads now.\r\n\r\nIf you\'d like to unsubscribe click here https://rushleadgeneration.com/unsubscribe.aspx?d=gemmproductions.com','2024-02-26 20:28:06','2024-02-26 20:28:06'),(50,'JaredClact','jaredskame@gmail.com','83556442968','google','In 60 Seconds Flat \r\n100% Done-For-You CRYPTOCURRENCY Affiliate Sites \r\nWith FREE Buyer Traffic From 100 Million Visitors! \r\nZERO Tech Skills, Upfront Costs Or Experience Required... \r\n \r\nhttps://www.youtube.com/watch?v=b2N6-oHcWco','2024-02-27 15:57:50','2024-02-27 15:57:50'),(51,'JaredClact','jaredskame@gmail.com','81964858348','google','In 60 Seconds Flat \r\n100% Done-For-You CRYPTOCURRENCY Affiliate Sites \r\nWith FREE Buyer Traffic From 100 Million Visitors! \r\nZERO Tech Skills, Upfront Costs Or Experience Required... \r\n \r\nhttps://www.youtube.com/watch?v=b2N6-oHcWco','2024-02-27 16:00:47','2024-02-27 16:00:47'),(52,'Henrytex','vova80918@mail.ru','81625383522','google','Хотите уникальный опыт в онлайн-шопинге? <a href=https://xn--krken4-x0a.com>кракен сайт даркнет маркет</a> - ваш выбор! Оплачивайте заказы вашим предпочтительным методом, пополняйте баланс при помощи Bitcoin и наслаждайтесь уверенностью в безопасности. Посетите наш сайт только с официальных доменов, чтобы избежать подделок. Здесь, на <a href=https://xn--krken4-x0a.com>kraken6 at</a>, каждая покупка - это шаг в будущее онлайн-шопинга, наполненного удобством и безопасностью. \r\n \r\nкракен тор:https://xn--krken4-x0a.com','2024-02-28 20:09:12','2024-02-28 20:09:12'),(53,'JasonHok','ppk3i3iux@mozmail.com','83336177486','google','Imagine a webpage that not only engages but also produces results. At PSS-Studio, we design tailored websites that fuse attractive design with smooth functionality, ensuring your brand glows on the internet. \r\n \r\nWhy Choose Us? \r\n \r\n- Custom Designs: Reflect your unique brand identity. \r\n- Mobile-Responsive: Great experience on any screen. \r\n- SEO-Optimized: Improve your search rankings. \r\n- Dedicated Support: Continuous support throughout your journey. \r\n \r\nSpecial Offer: Secure a no-cost consultation and a unique discount on our web services by responding within 48 hours. \r\n \r\nTransform your digital presence today. Visit us at https://pss-studio.ru/ to initiate your quest for an outstanding website.','2024-03-01 21:53:42','2024-03-01 21:53:42'),(54,'Valerafuh','bb0583823@gmail.com','87425421739','google','Может знает кто, как подключить обьектовый приемно-контрольный прибор <a href=https://нпо-ритм.рф/Контакт-GSM-5-2>Контакт GSM 5-2</a> производителя <a href=https://нпо-ритм.рф/>Ritm</a> к программному обеспечению <a href=https://нпо-ритм.рф/geo.ritm>GEO.RITM</a>. Техподдержка <a href=https://нпо-ритм.рф/>Ритм</a> не отвечает. Не дозвониться.','2024-03-02 10:52:14','2024-03-02 10:52:14'),(55,'DanielCheen','danieljuple@gmail.com','81145131472','google','Dive into the excitement of online casinos, where every spin could lead to victory. \r\nSeize the moment and unlock the potential for incredible rewards, where fortune truly favors the bold. \r\n \r\nhttps://www.youtube.com/watch?v=qCSkpnmvpxI','2024-03-03 15:19:59','2024-03-03 15:19:59'),(56,'CharlesWew','yourmail@gmail.com','82751272684','google','Hey, I visited your site and I think that your content is amazing! It is really engaging and original, you must have worked so hard to generate such a quality content. \r\n \r\nMy name is Natasha from ForeMedia and I help website owners with great websites to maximize the revenue they make from their website. \r\n \r\nI would love to buy Ad Spaces on your website and pay you per each impression of the ads on your site. We are Google Ad Exchange Premium partners and we work with more than 100 Ad Network & thousands of premium direct advertisers who would LOVE to buy Ads directly from your site and we can guarantee to increase your revenue by at least 45% compared to other advertising solutions you are currently using. \r\nYou deserve to earn more for your content and maximize your earning potential and I will help you unlock that potential! \r\nThere is no cost, you can register to our monetization platform for free on this link: https://foremedia-ads.net \r\nI will be available for you on the Live Chat if you need any help, or you can email me back to: natasha@foremedia-ads.net if you have any questions. \r\nI have at least 17 Premium Advertisers that have asked me to approach you because they would like to advertise on your website on Premium eCPM <cost>per impressions] basis. \r\nHave a good day & feel free to ping me for any question! \r\nClick the link here for 1 minute registration to our platform <it>s free!]: https://foremedia-ads.net \r\nForeMedia - Earn Money With Your Website \r\nhttps://foremedia-ads.net','2024-03-03 15:38:08','2024-03-03 15:38:08'),(57,'Raymondhek','no.reply.HansSmith@gmail.com','81258286152','google','Greetings! gemmproductions.com \r\n \r\nDid you know that it is possible to send commercial offer utterly legally? We offering a new legal way of sending business offers through feedback forms. \r\nBecause Communication Forms are seen as important, any messages sent through them are less likely to be categorised as spam. \r\nWe invіte уou to test our service without рayіng anуthіng! \r\nYou can rely on us to send up to 50,000 messages. \r\n \r\nThe cost of sending one million messages is $59. \r\n \r\nThis letter is automatically generated. \r\nPlease use the contact details below to get in touch with us. \r\n \r\nContact us. \r\nTelegram - https://t.me/FeedbackFormEU \r\nSkype  live:feedbackform2019 \r\nWhatsApp  +375259112693 \r\nWhatsApp  https://wa.me/+375259112693 \r\n \r\nWe only use chat for communication.','2024-03-04 02:06:55','2024-03-04 02:06:55'),(58,'Delbert Greenaway','delbert_greenaway@gmail.com','917-782-9365','Delbert Greenaway','hey\r\n\r\nIt\'s been a while since our last conversation, but I recently stumbled upon something online about gemmproductions.com and felt compelled to reach out. \r\n\r\nIt seems like there\'s some negative press that could be harmful to your reputation. \r\nKnowing how quickly rumors can spiral and wishing not you to be caught off guard, I decided to notify you.\r\n\r\nHere\'s the source of the info:\r\n\r\n\r\nhttps://ibit.ly/N-sZU		\r\n\r\nI hope it\'s all a simple confusion, but I thought it best you should know!\r\n\r\nWishing you all the best,\r\nDelbert','2024-03-05 10:48:37','2024-03-05 10:48:37'),(59,'Julienne Oneal','julienne_oneal@gmail.com','254-237-1555','Julienne Oneal','hi!\r\n\r\nIt\'s been a while since our last conversation, but I just saw something online about gemmproductions.com and thought it important to reach out. \r\n\r\nIt appears like there\'s some unfavorable news that could be harmful to your reputation. \r\nKnowing how fast misinformation can spread and not wanting you to be unprepared, I felt the need to warn you.\r\n\r\nHere\'s the source of the info:\r\n\r\n\r\nhttps://www.thebestdumptrailers.com/top-10-dumpster-trailers-for-sale-in-2023-5/		\r\n\r\nI hope it\'s all a misunderstanding, but it seemed prudent you should know!\r\n\r\nWishing you all the best,\r\nJulienne','2024-03-07 15:51:29','2024-03-07 15:51:29'),(60,'Paulmymn','mayhan_paulita_66@hotmail.com','84531997517','google','<a href=https://pornopda.xyz/virt/sextel/14471-veselye-momenty-iz-rabochego-dnja-operatora-v-sekse-po-telefonu-new.html>Секс по телефону русский в России – это правильный выбор!</a>!! – Искушение на расстоянии \r\nХотите испытать неповторимое и незабываемое удовольствие прямо сейчас? Представьте, что у вас есть возможность наслаждаться горячими и страстными моментами с самыми сексуальными и развратными партнерами, не выходя из дома. Современный мир технологий предоставляет нам эту возможность – Секс по Телефону с оплатой картой. Встречайте новую эру интимных удовольствий! \r\nНаши услуги <a href=https://pornopda.xyz/virt/sexcard/33173-osnovy-telefonnoj-jerotiki-virt-besplatno-po-telefonu-vatsapu-najdesh-tut.html>Женщина телефон ватсап секс</a> сведут вас с идеальным партнером, который целиком посвятит вас своим интимным фантазиям и желаниям. Наша линия развлечений обеспечит вас самыми сексуальными голосами из самых разных уголков мира. Впишитесь в свою ролевую игру, где вы сами можете стать главным героем с <a href=https://pornopda.xyz/pornopda/russian/33226-russkie-devushki-09-14-min.html>Пухленькая и очень активная Олеся Малибу в порно видео шпилится с мужиком, порно скачать ролик молоденькие модели</a>, в своей эротической истории. \r\nПоднимите свое удовольствие на новую высоту с нашим мобильным пристанищем эротики! Погрузитесь в праздник чувств с нашей коллекцией провокационного контента и насладитесь тщательно подобранной подборкой игрушек для взрослых. Ваше удовлетворение, просто прикосновение. \r\n \r\nСекс по Телефону бесплатно - это безопасное и конфиденциальное решение для тех, кто ищет новых ощущений и разнообразных сексуальных игр. Наша команда профессионалов предложит вам максимальную степень эротического удовлетворения. Мы уважаем вашу частную жизнь и гарантируем полную анонимность наших услуг. Никаких регистраций или личных данных – просто подключайтесь и наслаждайтесь! \r\nПросто наберите наш номер <b>Порно молодые телефоном разговор русские : секс по телефону Россия <a href=\"tel:+78095056850\">+7-809-505-6850</a>. Можно позвонить с мобильного и городского телефона, а также заказать </b> <a href=https://pornopda.xyz/virt/sexcard/>предоплату</a>! \r\nГипнотизирующие голоса, полные страсти и соблазна, поделятся с вами самыми интимными тайнами. Вы сами выбираете своего партнера нашего сервиса и можете наслаждаться общением из комфорта своего дома. Мы готовы предоставить вам широкий выбор соблазнительных и роскошных голосов, чтобы удовлетворить самые скрытые желания и фантазии. \r\nПриготовьтесь к эротическому приключению на ладони! Изучите нашу тщательно подобранную подборку соблазнительных изображений и откройте для себя мир интимных наслаждений в нашем интернет-магазине с игрушками <a href=https://pornopda.xyz/shop/poleznoe/prezervativi/25551-vitalis-3-delay-cooling-prezervativy-s.html>Эрекционные Кольца Tom of Finland из силикона</a>. Там, где удовольствие не знает границ – ваш партнер всегда ждет новый опыт и новые интимные подарки! \r\nСекс по по мобильному телефону – это революция в сфере интимных развлечений. Мы предлагаем не только возможность наслаждаться горячими голосами наших моделей, но и добавить некую составляющую таинственности и загадочности вашим фантазиям. Вашей сексуальной жизни не хватает страсти? Наши профессионалы знают, как ее вернуть! \r\nГлавное преимущество самый дешевый секс по телефону в том, что вы всегда можете найти время для удовольствия. Независимо от того, где вы находитесь, наш сервис доступен в любой точке мира. Просто возьмите телефон и подключитесь к десяткам горячих голосов, ждущих вашего звонка. \r\nИспытайте эротическое блаженство на маленьком экране в нашем раю, удобном для мобильных разговоров о сексе в приятной обстановке! Погрузитесь в царство желаний с нашим увлекательным контентом, а также исследуйте наш бутик товаров, доставляющих удовольствие с коллекцией новых секс игрушек <a href=https://pornopda.xyz/shop/eroticheskoe_bele/peniuari_i_halati/>Стимулятор в виде кулака для фистинга Fist-It</a>! Удовлетворение гарантировано, у вас под рукой. Расслабиться, снять напряжение в теле и стресс нужно всем. Мы поможем в этом, заходите и подписывайтесь на моделей и новые категории товаров. \r\n \r\nПосетите нас, мы всегда рады гостям!','2024-03-07 23:58:19','2024-03-07 23:58:19'),(61,'GeorgeFox','georgehet@gmail.com','89535642476','google','<Insane>Hack] Unique A.I. App Makes Us $635/Day \r\n \r\nhttps://www.youtube.com/watch?v=z0aiLF3Sz7E','2024-03-08 15:14:33','2024-03-08 15:14:33'),(62,'Grace Eudy','grace_eudy@gmail.com','941-42-9153','Grace Eudy','Howdy!\r\n\r\nIt\'s been a while, but I recently stumbled upon a slam piece online about gemmproductions.com and thought it important to message you guys to confirm this review. \r\n\r\nIt appears like there\'s some unfavorable news that could be harmful to your reputation. \r\nKnowing how fast misinformation can spread and hoping not you to be unprepared, I decided to warn you.\r\n\r\nHere\'s where I found the info:\r\n\r\nhttps://ibit.ly/DvyIG		\r\n\r\nI\'m hoping it\'s all a mix-up, but I thought it best you should know!\r\n\r\nbest of luck with all of this,\r\nGrace','2024-03-10 05:10:48','2024-03-10 05:10:48'),(63,'Jim Pedley','jim_pedley@gmail.com','444-453-5359','Jim Pedley','Hey hey!\r\n\r\nIt\'s been a while since our last conversation, but I just saw an article online about gemmproductions.com and felt compelled to email you guys to confirm this review. \r\n\r\nIt appears like there\'s some negative press that could be detrimental. \r\nUnderstanding how quickly rumors can spiral and hoping not you to be taken by surprise, I decided to inform you.\r\n\r\nHere\'s the source of the info:\r\n\r\nhttps://ibit.ly/lIreY		\r\n\r\nI\'m hoping it\'s all a simple confusion, but I thought it best you should know!\r\n\r\nbest of luck with all of this,\r\nJim','2024-03-14 00:54:24','2024-03-14 00:54:24'),(64,'Connie Dionne','connie.dionne@gmail.com','966-867-6585','Connie Dionne','hi there!\r\n\r\nIt\'s been a while, but I just read something online about gemmproductions.com and thought it important to email you guys to disprove this review. \r\n\r\nIt looks like there\'s some unfavorable news that could be potentially damaging. \r\nBeing aware of how easily stories can get out of hand and not wanting you to be unprepared, I thought it best to inform you.\r\n\r\nHere\'s where I found the info:\r\n\r\nhttps://ibit.ly/jMVRl		\r\n\r\nI hope it\'s all a misunderstanding, but it seemed prudent you should know!\r\n\r\nWishing you all the best,\r\nConnie','2024-03-16 09:57:03','2024-03-16 09:57:03'),(65,'Shavonne Leichhardt','shavonne_leichhardt@gmail.com','858-68-5479','Shavonne Leichhardt','hi, just a warning,\r\n\r\nIt\'s been some time, but I came across a slam piece online about gemmproductions.com and thought it was important to reach out to validate this review. \r\n\r\nIt seems like there\'s some unfavorable news that could be potentially damaging. \r\nUnderstanding how easily stories can get out of hand and not wanting you to be unprepared, I decided to inform you.\r\n\r\nHere\'s the source of the info:\r\n\r\nhttps://ibit.ly/nKImS		\r\n\r\nI hope it\'s all a mix-up, but it seemed prudent you should know!\r\n\r\nBest,\r\nShavonne','2024-03-18 14:34:09','2024-03-18 14:34:09'),(66,'Eleanorzepsy','bower.bella1998@hotmail.com','85237888768','google','Здравствуйте! \r\nДиплом стал моей основной заботой из-за нарушения установленных сроков. \r\nРады предложить большой выбор документов об образовании всех ВУЗов России, недорого, с оплатой после получения, поддержка 24/7. \r\n \r\nhttps://motorcyclereviews78887.bloggerbags.com/27309138/marketing-can-be-fun-for-anyone\r\nhttps://motorcyclereviews88801.newbigblog.com/27540798/marketing-an-overview\r\nhttps://jeffreyzbbav.dailyhitblog.com/27563619/the-best-side-of-marketing\r\n \r\n \r\nЖелаю вам всем не двоешных) отметок! \r\n156 \r\nкупить диплом в октябрьском\r\nкупить диплом в майкопе\r\nкупить диплом врача\r\nкупить диплом в владикавказе\r\nкупить диплом в подольске','2024-03-23 01:19:33','2024-03-23 01:19:33'),(67,'Paul Shaw','paulvshaw@gmail.com','0556681969','NA','Hi\r\n\r\nWe have a Sound Leisure Starlite CD jukebox that needs servicing.\r\n\r\nDo you offer this service - or know of anyone in the UAE that does?\r\n\r\nThanks\r\n\r\nPaul','2024-03-27 13:58:31','2024-03-27 13:58:31'),(68,'Gregorymymn','mamedov_x93y1@rambler.ru','89971286464','google','Номер телефона и <a href=https://pornopda.xyz/virt/sexcard/32706-seksualnaja-revoljucija-v-internete-phone-sex-kak-socialnye-seti-menjajut-nashe-otnoshenie-k-intimnoj-zhizni.html>Секс по телефону БДСМ заковать тебя в цепи! Секс вирт по телефону переписки и звонки</a>, является доступным и удобным способом испытать новые ощущения, открыть для себя неизведанные возможности и насладиться разговором с настоящим профессионалом. Наши девушки готовы поднять ваше настроение, развлечь и удовлетворить ваши сокровенные желания, даже если вы совершенно уникальны и требовательны. \r\nНе упускайте шанс осуществить свои самые сокровенные желания и фантазии прямо сейчас. Мы гарантируем вам приятное и безопасное общение, в котором ваша комфортность и удовлетворение будут на первом месте. Номер телефона для знакомств и вирта, а также <b>Бесплатный вирт телефоны девушек : секс по телефону Россия <a href=\"tel:+78095056850\">+7-809-505-6850</a>. Можно позвонить с мобильного и городского телефона, а также заказать бесплатный вирт телефоны девушек </b> с оплатой по карте, все это возможность погрузиться в мир запретных фантазий и получить максимальное удовольствие от общения с истинными профессионалами в данной области. Станьте особенным и воплотите свои сексуальные фантазии вместе с нами уже сегодня! \r\nВ мире, полном бесконечных отвлекающих факторов, найти моменты настоящего спасения может быть редкостью. Вот тут-то и приходит на помощь мобильная эротика - <a href=https://pornopda.xyz/virt/sextel/14471-veselye-momenty-iz-rabochego-dnja-operatora-v-sekse-po-telefonu-new.html>Объявления девушек секс номер телефона. Комментарии гостей сайта, кто уже попробовал вирт на порнопда ч.51</a>!, предлагающая заманчивые ворота в фантазию прямо у вас на ладони. Ищете ли вы побега от обыденности или хотите оживить свою личную жизнь, мобильная эротика предоставляет безопасное и укромное пространство для исследования ваших самых сокровенных желаний. \r\nСрочно! Самые горячие разговоры <b>секс по телефону фото </b>  только у нас! Устали от однообразной рутины и хотите разнообразить свою сексуальную жизнь? Представляем вам новую уникальную возможность - секс по телефону бесплатно! \r\nВам не придется тратить кучу денег на посещение дорогостоящих клубов и заведений, а также нервы на знакомства, которые не всегда приводят к желаемому результату. Теперь все, что вам нужно - всего лишь поднять телефон и набрать наш номер бесплатного секса по мобильному телефону. \r\nОдним из самых привлекательных аспектов мобильной эротики является ее доступность. Смартфоны становятся неотъемлемой частью повседневной жизни, поэтому возможность насладиться чувственным контентом <a href=https://pornopda.xyz/pornofoto/day-foto/11418-tri-golye-modeli-iz-ukrainy-tri-molodye-devochki-sovsem-obnazhennye-v-top-foto-dnya.html>Бабушки подбирают млашек Твинков от Adultprime, видео секс русское групповуха смотреть в мобиле</a>, в любое время и в любом месте никогда не была проще. Собираетесь ли вы утром на работу или отдыхаете в постели вечером, мир эротики всегда на расстоянии одного касания. \r\nНо дело не только в удобстве – дело в подключении. Мобильная эротика позволяет пользователям общаться с единомышленниками со всего мира, делиться фантазиями и опытом в поддерживающей и непредвзятой среде. Это сообщество, построенное на взаимном уважении и общем понимании эротического искусства. \r\nИ давайте не будем забывать о огромном разнообразии интимных товаров на сайте. Если вы настроены на новую секс игрушку <a href=https://pornopda.xyz/shop/eroticheskoe_bele/bodi/28025-nezhnyj-bodi-kombinezon-passion-na-odno-plecho.html>Страпон женский PipeDream Fetish Fantasy Gold Designer Strap On</a>, то обязательно посетите наш новый секс-шоп онлайн. От мягкого и чувственного до смелого и откровенного — в мире мобильной эротики каждый найдет что-то для себя. Предпочитаете ли вы восхищаться потрясающими фотографиями <b> фото девушки эро </b>  или погрузиться в захватывающее видео, возможности безграничны. \r\nТак почему бы не дать волю своим желаниям сегодня? С мобильной эротикой и виртуальным сексом, возможности ограничены только вашей фантазией, а подогреть ваши желания мы поможем с подборками свежего контента на любой вкус! \r\n \r\nПосетите нас, ждем!','2024-03-30 01:37:41','2024-03-30 01:37:41'),(69,'Amber McNair','mcnair.amber@hotmail.com','642281326','Amber McNair','Unlimited FREE Buyer Traffic On Autopilot\r\n\r\nFully-automated software for SET & FORGET traffic 24/7\r\n\r\nUltra-fast SAME DAY results\r\n\r\n100% free traffic and it always will be\r\n\r\nClick on link ----> https://instantrealtraffic.com/go','2024-03-30 01:43:45','2024-03-30 01:43:45'),(70,'LavillSew','revers@1ti.ru','88177634676','google','<a href=https://chimmed.ru/products/indium-lump-max-lump-size-15mm-weig-id=3821873>indium, lump, max. lump size 15mm, weig& купить онлайн в интернет-магазине химмед </a> \r\nTegs: <u>набор ифа реагентов для определения вируса желтой полосы лука-порея (lysv) купить онлайн в интернет-магазине химмед </u> \r\n<i>набор ифа реагентов для определения вируса желтой полосы лука-порея (lysv) купить онлайн в интернет-магазине химмед </i> \r\n<b>набор ифа реагентов для определения вируса желтой полосы лука-порея (lysv) купить онлайн в интернет-магазине химмед </b> \r\n \r\nindium, lump, max. lump size 15mm, weig& купить онлайн в интернет-магазине химмед  https://chimmed.ru/products/indium-lump-max-lump-size-15mm-weig-id=4086400','2024-03-30 14:11:21','2024-03-30 14:11:21'),(71,'Joe Celine','joe@seo-indepth.com','82','Br Uw','Hi, \r\nAre you still in business? \r\nI found a few errors on your site.\r\nWould you like me to send over a screenshot of those errors?\r\n\r\nRegards\r\nJoe\r\n(714) 908-9255','2024-04-01 19:23:08','2024-04-01 19:23:08'),(72,'LavillSew','revers@1ti.ru','81282533334','google','<a href=https://chimmed.ru/products/mission-microrna-hsa-mir-3124-5p-id=3990858>mission microrna hsa-mir-3124-5p купить онлайн в интернет-магазине химмед </a> \r\nTegs: <u>4-флуоро-2-нитро-n-метиланилин купить онлайн в интернет-магазине химмед </u> \r\n<i>4-флуоро-2-нитроанилин купить онлайн в интернет-магазине химмед </i> \r\n<b>4-флуоро-2-нитроанилин купить онлайн в интернет-магазине химмед </b> \r\n \r\nmission microrna hsa-mir-3125 купить онлайн в интернет-магазине химмед  https://chimmed.ru/products/mission-microrna-hsa-mir-3125-id=3917021','2024-04-03 01:51:45','2024-04-03 01:51:45'),(73,'Betty Carver','betty.carver@gmail.com','43-747-2143','Betty Carver','hey\r\n\r\nIt\'s been some time, but I recently stumbled upon an article online about gemmproductions.com and thought it important to message you guys to confirm this nonsense. \r\n\r\nIt seems like there\'s some unfavorable news that could be harmful to your reputation. \r\nKnowing how quickly rumors can spiral and wishing not you to be unprepared, I decided to notify you.\r\n\r\nHere\'s where I came across the info:\r\n\r\nhttps://ibit.ly/ugYz4		\r\n\r\nI\'m hoping it\'s all a simple confusion, but I believed it necessary you should know!\r\n\r\ntalk to you soon,\r\nBetty','2024-04-04 12:38:40','2024-04-04 12:38:40'),(74,'Monika Capuano','monika.capuano@gmail.com','9179374851','Monika Capuano','Online Social Media Jobs That Pay $25 - $50 Per Hour. No Experience Required. Work At Home.\r\nSocial Media Jobs from the comfort of home!\r\nClick On Link Below\r\n\r\nhttps://instantrealtraffic.com/home','2024-04-05 03:42:05','2024-04-05 03:42:05'),(75,'Phil Nelson','gptplanetai215@outlook.com','7005827646','Xjpnufkjbf','Picture a dimension where you could compose a straightforward \r\nsentence & have it converted into spellbinding, astounding \r\nAI videos that engage, influence, & are entirely created on autopilot!\r\n\r\nUnlock the future of marketing with the world\'s first ever \"true\" AI video technology, \r\nwhich is already gaining notoriety as being the biggest technological leap \r\nin AI to date & is powered by OpenAI\'s newest AI model called Sora, crafted specifically for video.\r\n\r\nDon\'t be left behind by this AI video innovation \r\nthat is set to alter how the world views video forever!\r\n\r\nSpots are limited....Lock down your custom beta access asap & \r\nguide your dreams into a new generation of advancement!\r\n\r\nAct Now: https://bit.ly/auto-vid-pro\r\n\r\nPhilip\r\n\r\n\r\n\r\n\r\n\r\nOpt-out of future correspondence by replying to this message and say opt-out.\r\ngemmproductions.com','2024-04-06 01:00:54','2024-04-06 01:00:54'),(76,'Pillsenusy','iunskiygipertonik@gmail.com','82545382874','google','TruePills, No prescription needed, Buy pills without restrictions. Money Back Guaranteed 30-day refunds. \r\n \r\nTrial ED Pack consists of the following ED drugs: \r\nViagra Active Ingredient: Sildenafil 100mg 5 pills \r\nCialis 20mg 5 pills \r\nLevitra 20mg 5 pills \r\n \r\nhttps://cutt.ly/7wC5m1Id \r\nhttps://marketplace.demopolistimes.com/AdHunter/Demopolis/Home/EmailFriend?url=https://true-pill.top/\r\nhttps://admin.understand.com/Legacy/ImageBanner.aspx?id=ecd6f65a-9154-497f-b880-5911cab7518f&clickTag=http%3A%2F%2Ftrue-pill.top&customerID=d8e9801b-2c07-4cc1-b2dc-7a5805dca1db&target=_parent\r\nhttps://web-resource.pro/bitrix/redirect.php?goto=https://true-pill.top/\r\nhttp://m.t.pungdeung.com/member/login.html?noMemberOrder=&returnUrl=http%3a%2f%2ftrue-pill.top\r\nhttps://t.lever-analytics.com/email-link?dest=https://true-pill.top/\r\n \r\n \r\nOrmin\r\nApo-carbamazepine\r\nGlocyp\r\nAxim\r\nDurasoptin\r\nMeftan\r\nViternum\r\nCalcibloc\r\nDropia\r\nFemanor\r\nUlran\r\nZoltem\r\nHumamet\r\nFendibina\r\nMetronour\r\nSonap\r\nOfloject\r\nIscover\r\nExtranil\r\nCetiderm\r\nBeatacycline\r\nNifedi-denk\r\nIsosuppra\r\nProgen\r\nDiola\r\nPyme nife\r\nLutes\r\nIbuprofen\r\nAc vascular\r\nOmepar\r\nNivaquine-p\r\nEdidipin\r\nIndo\r\nEupantol\r\nVectoryl\r\nBiso\r\nLi liquid\r\nAtenex\r\nMereprine\r\nDilzene','2024-04-08 11:49:11','2024-04-08 11:49:11'),(77,'Ollie Suffolk','suffolk.ollie@gmail.com','3471567161','Ollie Suffolk','I\'ve noticed that your gemmproductions.com website could be missing out on approximately 1,000 visitors daily. Our AI powered traffic system is designed to significantly boost your site\'s visibility: https://cutt.ly/rw7Gi3QH\r\nWe\'re offering a free trial that includes 500 targeted visitors to demonstrate the potential benefits. After the trial, we can provide up to 250,000 targeted visitors per month. This service could greatly enhance your website\'s reach and traffic.','2024-04-16 17:17:16','2024-04-16 17:17:16'),(78,'RonaldSlend','ronaldTug@gmail.com','84992475555','google','FlipBooks are a great addition \r\nto any passive income strategy. Because once you create a FlipBook, market it, share it & Earn it, it can technically sell itself. \r\n \r\nLearn More https://www.youtube.com/watch?v=JfRrd79oCfk?13061','2024-04-17 12:18:24','2024-04-17 12:18:24'),(79,'Cyrus Sandoval','cyrusrsandoval77@gmail.com','88','Cszxhkpu N','Hi,\r\n\r\nI just came across your gemmproductions.com website. I really like the great design and usability of it. It’s really nice.\r\n\r\nThis is Cyrus. I worked as a Social Media Management specialist. We specialized in constantly updating the social media handles of companies over the last few years using eye catching images and engaging captions. By following this habit, it builds trust when people see that you have an updated social media handles. Trust builds confidence for customers. And when they are confident, they are likely to convert into customers.\r\n\r\nI\'d be happy to give you a test drive of our service. A total of 7 free social media posts.\r\n\r\nI would love the chance to discuss how we can contribute to the growth of gemmproductions.com through effective social media management. Are you available for a quick chat to explore this further? I’d be delighted to get in touch.\r\n\r\nAll the best,\r\nCyrus Sandoval\r\nSocial Media Management Specialist\r\ncyrusrsandoval77@gmail.com','2024-04-20 20:20:22','2024-04-20 20:20:22'),(80,'Harrison Harr','harr.harrison@hotmail.com','41566511','Harrison Harr','Fully-automated software for SET & FORGET traffic 24/7\r\n\r\nUltra-fast SAME DAY results\r\n\r\n100% free traffic 24/7, 365 days.\r\n\r\nTargeted buyers IN ANY NICHE from a leading authority platform\r\n\r\nUnlimited traffic source can never be saturated & is UNTAPPED by 99% of online marketers\r\n\r\nhttps://instantrealtraffic.com/traffic','2024-04-22 22:05:41','2024-04-22 22:05:41'),(81,'Daniel','linkwebpro@mail.ru','83659986413','google','<a href=https://creditcardbank.ru/>кредитные карты уфа</a>  \r\n<a href=https://creditcardbank.ru/>кредитная карта займ</a> \r\nНавигация по миру финансов может быть непростой задачей. Но с нашим каталогом финансовых продуктов у вас есть надежный компас, который поможет вам найти путь. \r\nНаш обширный список финансовых продуктов предоставляет вам всю необходимую информацию для принятия обоснованных решений. С нашими подробными обзорами, сравнениями и рейтингами вы можете легко определить продукты, которые наилучшим образом соответствуют вашим потребностям и целям. \r\nНе позволяйте финансовым решениям вызывать у вас головную боль. Посетите наш каталог финансовых продуктов сегодня и найдите свой путь к финансовому успеху.','2024-04-25 09:03:21','2024-04-25 09:03:21'),(82,'CharlesWew','yourmail@gmail.com','86155149117','google','Hey, I visited your site and I think that your content is amazing! It is really engaging and original, you must have worked so hard to generate such a quality content. \r\n \r\nMy name is Natasha from ForeMedia and I help website owners with great websites to maximize the revenue they make from their website. \r\n \r\nI would love to buy Ad Spaces on your website and pay you per each impression of the ads on your site. We are Google Ad Exchange Premium partners and we work with more than 100 Ad Network & thousands of premium direct advertisers who would LOVE to buy Ads directly from your site and we can guarantee to increase your revenue by at least 45% compared to other advertising solutions you are currently using. \r\nYou deserve to earn more for your content and maximize your earning potential and I will help you unlock that potential! \r\nThere is no cost, you can register to our monetization platform for free on this link: https://foremedia-ads.net \r\nI will be available for you on the Live Chat if you need any help, or you can email me back to: natasha@foremedia-ads.net if you have any questions. \r\nI have at least 17 Premium Advertisers that have asked me to approach you because they would like to advertise on your website on Premium eCPM <cost>per impressions] basis. \r\nHave a good day & feel free to ping me for any question! \r\nClick the link here for 1 minute registration to our platform <it>s free!]: https://foremedia-ads.net \r\nForeMedia - Earn Money With Your Website \r\nhttps://foremedia-ads.net','2024-04-25 13:19:18','2024-04-25 13:19:18'),(83,'Star Rivers','rivers.star50@gmail.com','2771432786','Star Rivers','I\'ve saw that your gemmproductions.com website could be missing out on approximately 1,000 visitors daily. Our AI powered traffic system is designed to significantly increase your site\'s visibility: https://tinyurl.com/4cmxvy6k\r\nWe\'re offering a free trial that includes 500 targeted visitors to demonstrate the potential benefits. After the trial, we can provide up to 250,000 targeted visitors per month. This opportunity could greatly enhance your website\'s reach and engagement.','2024-04-29 12:03:15','2024-04-29 12:03:15'),(84,'Andrew','linkwebpro@mail.ru','88144376573','google','Каталог вакансий - Ваш надежный источник по поиску работы \r\nНайдите свою идеальную работу с Категорией вакансий! Мы предлагаем обширную базу данных вакансий из различных отраслей и регионов. С нами вы сможете: \r\nПросматривать актуальные объявления о вакансиях. \r\n<a href=https://workhiring.ru/>курьеры</a> \r\nФильтровать результаты по местоположению, отрасли и ключевым словам. \r\nСоздать персонализированные оповещения, чтобы быть в курсе новых возможностей. \r\nСохранять и сравнивать вакансии для удобства \r\nЗагружать резюме одним щелчком мыши, чтобы подать заявку на интересующие вакансии.','2024-05-01 07:15:59','2024-05-01 07:15:59'),(85,'Masonkek','kaenquirynicholls@gmail.com','84949966339','google','Kaixo, zure prezioa jakin nahi nuen.','2024-05-02 17:59:42','2024-05-02 17:59:42'),(86,'Сергей','linkwebpro@mail.ru','81414871146','google','Каталог финансовых продуктов: ваш гид в мире финансов \r\nИщете удобный способ сравнить и выбрать финансовые продукты? Загляните в наш каталог финансовых продуктов! У нас есть все, что вам нужно, от кредитов и дебетовых карт до сберегательных счетов и инвестиций. \r\n<a href=https://creditcardbank.ru/>займ деньги</a> \r\nС нашим удобным поисковым инструментом вы можете быстро и легко найти продукты, соответствующие вашим конкретным потребностям. А благодаря нашим подробным обзорам и сравнениям вы можете быть уверены, что принимаете обоснованное решение.','2024-05-04 17:55:38','2024-05-04 17:55:38'),(87,'Robertbop','maski8Suelm@hotmail.com','89785711677','google','Good afternoon! We give you a promo code - ZBXM777 \r\nActivate it in your personal account after registering on www.cexasia.pro \r\nAnd you will receive up to 1000 USDT on your deposit. Happy trading!','2024-05-11 07:01:17','2024-05-11 07:01:17'),(88,'Douglas Griffin','skalld24896@gmail.com','3919955650','Shelli Sloan','hey, I did a free marketing video for your website, is this a good place to send it?','2024-05-12 05:17:13','2024-05-12 05:17:13'),(89,'zakaz-na-diplom.ru','zakaz-na-diplom@forfreedating.uk','85636937618','google','Завершение учебы диплома является основным этапом в пути всякого индивидуума, определяет его перспективы и профессиональные перспективы - https://zakaz-na-diplom.ru. Аттестат даёт доступ двери к новым перспективам и возможностям, гарантируя возможность к высококачественному получению знаний и престижным специальностям. В нынешнем мире, где в конкуренция на трудовом рынке всё увеличивается, наличие аттестата делает жизненно важным требованием для успешной карьеры. Диплом утверждает ваши знания, умения и навыки, навыки и умения перед работодателями и социумом в общем. Кроме того, диплом дарует уверенность и укрепляет самооценку, что помогает персональному развитию и саморазвитию. Завершение учебы диплома также вложением в будущее, предоставляя устойчивость и достойный стандарт проживания. Поэтому важно уделять должное внимание и время образованию и стремиться к его получению, чтобы добиться успех и удовлетворение от собственной труда. \r\nАттестат не лишь символизирует личное образование, но и отражает вашу самодисциплину, усердие и упорство в достижении задач. Он является результатом труда и вложенных усилий, вкладываемых в учебу и саморазвитие. Получение диплома открывает перед вами свежие перспективы возможностей, позволяя выбирать среди разнообразия направлений и профессиональных направлений. Помимо этого предоставляет вам базис знаний и навыков и навыков, необходимых для для успешной практики в нынешнем обществе, полном трудностями и переменами. Кроме того, диплом считается свидетельством вашей компетентности и квалификации, что улучшает вашу привлекательность для работодателей на трудовом рынке и открывает перед вами двери к лучшим шансам для профессионального роста. Итак, получение диплома не только обогащает ваше личное и профессиональное самосовершенствование, а также раскрывает вами новые и перспективы для достижения и мечтаний.','2024-05-13 19:38:05','2024-05-13 19:38:05'),(90,'Williamtut','kathleenselph@icloud.com','85781419243','google','Welcome to https://Accstores.com, where accessibility meets innovation. Our platform is dedicated to revolutionizing web accessibility, offering a diverse array of cutting-edge solutions tailored to meet the needs of users of all abilities. From intuitive design tools to comprehensive accessibility audits, we empower businesses to create digital experiences that are inclusive and barrier-free. Join us in our mission to make the web accessible to everyone, everywhere. Explore https://Accstores.com today and take the first step towards a more inclusive online world. \r\n \r\n \r\nvisit The Following Website Page \r\nhttps://Accstores.com','2024-05-14 05:07:21','2024-05-14 05:07:21'),(91,'Сергей','linkwebpro@mail.ru','83855992611','google','Каталог финансовых продуктов: ваш финансовый компас \r\nНавигация по миру финансов может быть непростой задачей. Но с нашим каталогом финансовых продуктов у вас есть надежный компас, который поможет вам найти путь. \r\nНаш обширный список финансовых продуктов предоставляет вам всю необходимую информацию для принятия обоснованных решений. \r\n<a href=https://creditcardbank.ru/>займы</a> \r\nС нашими подробными обзорами, сравнениями и рейтингами вы можете легко определить продукты, которые наилучшим образом соответствуют вашим потребностям и целям. \r\nНе позволяйте финансовым решениям вызывать у вас головную боль. Посетите наш каталог финансовых продуктов сегодня и найдите свой путь к финансовому успеху.','2024-05-15 23:01:25','2024-05-15 23:01:25'),(92,'RobertInsap','vova80918@mail.ru','85785263562','google','Ремонт квартир под ключ в СПб от компании “Ремонт-П”: высокое качество, надежность и индивидуальный подход. \r\n \r\n<a href=https://remont-p.ru/uslugi/remont-kvartir>петрович ремонт квартир спб под ключ</a> Ищете надежную компанию для ремонта вашей квартиры в Санкт-Петербурге? “Ремонт-П” предлагает полный спектр услуг по ремонту квартир под ключ. Наша команда профессионалов гарантирует высокое качество работ, соблюдение сроков и индивидуальный подход к каждому проекту. Мы используем только качественные материалы и современное оборудование, чтобы обеспечить долговечность и надежность результата. Сделайте вашу квартиру еще более комфортной и современной с помощью ремонта от “Ремонт-П” \r\n \r\n<a href=https://remont-p.ru/uslugi/remont-kvartir>ремонт двухкомнатной квартиры под ключ цена спб</a>| \r\nРемонт однокомнатной квартиры под ключ в СПб: цены и преимущества от компании “Ремонт-П” в Санкт-Петербурге. \r\nИщете надежного подрядчика для ремонта однокомнатной квартиры в Санкт-Петербурге? \r\nРемонт квартир под ключ в СПб от компании “Ремонт-П”: высокое качество, надежность и индивидуальный подход. \r\n \r\n<a href=https://remont-p.ru/uslugi/remont-kvartir>спб ремонт квартир под ключ цена</a> Ищете надежную компанию для ремонта вашей квартиры в Санкт-Петербурге? “Ремонт-П” предлагает полный спектр услуг по ремонту квартир под ключ. Наша команда профессионалов гарантирует высокое качество работ, соблюдение сроков и индивидуальный подход к каждому проекту. Мы используем только качественные материалы и современное оборудование, чтобы обеспечить долговечность и надежность результата. Сделайте вашу квартиру еще более комфортной и современной с помощью ремонта от “Ремонт-П” \r\n \r\n<a href=https://remont-p.ru/>ремонт и дизайн квартиры под ключ спб</a> \r\nКомпания “Ремонт-П” предлагает полный комплекс услуг по ремонту квартир под ключ. Мы гарантируем высокое качество работ, соблюдение сроков и индивидуальный подход к каждому проекту. Наши специалисты помогут вам создать уютное и комфортное пространство, соответствующее вашим пожеланиям и бюджету. Сделайте первый шаг к обновлению вашего дома уже сегодня! \r\nРемонт квартир под ключ в СПб от компании “Ремонт-П”: высокое качество, надежность и индивидуальный подход. \r\n \r\n<a href=https://remont-p.ru/uslugi/remont-kvartir>ремонт отделка квартир под ключ спб</a> Ищете надежную компанию для ремонта вашей квартиры в Санкт-Петербурге? “Ремонт-П” предлагает полный спектр услуг по ремонту квартир под ключ. Наша команда профессионалов гарантирует высокое качество работ, соблюдение сроков и индивидуальный подход к каждому проекту. Мы используем только качественные материалы и современное оборудование, чтобы обеспечить долговечность и надежность результата. Сделайте вашу квартиру еще более комфортной и современной с помощью ремонта от “Ремонт-П” \r\n \r\n<a href=https://remont-p.ru/>дизайн и ремонт квартиры под ключ спб</a>| \r\nРемонт и дизайн квартир в Санкт-Петербурге: преображение вашего пространства от компании “Ремонт-П. \r\nРемонт квартир под ключ в СПб от компании “Ремонт-П”: высокое качество, надежность и индивидуальный подход. \r\n \r\n<a href=https://remont-p.ru/uslugi/remont-kvartir>спб ремонт квартиры под ключ цены</a> Ищете надежную компанию для ремонта вашей квартиры в Санкт-Петербурге? “Ремонт-П” предлагает полный спектр услуг по ремонту квартир под ключ. Наша команда профессионалов гарантирует высокое качество работ, соблюдение сроков и индивидуальный подход к каждому проекту. Мы используем только качественные материалы и современное оборудование, чтобы обеспечить долговечность и надежность результата. Сделайте вашу квартиру еще более комфортной и современной с помощью ремонта от “Ремонт-П” \r\n \r\n<a href=https://remont-p.ru/uslugi/remont-kvartir>работа ремонт квартир под ключ спб</a> \r\nХотите обновить интерьер своей квартиры в Санкт-Петербурге? Компания “Ремонт-П” предлагает комплексные услуги по ремонту и дизайну квартир. Наши опытные специалисты помогут вам воплотить в жизнь любые идеи и создать уникальное пространство, отражающее ваш стиль и характер. Мы используем только качественные материалы и современные технологии, чтобы гарантировать долговечность и надежность результата. Сделайте первый шаг к обновлению вашего дома уже сегодня! \r\nРемонт квартир под ключ в СПб от компании “Ремонт-П”: высокое качество, надежность и индивидуальный подход. \r\n \r\n<a href=https://remont-p.ru/>ремонт и дизайн квартир спб под ключ</a> Ищете надежную компанию для ремонта вашей квартиры в Санкт-Петербурге? “Ремонт-П” предлагает полный спектр услуг по ремонту квартир под ключ. Наша команда профессионалов гарантирует высокое качество работ, соблюдение сроков и индивидуальный подход к каждому проекту. Мы используем только качественные материалы и современное оборудование, чтобы обеспечить долговечность и надежность результата. Сделайте вашу квартиру еще более комфортной и современной с помощью ремонта от “Ремонт-П” \r\n \r\n<a href=https://remont-p.ru/uslugi/remont-kvartir>квартира ремонт под ключ цены спб</a>| \r\nРемонт квартир под ключ в СПб от компании “Ремонт-П”: высокое качество, надежность и индивидуальный подход. \r\n \r\n<a href=https://remont-p.ru/>ремонт квартиры спб под ключ недорого</a> Ищете надежную компанию для ремонта вашей квартиры в Санкт-Петербурге? “Ремонт-П” предлагает полный спектр услуг по ремонту квартир под ключ. Наша команда профессионалов гарантирует высокое качество работ, соблюдение сроков и индивидуальный подход к каждому проекту. Мы используем только качественные материалы и современное оборудование, чтобы обеспечить долговечность и надежность результата. Сделайте вашу квартиру еще более комфортной и современной с помощью ремонта от “Ремонт-П” \r\n \r\n<a href=https://remont-p.ru/uslugi/remont-kvartir>прайс ремонт квартиры под ключ спб</a>| \r\nДизайнерский ремонт квартир в Санкт-Петербурге: воплощение ваших идей от компании “Ремонт-П. \r\nРемонт квартир под ключ в СПб от компании “Ремонт-П”: высокое качество, надежность и индивидуальный подход. \r\n \r\n<a href=https://remont-p.ru/uslugi/remont-kvartir>ремонт квартиры под ключ спб цена</a> Ищете надежную компанию для ремонта вашей квартиры в Санкт-Петербурге? “Ремонт-П” предлагает полный спектр услуг по ремонту квартир под ключ. Наша команда профессионалов гарантирует высокое качество работ, соблюдение сроков и индивидуальный подход к каждому проекту. Мы используем только качественные материалы и современное оборудование, чтобы обеспечить долговечность и надежность результата. Сделайте вашу квартиру еще более комфортной и современной с помощью ремонта от “Ремонт-П” \r\n \r\n<a href=https://remont-p.ru/>ремонт квартир под ключ спб авито</a> \r\nМечтаете о квартире, которая отражает вашу индивидуальность? \r\nКомпания “Ремонт-П” предлагает услуги по дизайнерскому ремонту квартир в Санкт-Петербурге. \r\nНаши опытные дизайнеры и мастера помогут вам создать уникальный интерьер, который будет радовать вас каждый день. \r\nМы используем только качественные материалы и современные технологии, чтобы гарантировать долговечность и надежность результата. \r\nСделайте первый шаг к обновлению вашего дома уже сегодня! \r\nРемонт квартир под ключ в СПб от компании “Ремонт-П”: высокое качество, надежность и индивидуальный подход. \r\n \r\n<a href=https://remont-p.ru/uslugi/remont-kvartir>ремонт квартир в спб под ключ работа</a> Ищете надежную компанию для ремонта вашей квартиры в Санкт-Петербурге? “Ремонт-П” предлагает полный спектр услуг по ремонту квартир под ключ. Наша команда профессионалов гарантирует высокое качество работ, соблюдение сроков и индивидуальный подход к каждому проекту. Мы используем только качественные материалы и современное оборудование, чтобы обеспечить долговечность и надежность результата. Сделайте вашу квартиру еще более комфортной и современной с помощью ремонта от “Ремонт-П” \r\n \r\n<a href=https://remont-p.ru/uslugi/remont-kvartir>ремонт квартир недорого в спб под ключ</a>| \r\n \r\nКачественный ремонт квартиры в СПб под ключ: доверьте свой комфорт профессионалам компании “Ремонт-П. \r\nРемонт квартир под ключ в СПб от компании “Ремонт-П”: высокое качество, надежность и индивидуальный подход. \r\n \r\n<a href=https://remont-p.ru/uslugi/remont-kvartir>стоимость ремонта квартир под ключ в спб</a> Ищете надежную компанию для ремонта вашей квартиры в Санкт-Петербурге? “Ремонт-П” предлагает полный спектр услуг по ремонту квартир под ключ. Наша команда профессионалов гарантирует высокое качество работ, соблюдение сроков и индивидуальный подход к каждому проекту. Мы используем только качественные материалы и современное оборудование, чтобы обеспечить долговечность и надежность результата. Сделайте вашу квартиру еще более комфортной и современной с помощью ремонта от “Ремонт-П” \r\n \r\n<a href=https://remont-p.ru/uslugi/remont-kvartir/remont-odnokomnatnyix-kvartir>ремонт однокомнатных квартир под ключ в спб</a> \r\nХотите обновить свою квартиру в Санкт-Петербурге? Компания “Ремонт-П” \r\nРемонт квартир под ключ в СПб от компании “Ремонт-П”: высокое качество, надежность и индивидуальный подход. \r\n \r\n<a href=https://remont-p.ru/>дизайн квартиры под ключ спб и ремонт</a> Ищете надежную компанию для ремонта вашей квартиры в Санкт-Петербурге? “Ремонт-П” предлагает полный спектр услуг по ремонту квартир под ключ. Наша команда профессионалов гарантирует высокое качество работ, соблюдение сроков и индивидуальный подход к каждому проекту. Мы используем только качественные материалы и современное оборудование, чтобы обеспечить долговечность и надежность результата. Сделайте вашу квартиру еще более комфортной и современной с помощью ремонта от “Ремонт-П” \r\n \r\n<a href=https://remont-p.ru/uslugi/remont-kvartir/remont-odnokomnatnyix-kvartir>ремонт 1 квартиры в спб под ключ</a> \r\nпредлагает услуги по качественному ремонту квартир под ключ. Наши опытные мастера и специалисты помогут вам создать уютное и комфортное пространство, соответствующее вашим пожеланиям и бюджету. Мы используем только качественные материалы и современное оборудование, чтобы обеспечить долговечность и надежность результата. Сделайте первый шаг к обновлению вашего дома уже сегодня! \r\nРемонт квартир под ключ в СПб от компании “Ремонт-П”: высокое качество, надежность и индивидуальный подход. \r\n \r\n<a href=https://remont-p.ru/uslugi/remont-kvartir>рассчитать ремонт квартиры под ключ калькулятор спб</a> Ищете надежную компанию для ремонта вашей квартиры в Санкт-Петербурге? “Ремонт-П” предлагает полный спектр услуг по ремонту квартир под ключ. Наша команда профессионалов гарантирует высокое качество работ, соблюдение сроков и индивидуальный подход к каждому проекту. Мы используем только качественные материалы и современное оборудование, чтобы обеспечить долговечность и надежность результата. Сделайте вашу квартиру еще более комфортной и современной с помощью ремонта от “Ремонт-П” \r\n \r\n<a href=https://remont-p.ru/uslugi/remont-kvartir>ремонт квартир под ключ новостройка цены спб</a>','2024-05-15 23:08:08','2024-05-15 23:08:08'),(93,'Karla Packer','karla.packer@googlemail.com','679512901','Karla Packer','I\'ve saw that your gemmproductions.com website could be missing out on approximately 1,000 visitors daily. Our AI powered traffic system is designed to significantly increase your site\'s visibility: https://cutt.ly/Bew8fcfQ\r\nWe\'re offering a free trial that includes 500 targeted visitors to demonstrate the potential benefits. After the trial, we can provide up to 250,000 targeted visitors per month. This opportunity could greatly increase your website\'s reach and traffic.','2024-05-16 12:42:11','2024-05-16 12:42:11'),(94,'Andrew','linkwebpro@mail.ru','89128658974','google','Каталог вакансий - конечный пункт назначения для всех, кто ищет работу. Мы соединяем соискателей с ведущими работодателями, предлагая: \r\nДоступ к обширной сети вакансий в режиме реального времени. \r\nУдобный поисковый интерфейс с расширенными фильтрами. \r\n<a href=https://workhiring.ru/>работа всем</a> \r\nПерсонализированные рекомендации на основе ваших навыков и интересов. \r\nЭксклюзивные партнерства с ведущими компаниями. \r\nБесплатные инструменты для создания и оптимизации вашего резюме.','2024-05-16 15:13:23','2024-05-16 15:13:23'),(95,'Denice Edmonson','denice.edmonson@gmail.com','882565224','Denice Edmonson','Use AI to amplify your TikTok account organically for free for 7 days. Our system uses AI to target users based on trending topics and fans of related TikTok accounts. There are only nine slots left here. Grab your spot now: https://cutt.ly/Cew8adYD','2024-05-17 04:27:04','2024-05-17 04:27:04'),(96,'ThomasPriow','222322@meteo.gold','81818265363','google','В современном мире, где аттестат становится началом успешной карьеры в любом направлении, многие стараются найти максимально простой путь получения качественного образования. Наличие официального документа сложно переоценить. Ведь диплом открывает двери перед каждым человеком, желающим начать профессиональную деятельность или продолжить обучение в ВУЗе. \r\nПредлагаем оперативно получить этот необходимый документ. Вы сможете заказать аттестат, что будет удачным решением для всех, кто не смог завершить образование или потерял документ. Все аттестаты изготавливаются аккуратно, с максимальным вниманием ко всем элементам. На выходе вы сможете получить документ, полностью соответствующий оригиналу. \r\nПреимущество данного решения заключается не только в том, что вы сможете быстро получить свой аттестат. Весь процесс организовывается комфортно, с нашей поддержкой. От выбора необходимого образца документа до консультации по заполнению персональных данных и доставки в любой регион страны — все находится под полным контролем квалифицированных специалистов. \r\nДля всех, кто хочет найти оперативный способ получить необходимый документ, наша компания предлагает отличное решение. Заказать аттестат - это значит избежать долгого обучения и не теряя времени перейти к важным целям, будь то поступление в ВУЗ или начало карьеры. \r\nhttps://diplomans-rossians.com/','2024-05-21 11:57:46','2024-05-21 11:57:46'),(97,'AlfredLep','hershelnix9225@icloud.com','83145434863','google','Experience the power of inclusivity with https://Accstores.com. Our platform provides a comprehensive array of tools and services designed to make websites accessible to all users. From automated testing to expert consultation, we offer tailored solutions to meet your accessibility needs. Join us in creating a web that welcomes everyone. Explore https://Accstores.com today and revolutionize your online presence. \r\n \r\n \r\njust Click The Up Coming Post \r\nhttps://Accstores.com','2024-05-22 14:56:29','2024-05-22 14:56:29'),(98,'hendra sutadi','hendra_sutadi@kristamedia.com','087884332150','Kristamedia','I hope you\'re doing great!\r\n\r\nFirst let me introduce my name is Hendra, PIC for ALL AMUSEMENT INDONESIA EXPO 2024 who will assist you.\r\n\r\nWe will hold an Exhibition ALL AMUSEMENT INDONESIA EXPO 2024, with segment industry Amusement, Attraction, Virtual Reality, Games, Music, and Interactive Technologies.\r\n\r\nThis exhibition will be held in conjunction with PRO AVL INDONESIA EXPO 2024 with segment industry of Professional Audio, Visual, Lighting, Music Instrument, Entertainment, Digital Media Technology, Lighting Equipment and System, Hospitality Technology, LED\'s Screen / Video, Broadcast & Media Technology.\r\n\r\nI want to invite you to become one of our Exhibitor. If you got question to ask or wants to know more about the exhibition, please do not hesitate to contact me. Thankyou and have a great day','2024-05-28 07:49:13','2024-05-28 07:49:13'),(99,'Richard Collins','richard@eventuelldatabase.com','2096248506','Eventuell Database Inc.','Hello,\r\n\r\nI wanted to get in touch with you to see if you would be interested in receiving our most recent updated database of Entertainment Industry.\r\n\r\nWe provide B2B data list. I am sure this list would be helpful for your business. (We also provide targeted business lists based on your target criteria)  \r\n\r\nWe have a customized verified list of Professionals, Contractors and Consultants, Food and Beverage Managers, Malls and Retail Managers, Investors and Entrepreneurs, Municipal and local authorities, Opera houses, theatres, and cinemas, Owners, Managers, Operators from all formats of family entertainment, leisure and tourists\' attractions including parks, museums, aquariums, zoos, hotels, Supplier of Products and Services and more.\r\n\r\nIndustries: Parks & Attractions, Malls, FECs, Food & Beverage, Hotels & Resorts, Cinemas & Theatres, Event Organizers, Government Bodies, Manufacturers, Distributors, Consultancy Firms, Investors, Property Developer, Safesty & Security.\r\n\r\nIf you want to receive a complimentary sample for review, kindly provide us following details below:  \r\n\r\n•	Target Industry/Audience/Sector: _________________\r\n•	Target Job titles/Functions: ______________________\r\n•	Geographies you want to target: __________________\r\n\r\nlooking forward to hearing from you soon.  \r\n\r\nBest regards, \r\nRichard Collins\r\nEventuell Database Inc \r\n \r\nNote: If you are not interested, reply with an \"opt out\" in the subject line','2024-05-30 22:52:41','2024-05-30 22:52:41'),(100,'Richard Collins','richard@eventuelldatabase.com','2096248506','Eventuell Database Inc.','Hello,\r\n\r\nI wanted to get in touch with you to see if you would be interested in receiving our most recent updated database of Entertainment Industry.\r\n\r\nWe provide B2B data list. I am sure this list would be helpful for your business. (We also provide targeted business lists based on your target criteria)  \r\n\r\nWe have a customized verified list of Professionals, Contractors and Consultants, Food and Beverage Managers, Malls and Retail Managers, Investors and Entrepreneurs, Municipal and local authorities, Opera houses, theatres, and cinemas, Owners, Managers, Operators from all formats of family entertainment, leisure and tourists\' attractions including parks, museums, aquariums, zoos, hotels, Supplier of Products and Services and more.\r\n\r\nIndustries: Parks & Attractions, Malls, FECs, Food & Beverage, Hotels & Resorts, Cinemas & Theatres, Event Organizers, Government Bodies, Manufacturers, Distributors, Consultancy Firms, Investors, Property Developer, Safesty & Security.\r\n\r\nIf you want to receive a complimentary sample for review, kindly provide us following details below:  \r\n\r\n•	Target Industry/Audience/Sector: _________________\r\n•	Target Job titles/Functions: ______________________\r\n•	Geographies you want to target: __________________\r\n\r\nlooking forward to hearing from you soon.  \r\n\r\nBest regards, \r\nRichard Collins\r\nEventuell Database Inc \r\n \r\nNote: If you are not interested, reply with an \"opt out\" in the subject line','2024-05-30 23:13:04','2024-05-30 23:13:04'),(101,'Lindawacle','davislathrop4227@icloud.com','82622816273','google','Empower your digital presence with https://Accstores.com, your go-to destination for web accessibility solutions. From automated testing to expert consultation, we offer comprehensive tools and services to ensure inclusivity for all users. Join us in creating a more accessible online experience. Explore https://Accstores.com today and unlock the potential of accessibility. \r\n \r\njust Click The Next Web Site \r\nhttps://Accstores.com','2024-05-31 19:38:27','2024-05-31 19:38:27'),(102,'Henrytex','alesha.tyurin.86@mail.ru','82459514497','google','Цены на покупку диплома могут сильно варьироваться в зависимости от уровня образования, \r\nспециальности и страны, в которой был выдан диплом. Обычно цена за покупку диплома колеблется от нескольких сотен до нескольких тысяч долларов. Однако следует помнить, что покупка диплома является незаконной и может иметь серьезные последствия, включая уголовную ответственность. \r\nРекомендуется получить диплом легальным путем мы вам помежем получить диплоиы такие как  \r\n<a href=https://russdiplomik.com/atestat-za-9-klass.html>9 класс аттестат</a> через обучение в учебном заведении. \r\n \r\n \r\nhttps://russdiplomik.com/ \r\nhttps://russdiplomik.com/shtukatura.html \r\n \r\n123','2024-06-02 20:41:46','2024-06-02 20:41:46'),(103,'Luz Blewett','luz.blewett@hotmail.com','7071815600','Luz Blewett','I\'ve noticed that your gemmproductions.com website could be missing out on approximately 1,000 visitors daily. Our AI powered traffic system is designed to significantly boost your site\'s visibility: https://tinyurl.com/bdhyuajv\r\nWe\'re offering a free trial that includes 500 targeted visitors to demonstrate the potential benefits. After the trial, we can provide up to 250,000 targeted visitors per month. This service could greatly increase your website\'s reach and traffic.','2024-06-07 05:41:24','2024-06-07 05:41:24');

--
-- Table structure for table `event_rentals`
--

CREATE TABLE `event_rentals` (
  `id` bigint unsigned NOT NULL AUTO_INCREMENT,
  `user_id` int NOT NULL,
  `event_name` varchar(191) CHARACTER SET utf8mb4 COLLATE utf8mb4_unicode_ci NOT NULL,
  `event_date` date NOT NULL,
  `equipment_data` longtext CHARACTER SET utf8mb4 COLLATE utf8mb4_unicode_ci NOT NULL,
  `event_notes` longtext CHARACTER SET utf8mb4 COLLATE utf8mb4_unicode_ci NOT NULL,
  `status` int NOT NULL DEFAULT '0',
  `created_at` timestamp NULL DEFAULT NULL,
  `updated_at` timestamp NULL DEFAULT NULL,
  `event_person_name` varchar(191) CHARACTER SET utf8mb4 COLLATE utf8mb4_unicode_ci NOT NULL,
  `event_phone` varchar(191) CHARACTER SET utf8mb4 COLLATE utf8mb4_unicode_ci NOT NULL,
  `event_location` varchar(255) CHARACTER SET utf8mb4 COLLATE utf8mb4_unicode_ci NOT NULL,
  PRIMARY KEY (`id`)
) ENGINE=InnoDB AUTO_INCREMENT=4 DEFAULT CHARSET=utf8mb4 COLLATE=utf8mb4_unicode_ci;

--
-- Dumping data for table `event_rentals`
--

INSERT INTO `event_rentals` VALUES (1,9,'Melanie Buckley','2023-10-20','{\"1697782796928\":{\"qty\":\"20\",\"days\":\"12\",\"id\":\"1\",\"name\":\"Sl33 Vinyl Lp Jukebox\"}}','Culpa magni perspic',0,'2023-10-20 00:50:01','2023-10-20 00:50:01','Quail Farrell','1259394959','Fugiat nulla pariatu'),(2,1,'Test','2023-11-10','{\"1699017169387\":{\"qty\":\"3\",\"days\":\"4\",\"id\":\"1\",\"name\":\"Sl33 Vinyl Lp Jukebox\"}}','test notes',0,'2023-11-03 07:42:52','2023-11-03 07:42:52','Super admin','0546666666','Dubai'),(3,1,'test','2023-11-22','{\"1699019558900\":{\"qty\":\"1\",\"days\":\"4\",\"id\":\"1\",\"name\":\"Sl33 Vinyl Lp Jukebox\"}}','hi',0,'2023-11-03 08:22:42','2023-11-03 08:22:42','test','000000000000','dibai');

--
-- Table structure for table `failed_jobs`
--

CREATE TABLE `failed_jobs` (
  `id` bigint unsigned NOT NULL AUTO_INCREMENT,
  `uuid` varchar(255) CHARACTER SET utf8mb4 COLLATE utf8mb4_unicode_ci NOT NULL,
  `connection` text CHARACTER SET utf8mb4 COLLATE utf8mb4_unicode_ci NOT NULL,
  `queue` text CHARACTER SET utf8mb4 COLLATE utf8mb4_unicode_ci NOT NULL,
  `payload` longtext CHARACTER SET utf8mb4 COLLATE utf8mb4_unicode_ci NOT NULL,
  `exception` longtext CHARACTER SET utf8mb4 COLLATE utf8mb4_unicode_ci NOT NULL,
  `failed_at` timestamp NOT NULL DEFAULT CURRENT_TIMESTAMP,
  PRIMARY KEY (`id`),
  UNIQUE KEY `failed_jobs_uuid_unique` (`uuid`)
) ENGINE=InnoDB AUTO_INCREMENT=33 DEFAULT CHARSET=utf8mb4 COLLATE=utf8mb4_unicode_ci;

--
-- Dumping data for table `failed_jobs`
--

INSERT INTO `failed_jobs` VALUES (25,'80bd5ae1-d5e9-4cb1-897f-f109a56bff3d','database','default','{\"uuid\":\"80bd5ae1-d5e9-4cb1-897f-f109a56bff3d\",\"displayName\":\"App\\\\Mail\\\\SendOtp\",\"job\":\"Illuminate\\\\Queue\\\\CallQueuedHandler@call\",\"maxTries\":null,\"maxExceptions\":null,\"failOnTimeout\":false,\"backoff\":null,\"timeout\":null,\"retryUntil\":null,\"data\":{\"commandName\":\"Illuminate\\\\Mail\\\\SendQueuedMailable\",\"command\":\"O:34:\\\"Illuminate\\\\Mail\\\\SendQueuedMailable\\\":13:{s:8:\\\"mailable\\\";O:16:\\\"App\\\\Mail\\\\SendOtp\\\":29:{s:22:\\\"\\u0000App\\\\Mail\\\\SendOtp\\u0000data\\\";a:2:{s:3:\\\"otp\\\";i:6927;s:5:\\\"email\\\";s:15:\\\"meherban@bwc.ae\\\";}s:6:\\\"locale\\\";N;s:4:\\\"from\\\";a:0:{}s:2:\\\"to\\\";a:0:{}s:2:\\\"cc\\\";a:0:{}s:3:\\\"bcc\\\";a:0:{}s:7:\\\"replyTo\\\";a:0:{}s:7:\\\"subject\\\";N;s:8:\\\"markdown\\\";N;s:7:\\\"\\u0000*\\u0000html\\\";N;s:4:\\\"view\\\";N;s:8:\\\"textView\\\";N;s:8:\\\"viewData\\\";a:0:{}s:11:\\\"attachments\\\";a:0:{}s:14:\\\"rawAttachments\\\";a:0:{}s:15:\\\"diskAttachments\\\";a:0:{}s:9:\\\"callbacks\\\";a:0:{}s:5:\\\"theme\\\";N;s:6:\\\"mailer\\\";s:4:\\\"smtp\\\";s:29:\\\"\\u0000*\\u0000assertionableRenderStrings\\\";N;s:10:\\\"connection\\\";N;s:5:\\\"queue\\\";N;s:15:\\\"chainConnection\\\";N;s:10:\\\"chainQueue\\\";N;s:19:\\\"chainCatchCallbacks\\\";N;s:5:\\\"delay\\\";N;s:11:\\\"afterCommit\\\";N;s:10:\\\"middleware\\\";a:0:{}s:7:\\\"chained\\\";a:0:{}}s:5:\\\"tries\\\";N;s:7:\\\"timeout\\\";N;s:17:\\\"shouldBeEncrypted\\\";b:0;s:10:\\\"connection\\\";N;s:5:\\\"queue\\\";N;s:15:\\\"chainConnection\\\";N;s:10:\\\"chainQueue\\\";N;s:19:\\\"chainCatchCallbacks\\\";N;s:5:\\\"delay\\\";N;s:11:\\\"afterCommit\\\";N;s:10:\\\"middleware\\\";a:0:{}s:7:\\\"chained\\\";a:0:{}}\"}}','Swift_TransportException: Connection could not be established with host mailhog :stream_socket_client(): php_network_getaddresses: getaddrinfo for mailhog failed: Temporary failure in name resolution in /var/www/html/gemmproductions/v1/vendor/swiftmailer/swiftmailer/lib/classes/Swift/Transport/StreamBuffer.php:261\nStack trace:\n#0 [internal function]: Swift_Transport_StreamBuffer->{closure}()\n#1 /var/www/html/gemmproductions/v1/vendor/swiftmailer/swiftmailer/lib/classes/Swift/Transport/StreamBuffer.php(264): stream_socket_client()\n#2 /var/www/html/gemmproductions/v1/vendor/swiftmailer/swiftmailer/lib/classes/Swift/Transport/StreamBuffer.php(58): Swift_Transport_StreamBuffer->establishSocketConnection()\n#3 /var/www/html/gemmproductions/v1/vendor/swiftmailer/swiftmailer/lib/classes/Swift/Transport/AbstractSmtpTransport.php(143): Swift_Transport_StreamBuffer->initialize()\n#4 /var/www/html/gemmproductions/v1/vendor/swiftmailer/swiftmailer/lib/classes/Swift/Mailer.php(65): Swift_Transport_AbstractSmtpTransport->start()\n#5 /var/www/html/gemmproductions/v1/vendor/laravel/framework/src/Illuminate/Mail/Mailer.php(521): Swift_Mailer->send()\n#6 /var/www/html/gemmproductions/v1/vendor/laravel/framework/src/Illuminate/Mail/Mailer.php(288): Illuminate\\Mail\\Mailer->sendSwiftMessage()\n#7 /var/www/html/gemmproductions/v1/vendor/laravel/framework/src/Illuminate/Mail/Mailable.php(187): Illuminate\\Mail\\Mailer->send()\n#8 /var/www/html/gemmproductions/v1/vendor/laravel/framework/src/Illuminate/Support/Traits/Localizable.php(19): Illuminate\\Mail\\Mailable->Illuminate\\Mail\\{closure}()\n#9 /var/www/html/gemmproductions/v1/vendor/laravel/framework/src/Illuminate/Mail/Mailable.php(188): Illuminate\\Mail\\Mailable->withLocale()\n#10 /var/www/html/gemmproductions/v1/vendor/laravel/framework/src/Illuminate/Mail/SendQueuedMailable.php(65): Illuminate\\Mail\\Mailable->send()\n#11 /var/www/html/gemmproductions/v1/vendor/laravel/framework/src/Illuminate/Container/BoundMethod.php(36): Illuminate\\Mail\\SendQueuedMailable->handle()\n#12 /var/www/html/gemmproductions/v1/vendor/laravel/framework/src/Illuminate/Container/Util.php(40): Illuminate\\Container\\BoundMethod::Illuminate\\Container\\{closure}()\n#13 /var/www/html/gemmproductions/v1/vendor/laravel/framework/src/Illuminate/Container/BoundMethod.php(93): Illuminate\\Container\\Util::unwrapIfClosure()\n#14 /var/www/html/gemmproductions/v1/vendor/laravel/framework/src/Illuminate/Container/BoundMethod.php(37): Illuminate\\Container\\BoundMethod::callBoundMethod()\n#15 /var/www/html/gemmproductions/v1/vendor/laravel/framework/src/Illuminate/Container/Container.php(653): Illuminate\\Container\\BoundMethod::call()\n#16 /var/www/html/gemmproductions/v1/vendor/laravel/framework/src/Illuminate/Bus/Dispatcher.php(128): Illuminate\\Container\\Container->call()\n#17 /var/www/html/gemmproductions/v1/vendor/laravel/framework/src/Illuminate/Pipeline/Pipeline.php(128): Illuminate\\Bus\\Dispatcher->Illuminate\\Bus\\{closure}()\n#18 /var/www/html/gemmproductions/v1/vendor/laravel/framework/src/Illuminate/Pipeline/Pipeline.php(103): Illuminate\\Pipeline\\Pipeline->Illuminate\\Pipeline\\{closure}()\n#19 /var/www/html/gemmproductions/v1/vendor/laravel/framework/src/Illuminate/Bus/Dispatcher.php(132): Illuminate\\Pipeline\\Pipeline->then()\n#20 /var/www/html/gemmproductions/v1/vendor/laravel/framework/src/Illuminate/Queue/CallQueuedHandler.php(120): Illuminate\\Bus\\Dispatcher->dispatchNow()\n#21 /var/www/html/gemmproductions/v1/vendor/laravel/framework/src/Illuminate/Pipeline/Pipeline.php(128): Illuminate\\Queue\\CallQueuedHandler->Illuminate\\Queue\\{closure}()\n#22 /var/www/html/gemmproductions/v1/vendor/laravel/framework/src/Illuminate/Pipeline/Pipeline.php(103): Illuminate\\Pipeline\\Pipeline->Illuminate\\Pipeline\\{closure}()\n#23 /var/www/html/gemmproductions/v1/vendor/laravel/framework/src/Illuminate/Queue/CallQueuedHandler.php(122): Illuminate\\Pipeline\\Pipeline->then()\n#24 /var/www/html/gemmproductions/v1/vendor/laravel/framework/src/Illuminate/Queue/CallQueuedHandler.php(70): Illuminate\\Queue\\CallQueuedHandler->dispatchThroughMiddleware()\n#25 /var/www/html/gemmproductions/v1/vendor/laravel/framework/src/Illuminate/Queue/Jobs/Job.php(98): Illuminate\\Queue\\CallQueuedHandler->call()\n#26 /var/www/html/gemmproductions/v1/vendor/laravel/framework/src/Illuminate/Queue/Worker.php(428): Illuminate\\Queue\\Jobs\\Job->fire()\n#27 /var/www/html/gemmproductions/v1/vendor/laravel/framework/src/Illuminate/Queue/Worker.php(378): Illuminate\\Queue\\Worker->process()\n#28 /var/www/html/gemmproductions/v1/vendor/laravel/framework/src/Illuminate/Queue/Worker.php(172): Illuminate\\Queue\\Worker->runJob()\n#29 /var/www/html/gemmproductions/v1/vendor/laravel/framework/src/Illuminate/Queue/Console/WorkCommand.php(117): Illuminate\\Queue\\Worker->daemon()\n#30 /var/www/html/gemmproductions/v1/vendor/laravel/framework/src/Illuminate/Queue/Console/WorkCommand.php(101): Illuminate\\Queue\\Console\\WorkCommand->runWorker()\n#31 /var/www/html/gemmproductions/v1/vendor/laravel/framework/src/Illuminate/Container/BoundMethod.php(36): Illuminate\\Queue\\Console\\WorkCommand->handle()\n#32 /var/www/html/gemmproductions/v1/vendor/laravel/framework/src/Illuminate/Container/Util.php(40): Illuminate\\Container\\BoundMethod::Illuminate\\Container\\{closure}()\n#33 /var/www/html/gemmproductions/v1/vendor/laravel/framework/src/Illuminate/Container/BoundMethod.php(93): Illuminate\\Container\\Util::unwrapIfClosure()\n#34 /var/www/html/gemmproductions/v1/vendor/laravel/framework/src/Illuminate/Container/BoundMethod.php(37): Illuminate\\Container\\BoundMethod::callBoundMethod()\n#35 /var/www/html/gemmproductions/v1/vendor/laravel/framework/src/Illuminate/Container/Container.php(653): Illuminate\\Container\\BoundMethod::call()\n#36 /var/www/html/gemmproductions/v1/vendor/laravel/framework/src/Illuminate/Console/Command.php(136): Illuminate\\Container\\Container->call()\n#37 /var/www/html/gemmproductions/v1/vendor/symfony/console/Command/Command.php(298): Illuminate\\Console\\Command->execute()\n#38 /var/www/html/gemmproductions/v1/vendor/laravel/framework/src/Illuminate/Console/Command.php(121): Symfony\\Component\\Console\\Command\\Command->run()\n#39 /var/www/html/gemmproductions/v1/vendor/symfony/console/Application.php(1040): Illuminate\\Console\\Command->run()\n#40 /var/www/html/gemmproductions/v1/vendor/symfony/console/Application.php(301): Symfony\\Component\\Console\\Application->doRunCommand()\n#41 /var/www/html/gemmproductions/v1/vendor/symfony/console/Application.php(171): Symfony\\Component\\Console\\Application->doRun()\n#42 /var/www/html/gemmproductions/v1/vendor/laravel/framework/src/Illuminate/Console/Application.php(94): Symfony\\Component\\Console\\Application->run()\n#43 /var/www/html/gemmproductions/v1/vendor/laravel/framework/src/Illuminate/Foundation/Console/Kernel.php(129): Illuminate\\Console\\Application->run()\n#44 /var/www/html/gemmproductions/v1/artisan(37): Illuminate\\Foundation\\Console\\Kernel->handle()\n#45 {main}','2023-12-07 07:50:02'),(26,'6d128e4b-1047-46bb-a575-417c8a22129a','database','default','{\"uuid\":\"6d128e4b-1047-46bb-a575-417c8a22129a\",\"displayName\":\"App\\\\Mail\\\\ContactUs\",\"job\":\"Illuminate\\\\Queue\\\\CallQueuedHandler@call\",\"maxTries\":null,\"maxExceptions\":null,\"failOnTimeout\":false,\"backoff\":null,\"timeout\":null,\"retryUntil\":null,\"data\":{\"commandName\":\"Illuminate\\\\Mail\\\\SendQueuedMailable\",\"command\":\"O:34:\\\"Illuminate\\\\Mail\\\\SendQueuedMailable\\\":13:{s:8:\\\"mailable\\\";O:18:\\\"App\\\\Mail\\\\ContactUs\\\":29:{s:24:\\\"\\u0000App\\\\Mail\\\\ContactUs\\u0000data\\\";a:7:{s:6:\\\"_token\\\";s:40:\\\"vKbfQK0mTsWKbpx3wAjXfb83N11vVSmQtUkZzYxd\\\";s:4:\\\"name\\\";s:20:\\\"Meherban (Developer)\\\";s:5:\\\"email\\\";s:15:\\\"meherban@bwc.ae\\\";s:5:\\\"phone\\\";s:17:\\\"+1 (589) 208-6783\\\";s:7:\\\"company\\\";s:3:\\\"BWC\\\";s:7:\\\"message\\\";s:457:\\\"Welcome to GEMM Productions, your friendly neighborhood innovators in entertainment since 2009. Recognized by Forbes and BBC, we\'re a family business with heart, crafting everything from the trendsetting \'Soundtrack Your Brand\' to bespoke jukeboxes and exciting WizGames. Our diverse range caters to both business needs and personal desires for unmatched quality. Let\'s make fun happen together – if you\'ve got a wild idea, we\'re here to bring it to life!\\\";s:20:\\\"g-recaptcha-response\\\";s:1700:\\\"03AFcWeA5W96AbtgtpkN9s3bg-57RQ3m6Fn4ypZBUE27LJs0tjslEenizR9HVqe2cwVS3k1agr5fnidgViBkofJJW-SxriYC1bdAFpkxontKS0R2wD_roz0e7Uq2PGWvKi-fRuWUPOTrLyqXIkaJ754GirdVN_NM8YOGViQggGQcdktV4cUMvWUsoQLUq04VcUWWNGLiUpU3GsrbI35KMfjnrWJbX-j2mTR3oJO_KizsJqAXt3P1dhHzDVXDHvF1aybZ_aUcjFolUIusIZZ6Qxzt3J2ACNRGKbk1DvVEk6OeHfTuaCTOudEqZU7o2yaIPYtSlIy3sLRBE-QhrTZbUjUx6ff0v3B-R34DHNOZMbk13VQhcX4Vc8Z77r-4qn3UvIWa0A0_b59VZdVBnWfOI1iqEc2_SHD4icZpiQ3ZApypZhAWqWST2Shd-b2w7dTFW4TOSGPr4f4QLg1RRdC3OeJHGwWFhyPNrnPAlI6rJtEbvLRCRk4c9rHF78JBblBa4iOklmd_1GmkuzImM3sX92VUirht1Xn88NZed7IDJxe2Z5pKsQZIohxn_Mu4DIfpVW0Z8y9yYKLcCUSYwQW8Yr2jBZ4tW9jVFH_kHeKf5Jk19voJ4zU98wnv8HrrFqQfmI_BaNTpJWAFuuymoJN6NEI7sQJPuIdwRhXbvBPXvL5G0p9lRhHVtcywG0Hj0UpDE-h0sFNy4rpiR-rSEocg-nXz00g0qeblRomIklx4GH-KRf1TMyAXYw1vJRZuIvkZmp4IeioRJIjEvuSuI9VD6j-sS0DopDY85Y-cOMsDSrGLciuKPprXeUEkO65mwczMLmPLB6JtO-lO_2jtSC5Vk49Y0ZaNBGrF33X35ry_MkkTVTmIvxX8fixFHMzw9NtGDDzxwcjiLJC09aiuRL7ICTt_gI4xxjJUpCuEUe95-iSUbiTtiizeHc7ssCYuUHQRxi2JhqGqQH94zOTQWIO7M2074L5O568kAIvnNtNc6wdv4sG2s5WJ8EYv8fdt15BbMiHTUMvClklJwpXKYU9G1X2O3IKszJCDOfwUCgWUw_i6uWoFFCRLLTV4lQuTa1XZImptVyf91B5GYVoIINJ_wnxY3NkkQ25beTl06iqxu8C61Aaq4B7FIWrmJ6jjd7lXrDptvEoNxkqLD4qs1Qc9NC57OhhZyaJuln4u0SJrjJYoFxOvVIjuhGb-Vg0vnGYH7IGnATSbUqidhyuFTzNOrDE_tNaGV_wMKhgG9fYR8SYh2IymOH9duuBrjsyKgftn0LkRwAp0IoiIQXouLWvq3Diu-N9AifKQZdwKr9JVyiskQimtFfYqPswSiPmLaoXT4olpkP7ath5_B0PT6tVKxuksaGsy8pJKbsdFtpIIorkeSWpI21hikY0yILqHaOpkuLz4FhMK5jz4r9plUlERpqRebf5qcCCKq_lHbJdO3spyW7JprcRflg0JcvoYnyKdM5R_lytLGXqggyIcGFgPSki17zZAmtYfgJpzL3UsZ-Kbq8yHSum6OHaIcB-rrpa2Vpua_1yl_CNdH4M846fF0AVpGn0ujvFFYOUOECjl3Ax7qZfminlOtgN4VOZSj2MZhjpeeNcd6glFwcJAUFjfQ2RZWjszTyiHIS4R86eQi0UxayXQrRa5G4aek-D7hCLOgc4vW31IMM3upkxDVsoPS4mZEi-mFA-f-DDg\\\";}s:6:\\\"locale\\\";N;s:4:\\\"from\\\";a:0:{}s:2:\\\"to\\\";a:0:{}s:2:\\\"cc\\\";a:0:{}s:3:\\\"bcc\\\";a:0:{}s:7:\\\"replyTo\\\";a:0:{}s:7:\\\"subject\\\";N;s:8:\\\"markdown\\\";N;s:7:\\\"\\u0000*\\u0000html\\\";N;s:4:\\\"view\\\";N;s:8:\\\"textView\\\";N;s:8:\\\"viewData\\\";a:0:{}s:11:\\\"attachments\\\";a:0:{}s:14:\\\"rawAttachments\\\";a:0:{}s:15:\\\"diskAttachments\\\";a:0:{}s:9:\\\"callbacks\\\";a:0:{}s:5:\\\"theme\\\";N;s:6:\\\"mailer\\\";s:4:\\\"smtp\\\";s:29:\\\"\\u0000*\\u0000assertionableRenderStrings\\\";N;s:10:\\\"connection\\\";N;s:5:\\\"queue\\\";N;s:15:\\\"chainConnection\\\";N;s:10:\\\"chainQueue\\\";N;s:19:\\\"chainCatchCallbacks\\\";N;s:5:\\\"delay\\\";N;s:11:\\\"afterCommit\\\";N;s:10:\\\"middleware\\\";a:0:{}s:7:\\\"chained\\\";a:0:{}}s:5:\\\"tries\\\";N;s:7:\\\"timeout\\\";N;s:17:\\\"shouldBeEncrypted\\\";b:0;s:10:\\\"connection\\\";N;s:5:\\\"queue\\\";N;s:15:\\\"chainConnection\\\";N;s:10:\\\"chainQueue\\\";N;s:19:\\\"chainCatchCallbacks\\\";N;s:5:\\\"delay\\\";N;s:11:\\\"afterCommit\\\";N;s:10:\\\"middleware\\\";a:0:{}s:7:\\\"chained\\\";a:0:{}}\"}}','Swift_TransportException: Connection could not be established with host mailhog :stream_socket_client(): php_network_getaddresses: getaddrinfo for mailhog failed: Temporary failure in name resolution in /var/www/html/gemmproductions/v1/vendor/swiftmailer/swiftmailer/lib/classes/Swift/Transport/StreamBuffer.php:261\nStack trace:\n#0 [internal function]: Swift_Transport_StreamBuffer->{closure}()\n#1 /var/www/html/gemmproductions/v1/vendor/swiftmailer/swiftmailer/lib/classes/Swift/Transport/StreamBuffer.php(264): stream_socket_client()\n#2 /var/www/html/gemmproductions/v1/vendor/swiftmailer/swiftmailer/lib/classes/Swift/Transport/StreamBuffer.php(58): Swift_Transport_StreamBuffer->establishSocketConnection()\n#3 /var/www/html/gemmproductions/v1/vendor/swiftmailer/swiftmailer/lib/classes/Swift/Transport/AbstractSmtpTransport.php(143): Swift_Transport_StreamBuffer->initialize()\n#4 /var/www/html/gemmproductions/v1/vendor/swiftmailer/swiftmailer/lib/classes/Swift/Mailer.php(65): Swift_Transport_AbstractSmtpTransport->start()\n#5 /var/www/html/gemmproductions/v1/vendor/laravel/framework/src/Illuminate/Mail/Mailer.php(521): Swift_Mailer->send()\n#6 /var/www/html/gemmproductions/v1/vendor/laravel/framework/src/Illuminate/Mail/Mailer.php(288): Illuminate\\Mail\\Mailer->sendSwiftMessage()\n#7 /var/www/html/gemmproductions/v1/vendor/laravel/framework/src/Illuminate/Mail/Mailable.php(187): Illuminate\\Mail\\Mailer->send()\n#8 /var/www/html/gemmproductions/v1/vendor/laravel/framework/src/Illuminate/Support/Traits/Localizable.php(19): Illuminate\\Mail\\Mailable->Illuminate\\Mail\\{closure}()\n#9 /var/www/html/gemmproductions/v1/vendor/laravel/framework/src/Illuminate/Mail/Mailable.php(188): Illuminate\\Mail\\Mailable->withLocale()\n#10 /var/www/html/gemmproductions/v1/vendor/laravel/framework/src/Illuminate/Mail/SendQueuedMailable.php(65): Illuminate\\Mail\\Mailable->send()\n#11 /var/www/html/gemmproductions/v1/vendor/laravel/framework/src/Illuminate/Container/BoundMethod.php(36): Illuminate\\Mail\\SendQueuedMailable->handle()\n#12 /var/www/html/gemmproductions/v1/vendor/laravel/framework/src/Illuminate/Container/Util.php(40): Illuminate\\Container\\BoundMethod::Illuminate\\Container\\{closure}()\n#13 /var/www/html/gemmproductions/v1/vendor/laravel/framework/src/Illuminate/Container/BoundMethod.php(93): Illuminate\\Container\\Util::unwrapIfClosure()\n#14 /var/www/html/gemmproductions/v1/vendor/laravel/framework/src/Illuminate/Container/BoundMethod.php(37): Illuminate\\Container\\BoundMethod::callBoundMethod()\n#15 /var/www/html/gemmproductions/v1/vendor/laravel/framework/src/Illuminate/Container/Container.php(653): Illuminate\\Container\\BoundMethod::call()\n#16 /var/www/html/gemmproductions/v1/vendor/laravel/framework/src/Illuminate/Bus/Dispatcher.php(128): Illuminate\\Container\\Container->call()\n#17 /var/www/html/gemmproductions/v1/vendor/laravel/framework/src/Illuminate/Pipeline/Pipeline.php(128): Illuminate\\Bus\\Dispatcher->Illuminate\\Bus\\{closure}()\n#18 /var/www/html/gemmproductions/v1/vendor/laravel/framework/src/Illuminate/Pipeline/Pipeline.php(103): Illuminate\\Pipeline\\Pipeline->Illuminate\\Pipeline\\{closure}()\n#19 /var/www/html/gemmproductions/v1/vendor/laravel/framework/src/Illuminate/Bus/Dispatcher.php(132): Illuminate\\Pipeline\\Pipeline->then()\n#20 /var/www/html/gemmproductions/v1/vendor/laravel/framework/src/Illuminate/Queue/CallQueuedHandler.php(120): Illuminate\\Bus\\Dispatcher->dispatchNow()\n#21 /var/www/html/gemmproductions/v1/vendor/laravel/framework/src/Illuminate/Pipeline/Pipeline.php(128): Illuminate\\Queue\\CallQueuedHandler->Illuminate\\Queue\\{closure}()\n#22 /var/www/html/gemmproductions/v1/vendor/laravel/framework/src/Illuminate/Pipeline/Pipeline.php(103): Illuminate\\Pipeline\\Pipeline->Illuminate\\Pipeline\\{closure}()\n#23 /var/www/html/gemmproductions/v1/vendor/laravel/framework/src/Illuminate/Queue/CallQueuedHandler.php(122): Illuminate\\Pipeline\\Pipeline->then()\n#24 /var/www/html/gemmproductions/v1/vendor/laravel/framework/src/Illuminate/Queue/CallQueuedHandler.php(70): Illuminate\\Queue\\CallQueuedHandler->dispatchThroughMiddleware()\n#25 /var/www/html/gemmproductions/v1/vendor/laravel/framework/src/Illuminate/Queue/Jobs/Job.php(98): Illuminate\\Queue\\CallQueuedHandler->call()\n#26 /var/www/html/gemmproductions/v1/vendor/laravel/framework/src/Illuminate/Queue/Worker.php(428): Illuminate\\Queue\\Jobs\\Job->fire()\n#27 /var/www/html/gemmproductions/v1/vendor/laravel/framework/src/Illuminate/Queue/Worker.php(378): Illuminate\\Queue\\Worker->process()\n#28 /var/www/html/gemmproductions/v1/vendor/laravel/framework/src/Illuminate/Queue/Worker.php(172): Illuminate\\Queue\\Worker->runJob()\n#29 /var/www/html/gemmproductions/v1/vendor/laravel/framework/src/Illuminate/Queue/Console/WorkCommand.php(117): Illuminate\\Queue\\Worker->daemon()\n#30 /var/www/html/gemmproductions/v1/vendor/laravel/framework/src/Illuminate/Queue/Console/WorkCommand.php(101): Illuminate\\Queue\\Console\\WorkCommand->runWorker()\n#31 /var/www/html/gemmproductions/v1/vendor/laravel/framework/src/Illuminate/Container/BoundMethod.php(36): Illuminate\\Queue\\Console\\WorkCommand->handle()\n#32 /var/www/html/gemmproductions/v1/vendor/laravel/framework/src/Illuminate/Container/Util.php(40): Illuminate\\Container\\BoundMethod::Illuminate\\Container\\{closure}()\n#33 /var/www/html/gemmproductions/v1/vendor/laravel/framework/src/Illuminate/Container/BoundMethod.php(93): Illuminate\\Container\\Util::unwrapIfClosure()\n#34 /var/www/html/gemmproductions/v1/vendor/laravel/framework/src/Illuminate/Container/BoundMethod.php(37): Illuminate\\Container\\BoundMethod::callBoundMethod()\n#35 /var/www/html/gemmproductions/v1/vendor/laravel/framework/src/Illuminate/Container/Container.php(653): Illuminate\\Container\\BoundMethod::call()\n#36 /var/www/html/gemmproductions/v1/vendor/laravel/framework/src/Illuminate/Console/Command.php(136): Illuminate\\Container\\Container->call()\n#37 /var/www/html/gemmproductions/v1/vendor/symfony/console/Command/Command.php(298): Illuminate\\Console\\Command->execute()\n#38 /var/www/html/gemmproductions/v1/vendor/laravel/framework/src/Illuminate/Console/Command.php(121): Symfony\\Component\\Console\\Command\\Command->run()\n#39 /var/www/html/gemmproductions/v1/vendor/symfony/console/Application.php(1040): Illuminate\\Console\\Command->run()\n#40 /var/www/html/gemmproductions/v1/vendor/symfony/console/Application.php(301): Symfony\\Component\\Console\\Application->doRunCommand()\n#41 /var/www/html/gemmproductions/v1/vendor/symfony/console/Application.php(171): Symfony\\Component\\Console\\Application->doRun()\n#42 /var/www/html/gemmproductions/v1/vendor/laravel/framework/src/Illuminate/Console/Application.php(94): Symfony\\Component\\Console\\Application->run()\n#43 /var/www/html/gemmproductions/v1/vendor/laravel/framework/src/Illuminate/Foundation/Console/Kernel.php(129): Illuminate\\Console\\Application->run()\n#44 /var/www/html/gemmproductions/v1/artisan(37): Illuminate\\Foundation\\Console\\Kernel->handle()\n#45 {main}','2023-12-11 14:10:03'),(27,'4b0e8678-7e12-4e20-97ad-15925619f4c4','database','default','{\"uuid\":\"4b0e8678-7e12-4e20-97ad-15925619f4c4\",\"displayName\":\"App\\\\Mail\\\\ContactUs\",\"job\":\"Illuminate\\\\Queue\\\\CallQueuedHandler@call\",\"maxTries\":null,\"maxExceptions\":null,\"failOnTimeout\":false,\"backoff\":null,\"timeout\":null,\"retryUntil\":null,\"data\":{\"commandName\":\"Illuminate\\\\Mail\\\\SendQueuedMailable\",\"command\":\"O:34:\\\"Illuminate\\\\Mail\\\\SendQueuedMailable\\\":13:{s:8:\\\"mailable\\\";O:18:\\\"App\\\\Mail\\\\ContactUs\\\":29:{s:24:\\\"\\u0000App\\\\Mail\\\\ContactUs\\u0000data\\\";a:8:{s:6:\\\"_token\\\";s:40:\\\"J0mCDjagShfOZjQaZsfnufdS3QCXE8pnJMsLR8cs\\\";s:4:\\\"name\\\";s:8:\\\"MartaBog\\\";s:5:\\\"email\\\";s:23:\\\"martinkanowak@gmail.com\\\";s:5:\\\"phone\\\";s:11:\\\"86685471719\\\";s:7:\\\"company\\\";s:6:\\\"google\\\";s:7:\\\"message\\\";s:1219:\\\"Good day! \\r\\nStruggling with your thesis, research paper,case study or homework? \\r\\nWith our writers, you\'ll never have to worry about sleepless nights again because you can get your papers, written by professionals in no time. \\r\\n \\r\\nHOW IT WORKS? \\r\\n \\r\\nYou submit your instructions and pay for the work \\r\\nWe assign professional writer for your assignment \\r\\nWork one on one with your writer and support specialist till you get perfect result. \\r\\nYou receive a completed paper within the deadline \\r\\n \\r\\n \\r\\n>> <a href=https:\\/\\/easily.quest\\/ct1536730en\\/paper>Get your discount now!<\\/a> << \\r\\n \\r\\n \\r\\nA few reasons to order your thesis, case study, or research paper with our command: \\r\\n \\r\\nPlagiarism-free papers; \\r\\nOn-time delivery with order progress status, so you know what is being done; \\r\\n100% Money-back guarantee; \\r\\nOver 900 qualified writers, including Advanced writers that you can select for your orders; \\r\\n9.8\\/10 average quality score; \\r\\nUnlimited revisions to improve your paper after delivery. \\r\\nTimely delivery of completed papers. \\r\\n \\r\\n \\r\\n>> <a href=https:\\/\\/easily.quest\\/cb1536730en\\/paper>Order now<\\/a> << \\r\\n \\r\\n \\r\\n \\r\\nLet us take care of your assignments while you spend your time on the things that interest you most.\\\";s:6:\\\"submit\\\";N;s:20:\\\"g-recaptcha-response\\\";s:2020:\\\"03AFcWeA5NnjnKMJfP-whmgQHP6IJknz3nZjFXEt_xMsCXmig15W5J7lQRZygvf0pgAQlKYI0AUwSw5VQKXIJvfCbX_QqKQTmWvDAujfZG5HHuh5Dax4cNRKhUpS3mr626rWJGR-9oWKPgJL8ZnHXr7UR017Az4DOtfgQHYy-Ir-n6kDcQABcneRnOXBjQpXsQtKp3jz-MAaZPlNuaAa2wYbTj-BO7ybZ-_88kzfYAEsFVxeedW5D8xCz3jmFhSSqBnLZ3eUfhGA3Af0w6xuPrPQ_79NzLedFne_zBcOTXQ-gEZmqQubhb8pxX_DDe4ygs3QHbKU8IvZBSzQ6vnjYTNYLEytkpefPXU1R3wtX3SlwMMskKcf1ft3XjSqqbW6XC6U448vVde1CGiQF6fX3ctQkjePuT-ANRMj9tNtvsMV3djSyP6OhiWxJzWh2MD2LEuE_Pe6HMLsBkNLjJtZEE3EN-o7klsXIKqeDgAe4otmSRbsFTi5NevUHPznVr9d5VXNEhIJKlxtZUGpGNBzRctf1c6JoCLu7Y5ya4t0hRHp9PqeGEsVuLTxZM5b4aPbMs80eRs38zPrIyV7KVX_VUqJ4ZyK858LKD8_xcxd3TLXzPVUFSs-Lcu0MZOuFfkAGlpR4w1yRwOj5v-jl_vh3HyKXoFzU-MVGAfuoPavqKSJjPTuG1pPq6E7Oaotvt9PaEUCUu3egN4NPX4q6I7CXkNGuR0VEZy0RfQ0LE1bNyWBzpEmUKVdzcQGTbOQm7YoH5KKOBRjwMPYmfQcsTkaHzC-0O6eaewTJPdEWk-xIPn3aPX8kwdOkxuqwZ8PrMdPstOMx0-ZIBKFQ512UbobDQrpKlqDWuD2VqXB1xePjq6yP2OGsQqyv4KPlBmcyqV39J7a2W4IZmxVKlxuEs0kWSuLv61fr0Wp1X8o-s8p130BdIjb2pOXs4544vJ-IlM4Hl3t-9sBNTkDyks2KEpb6WPUxb-FbH33lqVlYNyOFJMUrmjq0OO1_8nVIF-9PSoRq8-z3H5PU5uK1tF6Yi5rumbFo0_W_EzBEXv5Fs_nevJkZG8mkwBoHL6mPuobbuTQfUmuxWJSqMq_5jQL5OiMR-cQFGTfTQHSeRgoGdqAee9CHqoQQVCO2byxcoQw2CQG357GDR-w58qxpFY7QcA_OTiQhlVurSdDU8I2o4U1lQ3qZoMtKiP6aJkLBAP7KkGTTS66chuFyDucXdDMXGSaPQwVG8dOGd0IoXWyBbY5ABDvWQE6FekOyE75CViFEty8DL_Z1V3jnZwe3w_b961HxWOZTXW9xwYo93-RnsrLjaJrhklDPaL1rUOdch3b_lRhnpadl4-GwhLNT_jaGx4UkkGXC0TwXBvxEZDoY2jgkkOaUiseTLmcYCY60YCiKDXHk3_tciyGJ_cKFIcdVopaRy2bxUeQ4dxEZdrYh2a033UsD-rieMQ8zCrSofw2h0ZmeBmFkDgoIo9xiTMtMlcJayDhJNEodvSNLULw_41PXCHUEkyAXzNV_hAPE2Op7KvrgDfkxGYqjT_B4eo7TkVXvHVR_ekExVzzjBaSVm3Y1vCF9dLJFTnTIdeobAbwkzZQnNSMjiWBsjIVgKNOMP5fx6pCiVUIjJlSkf1AuoRYOk1VJZb73A-bOJkCOdSpQYhnjh8TGvR1bHww0dQYc9CNDAL-hasMtyMdF2mQN4BEGE0PMOKXhiZcw39OiDkVUl588qWivjM1LoIQbuVGv0GkpmBt3OTZsUHBX0wQRUAuNvAUnidYEF2tCEWGQpYlPOQM2kmL2k_6jJhzfo6wJkGxU-IFu6yNQxpRv984la_ZTUVhNyXe5Zu_jjVq9C5X3DZQg3t4VxJ0GfXZkQdzHJpmU9KchWt5bxRl8g9dOfs_XKC1m9NSK5mR4n7HxkdQ239fpWb3xu6y6T4pfbcnwxzY3j5rRQOWnJVzzvuVo2Z6f_IgVaMliohxN3PMpDEzBxV6uwv55j769kauPpDKVgE9I-ihqmUHwhYqcm1Q\\\";}s:6:\\\"locale\\\";N;s:4:\\\"from\\\";a:0:{}s:2:\\\"to\\\";a:0:{}s:2:\\\"cc\\\";a:0:{}s:3:\\\"bcc\\\";a:0:{}s:7:\\\"replyTo\\\";a:0:{}s:7:\\\"subject\\\";N;s:8:\\\"markdown\\\";N;s:7:\\\"\\u0000*\\u0000html\\\";N;s:4:\\\"view\\\";N;s:8:\\\"textView\\\";N;s:8:\\\"viewData\\\";a:0:{}s:11:\\\"attachments\\\";a:0:{}s:14:\\\"rawAttachments\\\";a:0:{}s:15:\\\"diskAttachments\\\";a:0:{}s:9:\\\"callbacks\\\";a:0:{}s:5:\\\"theme\\\";N;s:6:\\\"mailer\\\";s:4:\\\"smtp\\\";s:29:\\\"\\u0000*\\u0000assertionableRenderStrings\\\";N;s:10:\\\"connection\\\";N;s:5:\\\"queue\\\";N;s:15:\\\"chainConnection\\\";N;s:10:\\\"chainQueue\\\";N;s:19:\\\"chainCatchCallbacks\\\";N;s:5:\\\"delay\\\";N;s:11:\\\"afterCommit\\\";N;s:10:\\\"middleware\\\";a:0:{}s:7:\\\"chained\\\";a:0:{}}s:5:\\\"tries\\\";N;s:7:\\\"timeout\\\";N;s:17:\\\"shouldBeEncrypted\\\";b:0;s:10:\\\"connection\\\";N;s:5:\\\"queue\\\";N;s:15:\\\"chainConnection\\\";N;s:10:\\\"chainQueue\\\";N;s:19:\\\"chainCatchCallbacks\\\";N;s:5:\\\"delay\\\";N;s:11:\\\"afterCommit\\\";N;s:10:\\\"middleware\\\";a:0:{}s:7:\\\"chained\\\";a:0:{}}\"}}','Swift_TransportException: Expected response code 354 but got code \"550\", with message \"550-5.4.5 Daily user sending limit exceeded. For more information on Gmail\r\n550-5.4.5 sending limits go to\r\n550 5.4.5  https://support.google.com/a/answer/166852 c24-20020a634e18000000b005d7b18bb7e2sm4000044pgb.45 - gsmtp\r\n\" in /var/www/html/gemmproductions/v1/vendor/swiftmailer/swiftmailer/lib/classes/Swift/Transport/AbstractSmtpTransport.php:459\nStack trace:\n#0 /var/www/html/gemmproductions/v1/vendor/swiftmailer/swiftmailer/lib/classes/Swift/Transport/AbstractSmtpTransport.php(344): Swift_Transport_AbstractSmtpTransport->assertResponseCode()\n#1 /var/www/html/gemmproductions/v1/vendor/swiftmailer/swiftmailer/lib/classes/Swift/Transport/EsmtpTransport.php(305): Swift_Transport_AbstractSmtpTransport->executeCommand()\n#2 /var/www/html/gemmproductions/v1/vendor/swiftmailer/swiftmailer/lib/classes/Swift/Transport/AbstractSmtpTransport.php(392): Swift_Transport_EsmtpTransport->executeCommand()\n#3 /var/www/html/gemmproductions/v1/vendor/swiftmailer/swiftmailer/lib/classes/Swift/Transport/AbstractSmtpTransport.php(499): Swift_Transport_AbstractSmtpTransport->doDataCommand()\n#4 /var/www/html/gemmproductions/v1/vendor/swiftmailer/swiftmailer/lib/classes/Swift/Transport/AbstractSmtpTransport.php(518): Swift_Transport_AbstractSmtpTransport->doMailTransaction()\n#5 /var/www/html/gemmproductions/v1/vendor/swiftmailer/swiftmailer/lib/classes/Swift/Transport/AbstractSmtpTransport.php(206): Swift_Transport_AbstractSmtpTransport->sendTo()\n#6 /var/www/html/gemmproductions/v1/vendor/swiftmailer/swiftmailer/lib/classes/Swift/Mailer.php(71): Swift_Transport_AbstractSmtpTransport->send()\n#7 /var/www/html/gemmproductions/v1/vendor/laravel/framework/src/Illuminate/Mail/Mailer.php(521): Swift_Mailer->send()\n#8 /var/www/html/gemmproductions/v1/vendor/laravel/framework/src/Illuminate/Mail/Mailer.php(288): Illuminate\\Mail\\Mailer->sendSwiftMessage()\n#9 /var/www/html/gemmproductions/v1/vendor/laravel/framework/src/Illuminate/Mail/Mailable.php(187): Illuminate\\Mail\\Mailer->send()\n#10 /var/www/html/gemmproductions/v1/vendor/laravel/framework/src/Illuminate/Support/Traits/Localizable.php(19): Illuminate\\Mail\\Mailable->Illuminate\\Mail\\{closure}()\n#11 /var/www/html/gemmproductions/v1/vendor/laravel/framework/src/Illuminate/Mail/Mailable.php(188): Illuminate\\Mail\\Mailable->withLocale()\n#12 /var/www/html/gemmproductions/v1/vendor/laravel/framework/src/Illuminate/Mail/SendQueuedMailable.php(65): Illuminate\\Mail\\Mailable->send()\n#13 /var/www/html/gemmproductions/v1/vendor/laravel/framework/src/Illuminate/Container/BoundMethod.php(36): Illuminate\\Mail\\SendQueuedMailable->handle()\n#14 /var/www/html/gemmproductions/v1/vendor/laravel/framework/src/Illuminate/Container/Util.php(40): Illuminate\\Container\\BoundMethod::Illuminate\\Container\\{closure}()\n#15 /var/www/html/gemmproductions/v1/vendor/laravel/framework/src/Illuminate/Container/BoundMethod.php(93): Illuminate\\Container\\Util::unwrapIfClosure()\n#16 /var/www/html/gemmproductions/v1/vendor/laravel/framework/src/Illuminate/Container/BoundMethod.php(37): Illuminate\\Container\\BoundMethod::callBoundMethod()\n#17 /var/www/html/gemmproductions/v1/vendor/laravel/framework/src/Illuminate/Container/Container.php(653): Illuminate\\Container\\BoundMethod::call()\n#18 /var/www/html/gemmproductions/v1/vendor/laravel/framework/src/Illuminate/Bus/Dispatcher.php(128): Illuminate\\Container\\Container->call()\n#19 /var/www/html/gemmproductions/v1/vendor/laravel/framework/src/Illuminate/Pipeline/Pipeline.php(128): Illuminate\\Bus\\Dispatcher->Illuminate\\Bus\\{closure}()\n#20 /var/www/html/gemmproductions/v1/vendor/laravel/framework/src/Illuminate/Pipeline/Pipeline.php(103): Illuminate\\Pipeline\\Pipeline->Illuminate\\Pipeline\\{closure}()\n#21 /var/www/html/gemmproductions/v1/vendor/laravel/framework/src/Illuminate/Bus/Dispatcher.php(132): Illuminate\\Pipeline\\Pipeline->then()\n#22 /var/www/html/gemmproductions/v1/vendor/laravel/framework/src/Illuminate/Queue/CallQueuedHandler.php(120): Illuminate\\Bus\\Dispatcher->dispatchNow()\n#23 /var/www/html/gemmproductions/v1/vendor/laravel/framework/src/Illuminate/Pipeline/Pipeline.php(128): Illuminate\\Queue\\CallQueuedHandler->Illuminate\\Queue\\{closure}()\n#24 /var/www/html/gemmproductions/v1/vendor/laravel/framework/src/Illuminate/Pipeline/Pipeline.php(103): Illuminate\\Pipeline\\Pipeline->Illuminate\\Pipeline\\{closure}()\n#25 /var/www/html/gemmproductions/v1/vendor/laravel/framework/src/Illuminate/Queue/CallQueuedHandler.php(122): Illuminate\\Pipeline\\Pipeline->then()\n#26 /var/www/html/gemmproductions/v1/vendor/laravel/framework/src/Illuminate/Queue/CallQueuedHandler.php(70): Illuminate\\Queue\\CallQueuedHandler->dispatchThroughMiddleware()\n#27 /var/www/html/gemmproductions/v1/vendor/laravel/framework/src/Illuminate/Queue/Jobs/Job.php(98): Illuminate\\Queue\\CallQueuedHandler->call()\n#28 /var/www/html/gemmproductions/v1/vendor/laravel/framework/src/Illuminate/Queue/Worker.php(428): Illuminate\\Queue\\Jobs\\Job->fire()\n#29 /var/www/html/gemmproductions/v1/vendor/laravel/framework/src/Illuminate/Queue/Worker.php(378): Illuminate\\Queue\\Worker->process()\n#30 /var/www/html/gemmproductions/v1/vendor/laravel/framework/src/Illuminate/Queue/Worker.php(172): Illuminate\\Queue\\Worker->runJob()\n#31 /var/www/html/gemmproductions/v1/vendor/laravel/framework/src/Illuminate/Queue/Console/WorkCommand.php(117): Illuminate\\Queue\\Worker->daemon()\n#32 /var/www/html/gemmproductions/v1/vendor/laravel/framework/src/Illuminate/Queue/Console/WorkCommand.php(101): Illuminate\\Queue\\Console\\WorkCommand->runWorker()\n#33 /var/www/html/gemmproductions/v1/vendor/laravel/framework/src/Illuminate/Container/BoundMethod.php(36): Illuminate\\Queue\\Console\\WorkCommand->handle()\n#34 /var/www/html/gemmproductions/v1/vendor/laravel/framework/src/Illuminate/Container/Util.php(40): Illuminate\\Container\\BoundMethod::Illuminate\\Container\\{closure}()\n#35 /var/www/html/gemmproductions/v1/vendor/laravel/framework/src/Illuminate/Container/BoundMethod.php(93): Illuminate\\Container\\Util::unwrapIfClosure()\n#36 /var/www/html/gemmproductions/v1/vendor/laravel/framework/src/Illuminate/Container/BoundMethod.php(37): Illuminate\\Container\\BoundMethod::callBoundMethod()\n#37 /var/www/html/gemmproductions/v1/vendor/laravel/framework/src/Illuminate/Container/Container.php(653): Illuminate\\Container\\BoundMethod::call()\n#38 /var/www/html/gemmproductions/v1/vendor/laravel/framework/src/Illuminate/Console/Command.php(136): Illuminate\\Container\\Container->call()\n#39 /var/www/html/gemmproductions/v1/vendor/symfony/console/Command/Command.php(298): Illuminate\\Console\\Command->execute()\n#40 /var/www/html/gemmproductions/v1/vendor/laravel/framework/src/Illuminate/Console/Command.php(121): Symfony\\Component\\Console\\Command\\Command->run()\n#41 /var/www/html/gemmproductions/v1/vendor/symfony/console/Application.php(1040): Illuminate\\Console\\Command->run()\n#42 /var/www/html/gemmproductions/v1/vendor/symfony/console/Application.php(301): Symfony\\Component\\Console\\Application->doRunCommand()\n#43 /var/www/html/gemmproductions/v1/vendor/symfony/console/Application.php(171): Symfony\\Component\\Console\\Application->doRun()\n#44 /var/www/html/gemmproductions/v1/vendor/laravel/framework/src/Illuminate/Console/Application.php(94): Symfony\\Component\\Console\\Application->run()\n#45 /var/www/html/gemmproductions/v1/vendor/laravel/framework/src/Illuminate/Foundation/Console/Kernel.php(129): Illuminate\\Console\\Application->run()\n#46 /var/www/html/gemmproductions/v1/artisan(37): Illuminate\\Foundation\\Console\\Kernel->handle()\n#47 {main}','2024-02-03 22:49:28'),(28,'e75588e5-1b55-4964-a1b2-09db14d9e912','database','default','{\"uuid\":\"e75588e5-1b55-4964-a1b2-09db14d9e912\",\"displayName\":\"App\\\\Mail\\\\ContactUs\",\"job\":\"Illuminate\\\\Queue\\\\CallQueuedHandler@call\",\"maxTries\":null,\"maxExceptions\":null,\"failOnTimeout\":false,\"backoff\":null,\"timeout\":null,\"retryUntil\":null,\"data\":{\"commandName\":\"Illuminate\\\\Mail\\\\SendQueuedMailable\",\"command\":\"O:34:\\\"Illuminate\\\\Mail\\\\SendQueuedMailable\\\":13:{s:8:\\\"mailable\\\";O:18:\\\"App\\\\Mail\\\\ContactUs\\\":29:{s:24:\\\"\\u0000App\\\\Mail\\\\ContactUs\\u0000data\\\";a:8:{s:6:\\\"_token\\\";s:40:\\\"cyfzvikvN1Jl7yKSOMskr1nyPpccZzXwNzNLWeTY\\\";s:4:\\\"name\\\";s:10:\\\"IrinaSoogs\\\";s:5:\\\"email\\\";s:23:\\\"ilia.fokinrwc@yandex.ru\\\";s:5:\\\"phone\\\";s:11:\\\"82715896553\\\";s:7:\\\"company\\\";s:6:\\\"google\\\";s:7:\\\"message\\\";s:22:\\\"https:\\/\\/clck.ru\\/36EvZu\\\";s:6:\\\"submit\\\";N;s:20:\\\"g-recaptcha-response\\\";s:1998:\\\"03AFcWeA7Z2yte9lU8cDgXb3njuaOEtvl6-mSE8QkVCmndjeS4XvTP876TPYpn8ScvOA6JW6UKB4hN-5_8F5wNr_AymjU31HT5S_wtk-s1axRl-r4m3lAE23Bsx_y5y9faWjpQ_DYW3MzSaR3dBIBnB-Yp8b6qPLLrxux9Fl3yRBu4tMBgXWOZMdmOW3PrkqGlwfrCoMyYkSSyZeyA30BwFFWCz9au8RgSgmunhFPMwmLhUxXA4KMLJNRoDBFVj-BYrzJX1Cvc9IpY39vz6r1JRwphgtcwgoc6IyrWS5l6Dytguf2WTtvkOfda29CE4qsN6kkNgAx0yEoVR8qzgM5n7mNLHdZUw5KRnKOITUWo5kA1Oy15RepRY5xGadp1t0i4L7LzpThmRqxr930KMhz6xoEwWU8BxEK3NXNvhjRmftUJl-J9u5YAkynK8SF2TlG2Naye1ZhePz5XtyRdzmv557I6WS1K3DlZRwk5Kh3ZRpsCU4cIdj7m53B5I04id1mI9XnvZPg25P2b_w33yxwNFr4XrKU8Cww_9QYYUSXuzXu35CFmYFzjKNiBX16XlyVGJ63pFwgdsrf1W65WPXj9vyUqGikhnGkzZlO8oYaUJki9ne0CVOL1q3-NSzkKouu5mof2wHbsSVnAnV_YX7cVu3tu0ZU4fdwIc0lY3EdM3zOFgIQ-zQx3BIgnvP_SkeUPe21igYl4iHxZUEEkGv-ubUt7Dhqf09TwvTntlFvydz-CPUjGv2lck7w-8hb1sQ8TJy-Fqe3UHRSC_wKvw9lJpvfyH3cT2-afdd5AdWoO92fWJF_rfUbOzcVnj9yyBbJpTT1oAZupS1EuEogErVuDx-cj4ACb2LUQyqWrU6C5Pe-YjZXU2STPx1aSVfMWNvo-4ISZEb9Ki3BlzFR_7x2qcNTJWn_UY6YXf3K4tJMNZK6FuVTPsDS2nlJLRzlHGSXhP46xSxL1rFRh9PmNLAIw6AAw4jCR87_ANtZMFvGTaAZPJ7Q4IjZUQqUPJUt_tSOGxKN_NliTv6OcB3J0DXzslHYVmgJz7SEESjg4odm3Rj6eOiZZihHb01Yz1WIOv9-tRsJ3cjCrkFqaB2po_B7Bic_esFqBb9TrJTfYPYkzgIGkYqD4YbFNpz9UDv8qAXb4K0qqgNY0UCfMFRc4yVnVsA9Uf2_ipbpOQzDfwtzDcy_OutEWV2n-Ic1AjSQYDB56FCUZcdCD8HOva5G-zBk-vsn1EXzNx7eD2xuYg1uW7RuHqx5tk461hAotbPPekyPbtJe4raMvjwABdbmem8RQoVIna69uXG3j9EvMlXUS91iLiP71Y7PdF7QUg9v9_gRlgjjnOuhsBTbxNhyMrIky96twrq-tIw02PSPEfo5SBbDrpBOsMobeH_z-62wmcO2qF55Y9NdX4Za4ghPbCH3Wht3b9MKbjaKrwPyLy3mnctrBs0EHvQiLCZ44qGqc-GRQP19CEbW48ppbWa4fCBwr99DEfk88OoEMr2zgbOOHOJU9WBIkBZ2APFToFULzytSXvRnVUMcNhU777Vs633ojjhqGDVyjPFpk0MuC8zMV7F-dXNPlhxk5k2uf0wmn940uModLmSbYZ0iNZKtEqy6jdIJ1vZEAuEMK5cpVbFw58mm7wW5aa_rThJP9h-0Jct8hm1I1o6pFNxJgeWdgDNNq6-X3hpIsiiq3sX1CyoDyXercQtUgy33-3ypZr_BK-FLAon1XDv_PLqpg1TASBeKYMmj1exsMb2yMo00_4k20NS399s4hXGhWd9o5RqNy_xwjalj2T-SV8CQMc-1jH9g-_9pi_QgbdWJ0pyGtR9I567nwsOryQdkSiJfmQXKigWIiOkummBAMMz3TnR9fC2xbtPPutkgmQ-pFqiaWnEyghgh84DF9BRaZe-i35Qhev7T1riA22qy8Mi85OJVNnAHSkyo8sEH9agksJkdzZDY6V9aZz78CcyJnTWm12gXCDs5hwOllj9vsNedW\\\";}s:6:\\\"locale\\\";N;s:4:\\\"from\\\";a:0:{}s:2:\\\"to\\\";a:0:{}s:2:\\\"cc\\\";a:0:{}s:3:\\\"bcc\\\";a:0:{}s:7:\\\"replyTo\\\";a:0:{}s:7:\\\"subject\\\";N;s:8:\\\"markdown\\\";N;s:7:\\\"\\u0000*\\u0000html\\\";N;s:4:\\\"view\\\";N;s:8:\\\"textView\\\";N;s:8:\\\"viewData\\\";a:0:{}s:11:\\\"attachments\\\";a:0:{}s:14:\\\"rawAttachments\\\";a:0:{}s:15:\\\"diskAttachments\\\";a:0:{}s:9:\\\"callbacks\\\";a:0:{}s:5:\\\"theme\\\";N;s:6:\\\"mailer\\\";s:4:\\\"smtp\\\";s:29:\\\"\\u0000*\\u0000assertionableRenderStrings\\\";N;s:10:\\\"connection\\\";N;s:5:\\\"queue\\\";N;s:15:\\\"chainConnection\\\";N;s:10:\\\"chainQueue\\\";N;s:19:\\\"chainCatchCallbacks\\\";N;s:5:\\\"delay\\\";N;s:11:\\\"afterCommit\\\";N;s:10:\\\"middleware\\\";a:0:{}s:7:\\\"chained\\\";a:0:{}}s:5:\\\"tries\\\";N;s:7:\\\"timeout\\\";N;s:17:\\\"shouldBeEncrypted\\\";b:0;s:10:\\\"connection\\\";N;s:5:\\\"queue\\\";N;s:15:\\\"chainConnection\\\";N;s:10:\\\"chainQueue\\\";N;s:19:\\\"chainCatchCallbacks\\\";N;s:5:\\\"delay\\\";N;s:11:\\\"afterCommit\\\";N;s:10:\\\"middleware\\\";a:0:{}s:7:\\\"chained\\\";a:0:{}}\"}}','Swift_TransportException: Expected response code 354 but got code \"550\", with message \"550-5.4.5 Daily user sending limit exceeded. For more information on Gmail\r\n550-5.4.5 sending limits go to\r\n550 5.4.5  https://support.google.com/a/answer/166852 fa17-20020a056a002d1100b006d98ae070c3sm448384pfb.135 - gsmtp\r\n\" in /var/www/html/gemmproductions/v1/vendor/swiftmailer/swiftmailer/lib/classes/Swift/Transport/AbstractSmtpTransport.php:459\nStack trace:\n#0 /var/www/html/gemmproductions/v1/vendor/swiftmailer/swiftmailer/lib/classes/Swift/Transport/AbstractSmtpTransport.php(344): Swift_Transport_AbstractSmtpTransport->assertResponseCode()\n#1 /var/www/html/gemmproductions/v1/vendor/swiftmailer/swiftmailer/lib/classes/Swift/Transport/EsmtpTransport.php(305): Swift_Transport_AbstractSmtpTransport->executeCommand()\n#2 /var/www/html/gemmproductions/v1/vendor/swiftmailer/swiftmailer/lib/classes/Swift/Transport/AbstractSmtpTransport.php(392): Swift_Transport_EsmtpTransport->executeCommand()\n#3 /var/www/html/gemmproductions/v1/vendor/swiftmailer/swiftmailer/lib/classes/Swift/Transport/AbstractSmtpTransport.php(499): Swift_Transport_AbstractSmtpTransport->doDataCommand()\n#4 /var/www/html/gemmproductions/v1/vendor/swiftmailer/swiftmailer/lib/classes/Swift/Transport/AbstractSmtpTransport.php(518): Swift_Transport_AbstractSmtpTransport->doMailTransaction()\n#5 /var/www/html/gemmproductions/v1/vendor/swiftmailer/swiftmailer/lib/classes/Swift/Transport/AbstractSmtpTransport.php(206): Swift_Transport_AbstractSmtpTransport->sendTo()\n#6 /var/www/html/gemmproductions/v1/vendor/swiftmailer/swiftmailer/lib/classes/Swift/Mailer.php(71): Swift_Transport_AbstractSmtpTransport->send()\n#7 /var/www/html/gemmproductions/v1/vendor/laravel/framework/src/Illuminate/Mail/Mailer.php(521): Swift_Mailer->send()\n#8 /var/www/html/gemmproductions/v1/vendor/laravel/framework/src/Illuminate/Mail/Mailer.php(288): Illuminate\\Mail\\Mailer->sendSwiftMessage()\n#9 /var/www/html/gemmproductions/v1/vendor/laravel/framework/src/Illuminate/Mail/Mailable.php(187): Illuminate\\Mail\\Mailer->send()\n#10 /var/www/html/gemmproductions/v1/vendor/laravel/framework/src/Illuminate/Support/Traits/Localizable.php(19): Illuminate\\Mail\\Mailable->Illuminate\\Mail\\{closure}()\n#11 /var/www/html/gemmproductions/v1/vendor/laravel/framework/src/Illuminate/Mail/Mailable.php(188): Illuminate\\Mail\\Mailable->withLocale()\n#12 /var/www/html/gemmproductions/v1/vendor/laravel/framework/src/Illuminate/Mail/SendQueuedMailable.php(65): Illuminate\\Mail\\Mailable->send()\n#13 /var/www/html/gemmproductions/v1/vendor/laravel/framework/src/Illuminate/Container/BoundMethod.php(36): Illuminate\\Mail\\SendQueuedMailable->handle()\n#14 /var/www/html/gemmproductions/v1/vendor/laravel/framework/src/Illuminate/Container/Util.php(40): Illuminate\\Container\\BoundMethod::Illuminate\\Container\\{closure}()\n#15 /var/www/html/gemmproductions/v1/vendor/laravel/framework/src/Illuminate/Container/BoundMethod.php(93): Illuminate\\Container\\Util::unwrapIfClosure()\n#16 /var/www/html/gemmproductions/v1/vendor/laravel/framework/src/Illuminate/Container/BoundMethod.php(37): Illuminate\\Container\\BoundMethod::callBoundMethod()\n#17 /var/www/html/gemmproductions/v1/vendor/laravel/framework/src/Illuminate/Container/Container.php(653): Illuminate\\Container\\BoundMethod::call()\n#18 /var/www/html/gemmproductions/v1/vendor/laravel/framework/src/Illuminate/Bus/Dispatcher.php(128): Illuminate\\Container\\Container->call()\n#19 /var/www/html/gemmproductions/v1/vendor/laravel/framework/src/Illuminate/Pipeline/Pipeline.php(128): Illuminate\\Bus\\Dispatcher->Illuminate\\Bus\\{closure}()\n#20 /var/www/html/gemmproductions/v1/vendor/laravel/framework/src/Illuminate/Pipeline/Pipeline.php(103): Illuminate\\Pipeline\\Pipeline->Illuminate\\Pipeline\\{closure}()\n#21 /var/www/html/gemmproductions/v1/vendor/laravel/framework/src/Illuminate/Bus/Dispatcher.php(132): Illuminate\\Pipeline\\Pipeline->then()\n#22 /var/www/html/gemmproductions/v1/vendor/laravel/framework/src/Illuminate/Queue/CallQueuedHandler.php(120): Illuminate\\Bus\\Dispatcher->dispatchNow()\n#23 /var/www/html/gemmproductions/v1/vendor/laravel/framework/src/Illuminate/Pipeline/Pipeline.php(128): Illuminate\\Queue\\CallQueuedHandler->Illuminate\\Queue\\{closure}()\n#24 /var/www/html/gemmproductions/v1/vendor/laravel/framework/src/Illuminate/Pipeline/Pipeline.php(103): Illuminate\\Pipeline\\Pipeline->Illuminate\\Pipeline\\{closure}()\n#25 /var/www/html/gemmproductions/v1/vendor/laravel/framework/src/Illuminate/Queue/CallQueuedHandler.php(122): Illuminate\\Pipeline\\Pipeline->then()\n#26 /var/www/html/gemmproductions/v1/vendor/laravel/framework/src/Illuminate/Queue/CallQueuedHandler.php(70): Illuminate\\Queue\\CallQueuedHandler->dispatchThroughMiddleware()\n#27 /var/www/html/gemmproductions/v1/vendor/laravel/framework/src/Illuminate/Queue/Jobs/Job.php(98): Illuminate\\Queue\\CallQueuedHandler->call()\n#28 /var/www/html/gemmproductions/v1/vendor/laravel/framework/src/Illuminate/Queue/Worker.php(428): Illuminate\\Queue\\Jobs\\Job->fire()\n#29 /var/www/html/gemmproductions/v1/vendor/laravel/framework/src/Illuminate/Queue/Worker.php(378): Illuminate\\Queue\\Worker->process()\n#30 /var/www/html/gemmproductions/v1/vendor/laravel/framework/src/Illuminate/Queue/Worker.php(172): Illuminate\\Queue\\Worker->runJob()\n#31 /var/www/html/gemmproductions/v1/vendor/laravel/framework/src/Illuminate/Queue/Console/WorkCommand.php(117): Illuminate\\Queue\\Worker->daemon()\n#32 /var/www/html/gemmproductions/v1/vendor/laravel/framework/src/Illuminate/Queue/Console/WorkCommand.php(101): Illuminate\\Queue\\Console\\WorkCommand->runWorker()\n#33 /var/www/html/gemmproductions/v1/vendor/laravel/framework/src/Illuminate/Container/BoundMethod.php(36): Illuminate\\Queue\\Console\\WorkCommand->handle()\n#34 /var/www/html/gemmproductions/v1/vendor/laravel/framework/src/Illuminate/Container/Util.php(40): Illuminate\\Container\\BoundMethod::Illuminate\\Container\\{closure}()\n#35 /var/www/html/gemmproductions/v1/vendor/laravel/framework/src/Illuminate/Container/BoundMethod.php(93): Illuminate\\Container\\Util::unwrapIfClosure()\n#36 /var/www/html/gemmproductions/v1/vendor/laravel/framework/src/Illuminate/Container/BoundMethod.php(37): Illuminate\\Container\\BoundMethod::callBoundMethod()\n#37 /var/www/html/gemmproductions/v1/vendor/laravel/framework/src/Illuminate/Container/Container.php(653): Illuminate\\Container\\BoundMethod::call()\n#38 /var/www/html/gemmproductions/v1/vendor/laravel/framework/src/Illuminate/Console/Command.php(136): Illuminate\\Container\\Container->call()\n#39 /var/www/html/gemmproductions/v1/vendor/symfony/console/Command/Command.php(298): Illuminate\\Console\\Command->execute()\n#40 /var/www/html/gemmproductions/v1/vendor/laravel/framework/src/Illuminate/Console/Command.php(121): Symfony\\Component\\Console\\Command\\Command->run()\n#41 /var/www/html/gemmproductions/v1/vendor/symfony/console/Application.php(1040): Illuminate\\Console\\Command->run()\n#42 /var/www/html/gemmproductions/v1/vendor/symfony/console/Application.php(301): Symfony\\Component\\Console\\Application->doRunCommand()\n#43 /var/www/html/gemmproductions/v1/vendor/symfony/console/Application.php(171): Symfony\\Component\\Console\\Application->doRun()\n#44 /var/www/html/gemmproductions/v1/vendor/laravel/framework/src/Illuminate/Console/Application.php(94): Symfony\\Component\\Console\\Application->run()\n#45 /var/www/html/gemmproductions/v1/vendor/laravel/framework/src/Illuminate/Foundation/Console/Kernel.php(129): Illuminate\\Console\\Application->run()\n#46 /var/www/html/gemmproductions/v1/artisan(37): Illuminate\\Foundation\\Console\\Kernel->handle()\n#47 {main}','2024-02-07 09:15:40'),(29,'87226d46-8e3e-4d65-8a59-d96879af5948','database','default','{\"uuid\":\"87226d46-8e3e-4d65-8a59-d96879af5948\",\"displayName\":\"App\\\\Mail\\\\ContactUs\",\"job\":\"Illuminate\\\\Queue\\\\CallQueuedHandler@call\",\"maxTries\":null,\"maxExceptions\":null,\"failOnTimeout\":false,\"backoff\":null,\"timeout\":null,\"retryUntil\":null,\"data\":{\"commandName\":\"Illuminate\\\\Mail\\\\SendQueuedMailable\",\"command\":\"O:34:\\\"Illuminate\\\\Mail\\\\SendQueuedMailable\\\":13:{s:8:\\\"mailable\\\";O:18:\\\"App\\\\Mail\\\\ContactUs\\\":29:{s:24:\\\"\\u0000App\\\\Mail\\\\ContactUs\\u0000data\\\";a:7:{s:6:\\\"_token\\\";s:40:\\\"ySiOd5X38LkIfr9TZ2pLAicho2wScKU9xAh4nHHf\\\";s:4:\\\"name\\\";s:17:\\\"Keith Cangiarella\\\";s:5:\\\"email\\\";s:30:\\\"bottlemeamessage1013@gmail.com\\\";s:5:\\\"phone\\\";s:14:\\\"(08) 9010 6824\\\";s:7:\\\"company\\\";s:19:\\\"Bottle Me a Message\\\";s:7:\\\"message\\\";s:494:\\\"Hello there,\\r\\n\\r\\nThis Valentine\'s Day, move beyond from ordinary gifts and explore\\r\\nthe enchanting world of personalized messages in a bottle at https:\\/\\/BottleMeAMessage.com. \\r\\nEach bottle is a treasure trove of emotions, set to sail into the heart of your loved one.\\r\\nDon\'t miss this chance to create a unforgettable and touching gift.\\r\\nSet sail towards love and visit https:\\/\\/BottleMeAMessage.com to \\r\\ncompose your unique message today!\\r\\n\\r\\nBest Wishes,\\r\\n\\r\\nKeith C\\r\\nhttps:\\/\\/bottlemeamessage.com\\\";s:20:\\\"g-recaptcha-response\\\";s:2084:\\\"03AFcWeA5fg-deCOP73hT7u24Xl610AiP67b_jpIwjy3FZ2r8C0dGhAqzZEVCZKBQCQrCjrmui_nIvWXfbvQdEigyxUjkjVMJ_qun2OcZzNi7200TGwk_t0T9rS8JJBxo4YXYJNRlQHnYMG4TgO_Wx1rVCpz1zEyTdEeKclB7KCNFf1VsC9qwBJuFn3DOhZYcgGr82MVYhlRifAMm3jEha3FSUzstgOsesr5Xj2YPrCGhXOfh3_Ymzr6uPIvkM_Jt6oLFDAhBOzAg_PM_-PjOdo-qd9rWl6t4f6Os2yhm6eexA3QdBd7hVlEi8pAkvZt4Ijttz7RzZfL3_QxeX0FBH9M4wtiuQxnYyZCUMUFvRCeO_pDMYwg6d8Q_ACPkjKNXibbV0oa-OHq-GUS1kLFAXFIrQKg82-tMCrlOTXv_CRJ1Qkel1EP26nVABsYg859O8uzzL2VsC5uGycDEae-tGWS0XjgE9cz1BvDNe3s8nh_dkg8NWK0YYnc0HfOMCF6016jj37z_OmM8J5AQUQ95ByyIxmOewU8zahSYmS4P3n6rwKrc0Kd8_uNtaS6cj85OfSg3UivYkB_8vbpGJ6_iHA3COfFCP8g8eyx4XDIZOQwEp3tDLLrZDn-cRTaqwkd-Ve33f8OLYB21x0doyhVIB0ItEB23FUYk5RrKv7ZOmiOll0wxgq-b2r2tBqiM6HRxAS3QsBigeCg2ZU5zOC2slRGNM7NXW5Q6TGbbmw7iCWMbOvLgz4epzD7mo8MokPd0lbt4Mz6tubMIc2ZiGvvnQUTpUprmA02DBBfo7jlubjRMj-qJWTOgf0esP1oTUFx7dWg8pugSu_Uvx2F4SrmMi4BXxSVtwhBex-bsSFtP-kgo5DxqkA9wALH2eDSqmivx9v9VWcfwGGC1Wfr0zpnqrNof9GKkJ7VImSkAIyTFXIuxtwHTod_YnB3ehV5YndTA6NfZ3W-5B4syCXNHqOhk5DCeWwpCZJLWC83Q7Ek58pnn4MaDdYxOsPWTA-Mq-Ua67y1qAga71IuoGYrwOr44hADMZVLxen5jD4GBEfaxV5wQ1l2ZeDSATXlxJtPRF63MCYClXkcbG-o-DFyC5i89QfnONtjVxrS7N8IZ10YQdOcZzx5uz9yEe0xxj1RjT-kcOwT_HOsA2FbDKg0eBnv-XUavj-YbOqguLvYMLofuM8NIrSpt95TPdklgi9eaNXzQHik_6SYpegU3LavsqcwW585aS-A7zoMPWWpJnoDCrF-E7RDfa7c0iuL85Kk5gCwdZDdI5k2bWWoaEQZy2bTSgqAmZ4lxfkrTT_yNThxOTQvfH2H9W2w76GdrcqTE8YP-mLkhYp4LkJ9vKWUmQ1OODtf67hJvWEIJQ9wtwUUhHfI7cdkEvb8zLpbz1TJlOPWgy2W1mIbbEsQb4xRVeKUTBd5jYueCm6rVjt09jLnzw_97OqJC-4S10xEkg0cTqb58qX8W5Phikz5lz5IvDFiVi-R5-jZQ1g-awSmQeV3g0l_6TF2QEMi1_9mZSi3UIevnDxrNpRQMn1J4w3xP6R19Kg3dtg21TH9eMLYCqy0Aeb-zBV4tZeNJiUpFl9pnWvnumGUnduLsz_Rqdk-HFU9eJh59pPDdFPdWzfI4xm8hWaNjQU2xvZLzwKuZjjiwvz3xfRl7XFWbdBwo5GTCOL7bAvXNd_4A9EfZohn0NsBH5jy6OECVaJlnePjPBrE01KxaBomlIMU8pr5FkdYj_v1hxM2GwhU_65EkmWOpPRwfwQtJNVV_2ZCumw43kAEJgfe0gdQZdWHWyo6NnxCh-zMxQoT0PAoUwO_mUAcqorSab8JiClOQ3TSv0awsyQ1Wi46Y0wG9_Nhz7VboRCdWuVsndzHbOQqcjw1Q9-r3kUVM5F1ZTGKtWNnR41o89A9dkhUkIteQVtF_POedIIcClJdFsfzk0BUygycw9IJQugRQbEcD9cOv3yYD9ADZZSnhJosE_FKNmXCU3k2q_a3Ro85PkdCz0xDUPLvSQamMlu3-bqCv8BWr-SzziKdG06ZB0vcuXk4i3p3C4K3axLs6LgNlG4Uqlq_1OqXd9Tw\\\";}s:6:\\\"locale\\\";N;s:4:\\\"from\\\";a:0:{}s:2:\\\"to\\\";a:0:{}s:2:\\\"cc\\\";a:0:{}s:3:\\\"bcc\\\";a:0:{}s:7:\\\"replyTo\\\";a:0:{}s:7:\\\"subject\\\";N;s:8:\\\"markdown\\\";N;s:7:\\\"\\u0000*\\u0000html\\\";N;s:4:\\\"view\\\";N;s:8:\\\"textView\\\";N;s:8:\\\"viewData\\\";a:0:{}s:11:\\\"attachments\\\";a:0:{}s:14:\\\"rawAttachments\\\";a:0:{}s:15:\\\"diskAttachments\\\";a:0:{}s:9:\\\"callbacks\\\";a:0:{}s:5:\\\"theme\\\";N;s:6:\\\"mailer\\\";s:4:\\\"smtp\\\";s:29:\\\"\\u0000*\\u0000assertionableRenderStrings\\\";N;s:10:\\\"connection\\\";N;s:5:\\\"queue\\\";N;s:15:\\\"chainConnection\\\";N;s:10:\\\"chainQueue\\\";N;s:19:\\\"chainCatchCallbacks\\\";N;s:5:\\\"delay\\\";N;s:11:\\\"afterCommit\\\";N;s:10:\\\"middleware\\\";a:0:{}s:7:\\\"chained\\\";a:0:{}}s:5:\\\"tries\\\";N;s:7:\\\"timeout\\\";N;s:17:\\\"shouldBeEncrypted\\\";b:0;s:10:\\\"connection\\\";N;s:5:\\\"queue\\\";N;s:15:\\\"chainConnection\\\";N;s:10:\\\"chainQueue\\\";N;s:19:\\\"chainCatchCallbacks\\\";N;s:5:\\\"delay\\\";N;s:11:\\\"afterCommit\\\";N;s:10:\\\"middleware\\\";a:0:{}s:7:\\\"chained\\\";a:0:{}}\"}}','Swift_TransportException: Expected response code 354 but got code \"550\", with message \"550-5.4.5 Daily user sending limit exceeded. For more information on Gmail\r\n550-5.4.5 sending limits go to\r\n550 5.4.5  https://support.google.com/a/answer/166852 i10-20020a17090320ca00b001d8f251c8b2sm1896737plb.221 - gsmtp\r\n\" in /var/www/html/gemmproductions/v1/vendor/swiftmailer/swiftmailer/lib/classes/Swift/Transport/AbstractSmtpTransport.php:459\nStack trace:\n#0 /var/www/html/gemmproductions/v1/vendor/swiftmailer/swiftmailer/lib/classes/Swift/Transport/AbstractSmtpTransport.php(344): Swift_Transport_AbstractSmtpTransport->assertResponseCode()\n#1 /var/www/html/gemmproductions/v1/vendor/swiftmailer/swiftmailer/lib/classes/Swift/Transport/EsmtpTransport.php(305): Swift_Transport_AbstractSmtpTransport->executeCommand()\n#2 /var/www/html/gemmproductions/v1/vendor/swiftmailer/swiftmailer/lib/classes/Swift/Transport/AbstractSmtpTransport.php(392): Swift_Transport_EsmtpTransport->executeCommand()\n#3 /var/www/html/gemmproductions/v1/vendor/swiftmailer/swiftmailer/lib/classes/Swift/Transport/AbstractSmtpTransport.php(499): Swift_Transport_AbstractSmtpTransport->doDataCommand()\n#4 /var/www/html/gemmproductions/v1/vendor/swiftmailer/swiftmailer/lib/classes/Swift/Transport/AbstractSmtpTransport.php(518): Swift_Transport_AbstractSmtpTransport->doMailTransaction()\n#5 /var/www/html/gemmproductions/v1/vendor/swiftmailer/swiftmailer/lib/classes/Swift/Transport/AbstractSmtpTransport.php(206): Swift_Transport_AbstractSmtpTransport->sendTo()\n#6 /var/www/html/gemmproductions/v1/vendor/swiftmailer/swiftmailer/lib/classes/Swift/Mailer.php(71): Swift_Transport_AbstractSmtpTransport->send()\n#7 /var/www/html/gemmproductions/v1/vendor/laravel/framework/src/Illuminate/Mail/Mailer.php(521): Swift_Mailer->send()\n#8 /var/www/html/gemmproductions/v1/vendor/laravel/framework/src/Illuminate/Mail/Mailer.php(288): Illuminate\\Mail\\Mailer->sendSwiftMessage()\n#9 /var/www/html/gemmproductions/v1/vendor/laravel/framework/src/Illuminate/Mail/Mailable.php(187): Illuminate\\Mail\\Mailer->send()\n#10 /var/www/html/gemmproductions/v1/vendor/laravel/framework/src/Illuminate/Support/Traits/Localizable.php(19): Illuminate\\Mail\\Mailable->Illuminate\\Mail\\{closure}()\n#11 /var/www/html/gemmproductions/v1/vendor/laravel/framework/src/Illuminate/Mail/Mailable.php(188): Illuminate\\Mail\\Mailable->withLocale()\n#12 /var/www/html/gemmproductions/v1/vendor/laravel/framework/src/Illuminate/Mail/SendQueuedMailable.php(65): Illuminate\\Mail\\Mailable->send()\n#13 /var/www/html/gemmproductions/v1/vendor/laravel/framework/src/Illuminate/Container/BoundMethod.php(36): Illuminate\\Mail\\SendQueuedMailable->handle()\n#14 /var/www/html/gemmproductions/v1/vendor/laravel/framework/src/Illuminate/Container/Util.php(40): Illuminate\\Container\\BoundMethod::Illuminate\\Container\\{closure}()\n#15 /var/www/html/gemmproductions/v1/vendor/laravel/framework/src/Illuminate/Container/BoundMethod.php(93): Illuminate\\Container\\Util::unwrapIfClosure()\n#16 /var/www/html/gemmproductions/v1/vendor/laravel/framework/src/Illuminate/Container/BoundMethod.php(37): Illuminate\\Container\\BoundMethod::callBoundMethod()\n#17 /var/www/html/gemmproductions/v1/vendor/laravel/framework/src/Illuminate/Container/Container.php(653): Illuminate\\Container\\BoundMethod::call()\n#18 /var/www/html/gemmproductions/v1/vendor/laravel/framework/src/Illuminate/Bus/Dispatcher.php(128): Illuminate\\Container\\Container->call()\n#19 /var/www/html/gemmproductions/v1/vendor/laravel/framework/src/Illuminate/Pipeline/Pipeline.php(128): Illuminate\\Bus\\Dispatcher->Illuminate\\Bus\\{closure}()\n#20 /var/www/html/gemmproductions/v1/vendor/laravel/framework/src/Illuminate/Pipeline/Pipeline.php(103): Illuminate\\Pipeline\\Pipeline->Illuminate\\Pipeline\\{closure}()\n#21 /var/www/html/gemmproductions/v1/vendor/laravel/framework/src/Illuminate/Bus/Dispatcher.php(132): Illuminate\\Pipeline\\Pipeline->then()\n#22 /var/www/html/gemmproductions/v1/vendor/laravel/framework/src/Illuminate/Queue/CallQueuedHandler.php(120): Illuminate\\Bus\\Dispatcher->dispatchNow()\n#23 /var/www/html/gemmproductions/v1/vendor/laravel/framework/src/Illuminate/Pipeline/Pipeline.php(128): Illuminate\\Queue\\CallQueuedHandler->Illuminate\\Queue\\{closure}()\n#24 /var/www/html/gemmproductions/v1/vendor/laravel/framework/src/Illuminate/Pipeline/Pipeline.php(103): Illuminate\\Pipeline\\Pipeline->Illuminate\\Pipeline\\{closure}()\n#25 /var/www/html/gemmproductions/v1/vendor/laravel/framework/src/Illuminate/Queue/CallQueuedHandler.php(122): Illuminate\\Pipeline\\Pipeline->then()\n#26 /var/www/html/gemmproductions/v1/vendor/laravel/framework/src/Illuminate/Queue/CallQueuedHandler.php(70): Illuminate\\Queue\\CallQueuedHandler->dispatchThroughMiddleware()\n#27 /var/www/html/gemmproductions/v1/vendor/laravel/framework/src/Illuminate/Queue/Jobs/Job.php(98): Illuminate\\Queue\\CallQueuedHandler->call()\n#28 /var/www/html/gemmproductions/v1/vendor/laravel/framework/src/Illuminate/Queue/Worker.php(428): Illuminate\\Queue\\Jobs\\Job->fire()\n#29 /var/www/html/gemmproductions/v1/vendor/laravel/framework/src/Illuminate/Queue/Worker.php(378): Illuminate\\Queue\\Worker->process()\n#30 /var/www/html/gemmproductions/v1/vendor/laravel/framework/src/Illuminate/Queue/Worker.php(172): Illuminate\\Queue\\Worker->runJob()\n#31 /var/www/html/gemmproductions/v1/vendor/laravel/framework/src/Illuminate/Queue/Console/WorkCommand.php(117): Illuminate\\Queue\\Worker->daemon()\n#32 /var/www/html/gemmproductions/v1/vendor/laravel/framework/src/Illuminate/Queue/Console/WorkCommand.php(101): Illuminate\\Queue\\Console\\WorkCommand->runWorker()\n#33 /var/www/html/gemmproductions/v1/vendor/laravel/framework/src/Illuminate/Container/BoundMethod.php(36): Illuminate\\Queue\\Console\\WorkCommand->handle()\n#34 /var/www/html/gemmproductions/v1/vendor/laravel/framework/src/Illuminate/Container/Util.php(40): Illuminate\\Container\\BoundMethod::Illuminate\\Container\\{closure}()\n#35 /var/www/html/gemmproductions/v1/vendor/laravel/framework/src/Illuminate/Container/BoundMethod.php(93): Illuminate\\Container\\Util::unwrapIfClosure()\n#36 /var/www/html/gemmproductions/v1/vendor/laravel/framework/src/Illuminate/Container/BoundMethod.php(37): Illuminate\\Container\\BoundMethod::callBoundMethod()\n#37 /var/www/html/gemmproductions/v1/vendor/laravel/framework/src/Illuminate/Container/Container.php(653): Illuminate\\Container\\BoundMethod::call()\n#38 /var/www/html/gemmproductions/v1/vendor/laravel/framework/src/Illuminate/Console/Command.php(136): Illuminate\\Container\\Container->call()\n#39 /var/www/html/gemmproductions/v1/vendor/symfony/console/Command/Command.php(298): Illuminate\\Console\\Command->execute()\n#40 /var/www/html/gemmproductions/v1/vendor/laravel/framework/src/Illuminate/Console/Command.php(121): Symfony\\Component\\Console\\Command\\Command->run()\n#41 /var/www/html/gemmproductions/v1/vendor/symfony/console/Application.php(1040): Illuminate\\Console\\Command->run()\n#42 /var/www/html/gemmproductions/v1/vendor/symfony/console/Application.php(301): Symfony\\Component\\Console\\Application->doRunCommand()\n#43 /var/www/html/gemmproductions/v1/vendor/symfony/console/Application.php(171): Symfony\\Component\\Console\\Application->doRun()\n#44 /var/www/html/gemmproductions/v1/vendor/laravel/framework/src/Illuminate/Console/Application.php(94): Symfony\\Component\\Console\\Application->run()\n#45 /var/www/html/gemmproductions/v1/vendor/laravel/framework/src/Illuminate/Foundation/Console/Kernel.php(129): Illuminate\\Console\\Application->run()\n#46 /var/www/html/gemmproductions/v1/artisan(37): Illuminate\\Foundation\\Console\\Kernel->handle()\n#47 {main}','2024-02-08 01:02:54'),(30,'286dd3c4-916f-4357-9dcd-9a559ed91ebb','database','default','{\"uuid\":\"286dd3c4-916f-4357-9dcd-9a559ed91ebb\",\"displayName\":\"App\\\\Mail\\\\ContactUs\",\"job\":\"Illuminate\\\\Queue\\\\CallQueuedHandler@call\",\"maxTries\":null,\"maxExceptions\":null,\"failOnTimeout\":false,\"backoff\":null,\"timeout\":null,\"retryUntil\":null,\"data\":{\"commandName\":\"Illuminate\\\\Mail\\\\SendQueuedMailable\",\"command\":\"O:34:\\\"Illuminate\\\\Mail\\\\SendQueuedMailable\\\":13:{s:8:\\\"mailable\\\";O:18:\\\"App\\\\Mail\\\\ContactUs\\\":29:{s:24:\\\"\\u0000App\\\\Mail\\\\ContactUs\\u0000data\\\";a:8:{s:6:\\\"_token\\\";s:40:\\\"9m4CIRg2tOoFxvqXN00rDOTwL06MOwWzLBmVSGjv\\\";s:4:\\\"name\\\";s:10:\\\"Pillsenusy\\\";s:5:\\\"email\\\";s:27:\\\"iunskiygipertonik@gmail.com\\\";s:5:\\\"phone\\\";s:11:\\\"86654914755\\\";s:7:\\\"company\\\";s:6:\\\"google\\\";s:7:\\\"message\\\";s:623:\\\"TruePills, No prescription needed, Buy pills without restrictions. Money Back Guaranteed 30-day refunds. \\r\\n \\r\\n<b>Viagra<\\/b> buy, discount! without prescription. \\r\\n<b>Cialis<\\/b> buy, discount! without prescription. \\r\\nViagra Professional buy, discount! without prescription. \\r\\nCialis Professional buy, discount! without prescription. \\r\\n \\r\\nViagra Super Active buy, discount! without prescription. \\r\\nCialis Super Active buy, discount! without prescription. \\r\\n<b>Synthroid<\\/b> buy, discount! without prescription. \\r\\n \\r\\nhttps:\\/\\/cutt.ly\\/4wP5bDuH \\r\\n \\r\\nhttps:\\/\\/cutt.ly\\/AwXXaRVW \\r\\n \\r\\nhttp:\\/\\/bit.ly\\/3GAiEsU \\r\\n \\r\\nhttps:\\/\\/bit.ly\\/495WQSS\\\";s:6:\\\"submit\\\";N;s:20:\\\"g-recaptcha-response\\\";s:1998:\\\"03AFcWeA7SlK84sZlXUuTAxcFS9ieHk3106SV6waYmK0jQPOrSFZzEgygIW0U0vx7vRkEZqoMIsFRJLlVvFJT_O1nTJFEiHLvKWUnc5WEAOBjrAD-8hZGz45ev8jdJjvz9zLvfvSGRD4iqGl94JAJFx7OOIrRGcdF7nB4rGWx94zE-SzDJOv10KFzWgfB1J8Oiif5HDaYNseu5UKjM1aCHNmcFLSJoKXe9by577UcLjmyYMsgYXFo-g0fG3W6H9gajc-H5HUXgaxF_5zDmE4bETxkzKAq_eSLSug224YedX7g5NqHoYFuQcdZdb8MlCVyxsPiUtxD3ie1ZqkkTBN_98R2ipU760Ay-g7PU9rCo260lqJdK8yH007113cGNjcaNNkyef_I-iPN3wFd_1DKhuUSW_wpEFy1xOXcESEZ0I9b1k2TILaF-ByprKmq6db-V844ytIkhYS4A7SAhWkuVUVIz5xwlZo-dz6ReAIxXJ1tNnZY4kbByOKP2gWfuRPeOPnekxcdTOakoP2UubQH2h10AgPbj1aO-__f377cDoozxTZILFNiprrfcJOUn9IF3ZSSjXxhUQD2GBNO9k_GKzJp1FNWXZc2vOz4jnW8PVjw7ZOtBGO31JEcClwCrC4HJj5GS-w_utlqZg91vq4bLFaWJHNgwjKI0YRgVRxei0EN8eMZIoNRhpHwpFbLm4kloxDtEY2QDlgdOUReE1PE5DtuLkpu9MKuk7yKw60d5tJ-PVsKwK9-wA_sIROpFbsHkJbbcWJ45DphOshpMoDtdgen3IVqFC4Kup8YNwrJCN18f5EinhaDNeDmD2BsMvGhlxm80XT844i5EZk_ex3JJCeBOgbOFJps1FoKKDCtps0KKDQqkiLy16vT0NCvsIYTfA7HkHR2utWtEcYdJ13_-W3-9yHotOQESNMFGMUmUfQIS9UOD-yHYgDB2zuATklk1bgf5v2isLlLQle-PCMTpcsmw7HO2f-OFL3fAT5wSpujjoYoklmhH1TGGx3GHYy8_bBTdVBfkNZ9p9wG7U6nT4zgs8yAemrSSi7ztWa0mI9JreS9U2aZtj3O0z0YoJMxxGZMIcOUb6OU9A67UI5uIul8-jQmq-UIa-Q9sjTHZV7-4JFu0Cz_p4IIHfMY99wJTk7Si3mdxzTBE1F3vdTgbVBnSnHxY4pyM2Csd_IUDq9zIdtzMlqVw2Fki0-7RWd5d2wTE07ARGl-X8XnPo3eAekaLgANDbaDNgrDWWsUyb2_fG7yTkFv4n9lbvvxdAmuwz1dMo1lQzq545Vw4XJWbgLG2QHSCiKcjCHoHvIk6ApOuHsKLUy26mqugtRCx9ON-JTdT38TJr-gDGXPRJrwdMN4ITEXbDnsUZNGsmPcA7HOZm85p-mTKyE8mSd9o2QZp-oi0Lo_tl8Qvryu9q-sGSMIwejPw_miA2K8hwBu4T6PnHSZ21CDu8UTiUjpOJYMGrvW02XCZqMwPqBGYAxBkSmJGd10qjPAKwEQ5L-cZ4s1R3T8r2YYhn4y_sP7Ry7hTLLGB-r4FyUYNaAm2QbuUoxg96-anlyJhzrthM8EKehOa6NoEsA9CkfbXmIFMSq363Mja8Gy0KoMzm7T44DTKid77m4d8V0ehmkpp4qy94mfZBr3Px1kgn8umS13PGVSnQQRdasHzC1wEERHwlnKV00xuCYM7Yt9Bv4umO_tDZZTEK7aQqkfMTlez59cBdOuES40u6g8wCptENKLlV1JN7PqSVpNyH823qamilu140jtrxXM0DlP5fuKOTvQfMKJPaNO_bTl3kKdqS3WcvoriXDK0cr4coKUrTzNxFujm8aA98B-3uoytKENRmEPTycO736wWGsp0pDLRjCzdfEPztXXv0Zh5FXGJIM3w4ImcM9NTiuWYLRUNWtGQsZNta3C6ldQwONjo1JuwZLcsFXWJ1bmClDyAxdacx0MfbaLnhFfX7V7teaEUnFAVHeEd8B8QaZJTqFrzuYvF\\\";}s:6:\\\"locale\\\";N;s:4:\\\"from\\\";a:0:{}s:2:\\\"to\\\";a:0:{}s:2:\\\"cc\\\";a:0:{}s:3:\\\"bcc\\\";a:0:{}s:7:\\\"replyTo\\\";a:0:{}s:7:\\\"subject\\\";N;s:8:\\\"markdown\\\";N;s:7:\\\"\\u0000*\\u0000html\\\";N;s:4:\\\"view\\\";N;s:8:\\\"textView\\\";N;s:8:\\\"viewData\\\";a:0:{}s:11:\\\"attachments\\\";a:0:{}s:14:\\\"rawAttachments\\\";a:0:{}s:15:\\\"diskAttachments\\\";a:0:{}s:9:\\\"callbacks\\\";a:0:{}s:5:\\\"theme\\\";N;s:6:\\\"mailer\\\";s:4:\\\"smtp\\\";s:29:\\\"\\u0000*\\u0000assertionableRenderStrings\\\";N;s:10:\\\"connection\\\";N;s:5:\\\"queue\\\";N;s:15:\\\"chainConnection\\\";N;s:10:\\\"chainQueue\\\";N;s:19:\\\"chainCatchCallbacks\\\";N;s:5:\\\"delay\\\";N;s:11:\\\"afterCommit\\\";N;s:10:\\\"middleware\\\";a:0:{}s:7:\\\"chained\\\";a:0:{}}s:5:\\\"tries\\\";N;s:7:\\\"timeout\\\";N;s:17:\\\"shouldBeEncrypted\\\";b:0;s:10:\\\"connection\\\";N;s:5:\\\"queue\\\";N;s:15:\\\"chainConnection\\\";N;s:10:\\\"chainQueue\\\";N;s:19:\\\"chainCatchCallbacks\\\";N;s:5:\\\"delay\\\";N;s:11:\\\"afterCommit\\\";N;s:10:\\\"middleware\\\";a:0:{}s:7:\\\"chained\\\";a:0:{}}\"}}','Swift_TransportException: Expected response code 354 but got code \"550\", with message \"550-5.4.5 Daily user sending limit exceeded. For more information on Gmail\r\n550-5.4.5 sending limits go to\r\n550 5.4.5  https://support.google.com/a/answer/166852 k11-20020a170902f28b00b001d94c54b3bcsm2072301plc.264 - gsmtp\r\n\" in /var/www/html/gemmproductions/v1/vendor/swiftmailer/swiftmailer/lib/classes/Swift/Transport/AbstractSmtpTransport.php:459\nStack trace:\n#0 /var/www/html/gemmproductions/v1/vendor/swiftmailer/swiftmailer/lib/classes/Swift/Transport/AbstractSmtpTransport.php(344): Swift_Transport_AbstractSmtpTransport->assertResponseCode()\n#1 /var/www/html/gemmproductions/v1/vendor/swiftmailer/swiftmailer/lib/classes/Swift/Transport/EsmtpTransport.php(305): Swift_Transport_AbstractSmtpTransport->executeCommand()\n#2 /var/www/html/gemmproductions/v1/vendor/swiftmailer/swiftmailer/lib/classes/Swift/Transport/AbstractSmtpTransport.php(392): Swift_Transport_EsmtpTransport->executeCommand()\n#3 /var/www/html/gemmproductions/v1/vendor/swiftmailer/swiftmailer/lib/classes/Swift/Transport/AbstractSmtpTransport.php(499): Swift_Transport_AbstractSmtpTransport->doDataCommand()\n#4 /var/www/html/gemmproductions/v1/vendor/swiftmailer/swiftmailer/lib/classes/Swift/Transport/AbstractSmtpTransport.php(518): Swift_Transport_AbstractSmtpTransport->doMailTransaction()\n#5 /var/www/html/gemmproductions/v1/vendor/swiftmailer/swiftmailer/lib/classes/Swift/Transport/AbstractSmtpTransport.php(206): Swift_Transport_AbstractSmtpTransport->sendTo()\n#6 /var/www/html/gemmproductions/v1/vendor/swiftmailer/swiftmailer/lib/classes/Swift/Mailer.php(71): Swift_Transport_AbstractSmtpTransport->send()\n#7 /var/www/html/gemmproductions/v1/vendor/laravel/framework/src/Illuminate/Mail/Mailer.php(521): Swift_Mailer->send()\n#8 /var/www/html/gemmproductions/v1/vendor/laravel/framework/src/Illuminate/Mail/Mailer.php(288): Illuminate\\Mail\\Mailer->sendSwiftMessage()\n#9 /var/www/html/gemmproductions/v1/vendor/laravel/framework/src/Illuminate/Mail/Mailable.php(187): Illuminate\\Mail\\Mailer->send()\n#10 /var/www/html/gemmproductions/v1/vendor/laravel/framework/src/Illuminate/Support/Traits/Localizable.php(19): Illuminate\\Mail\\Mailable->Illuminate\\Mail\\{closure}()\n#11 /var/www/html/gemmproductions/v1/vendor/laravel/framework/src/Illuminate/Mail/Mailable.php(188): Illuminate\\Mail\\Mailable->withLocale()\n#12 /var/www/html/gemmproductions/v1/vendor/laravel/framework/src/Illuminate/Mail/SendQueuedMailable.php(65): Illuminate\\Mail\\Mailable->send()\n#13 /var/www/html/gemmproductions/v1/vendor/laravel/framework/src/Illuminate/Container/BoundMethod.php(36): Illuminate\\Mail\\SendQueuedMailable->handle()\n#14 /var/www/html/gemmproductions/v1/vendor/laravel/framework/src/Illuminate/Container/Util.php(40): Illuminate\\Container\\BoundMethod::Illuminate\\Container\\{closure}()\n#15 /var/www/html/gemmproductions/v1/vendor/laravel/framework/src/Illuminate/Container/BoundMethod.php(93): Illuminate\\Container\\Util::unwrapIfClosure()\n#16 /var/www/html/gemmproductions/v1/vendor/laravel/framework/src/Illuminate/Container/BoundMethod.php(37): Illuminate\\Container\\BoundMethod::callBoundMethod()\n#17 /var/www/html/gemmproductions/v1/vendor/laravel/framework/src/Illuminate/Container/Container.php(653): Illuminate\\Container\\BoundMethod::call()\n#18 /var/www/html/gemmproductions/v1/vendor/laravel/framework/src/Illuminate/Bus/Dispatcher.php(128): Illuminate\\Container\\Container->call()\n#19 /var/www/html/gemmproductions/v1/vendor/laravel/framework/src/Illuminate/Pipeline/Pipeline.php(128): Illuminate\\Bus\\Dispatcher->Illuminate\\Bus\\{closure}()\n#20 /var/www/html/gemmproductions/v1/vendor/laravel/framework/src/Illuminate/Pipeline/Pipeline.php(103): Illuminate\\Pipeline\\Pipeline->Illuminate\\Pipeline\\{closure}()\n#21 /var/www/html/gemmproductions/v1/vendor/laravel/framework/src/Illuminate/Bus/Dispatcher.php(132): Illuminate\\Pipeline\\Pipeline->then()\n#22 /var/www/html/gemmproductions/v1/vendor/laravel/framework/src/Illuminate/Queue/CallQueuedHandler.php(120): Illuminate\\Bus\\Dispatcher->dispatchNow()\n#23 /var/www/html/gemmproductions/v1/vendor/laravel/framework/src/Illuminate/Pipeline/Pipeline.php(128): Illuminate\\Queue\\CallQueuedHandler->Illuminate\\Queue\\{closure}()\n#24 /var/www/html/gemmproductions/v1/vendor/laravel/framework/src/Illuminate/Pipeline/Pipeline.php(103): Illuminate\\Pipeline\\Pipeline->Illuminate\\Pipeline\\{closure}()\n#25 /var/www/html/gemmproductions/v1/vendor/laravel/framework/src/Illuminate/Queue/CallQueuedHandler.php(122): Illuminate\\Pipeline\\Pipeline->then()\n#26 /var/www/html/gemmproductions/v1/vendor/laravel/framework/src/Illuminate/Queue/CallQueuedHandler.php(70): Illuminate\\Queue\\CallQueuedHandler->dispatchThroughMiddleware()\n#27 /var/www/html/gemmproductions/v1/vendor/laravel/framework/src/Illuminate/Queue/Jobs/Job.php(98): Illuminate\\Queue\\CallQueuedHandler->call()\n#28 /var/www/html/gemmproductions/v1/vendor/laravel/framework/src/Illuminate/Queue/Worker.php(428): Illuminate\\Queue\\Jobs\\Job->fire()\n#29 /var/www/html/gemmproductions/v1/vendor/laravel/framework/src/Illuminate/Queue/Worker.php(378): Illuminate\\Queue\\Worker->process()\n#30 /var/www/html/gemmproductions/v1/vendor/laravel/framework/src/Illuminate/Queue/Worker.php(172): Illuminate\\Queue\\Worker->runJob()\n#31 /var/www/html/gemmproductions/v1/vendor/laravel/framework/src/Illuminate/Queue/Console/WorkCommand.php(117): Illuminate\\Queue\\Worker->daemon()\n#32 /var/www/html/gemmproductions/v1/vendor/laravel/framework/src/Illuminate/Queue/Console/WorkCommand.php(101): Illuminate\\Queue\\Console\\WorkCommand->runWorker()\n#33 /var/www/html/gemmproductions/v1/vendor/laravel/framework/src/Illuminate/Container/BoundMethod.php(36): Illuminate\\Queue\\Console\\WorkCommand->handle()\n#34 /var/www/html/gemmproductions/v1/vendor/laravel/framework/src/Illuminate/Container/Util.php(40): Illuminate\\Container\\BoundMethod::Illuminate\\Container\\{closure}()\n#35 /var/www/html/gemmproductions/v1/vendor/laravel/framework/src/Illuminate/Container/BoundMethod.php(93): Illuminate\\Container\\Util::unwrapIfClosure()\n#36 /var/www/html/gemmproductions/v1/vendor/laravel/framework/src/Illuminate/Container/BoundMethod.php(37): Illuminate\\Container\\BoundMethod::callBoundMethod()\n#37 /var/www/html/gemmproductions/v1/vendor/laravel/framework/src/Illuminate/Container/Container.php(653): Illuminate\\Container\\BoundMethod::call()\n#38 /var/www/html/gemmproductions/v1/vendor/laravel/framework/src/Illuminate/Console/Command.php(136): Illuminate\\Container\\Container->call()\n#39 /var/www/html/gemmproductions/v1/vendor/symfony/console/Command/Command.php(298): Illuminate\\Console\\Command->execute()\n#40 /var/www/html/gemmproductions/v1/vendor/laravel/framework/src/Illuminate/Console/Command.php(121): Symfony\\Component\\Console\\Command\\Command->run()\n#41 /var/www/html/gemmproductions/v1/vendor/symfony/console/Application.php(1040): Illuminate\\Console\\Command->run()\n#42 /var/www/html/gemmproductions/v1/vendor/symfony/console/Application.php(301): Symfony\\Component\\Console\\Application->doRunCommand()\n#43 /var/www/html/gemmproductions/v1/vendor/symfony/console/Application.php(171): Symfony\\Component\\Console\\Application->doRun()\n#44 /var/www/html/gemmproductions/v1/vendor/laravel/framework/src/Illuminate/Console/Application.php(94): Symfony\\Component\\Console\\Application->run()\n#45 /var/www/html/gemmproductions/v1/vendor/laravel/framework/src/Illuminate/Foundation/Console/Kernel.php(129): Illuminate\\Console\\Application->run()\n#46 /var/www/html/gemmproductions/v1/artisan(37): Illuminate\\Foundation\\Console\\Kernel->handle()\n#47 {main}','2024-02-08 04:19:02'),(31,'ab2a0a66-7f41-43d9-b66b-356eb134446e','database','default','{\"uuid\":\"ab2a0a66-7f41-43d9-b66b-356eb134446e\",\"displayName\":\"App\\\\Mail\\\\ContactUs\",\"job\":\"Illuminate\\\\Queue\\\\CallQueuedHandler@call\",\"maxTries\":null,\"maxExceptions\":null,\"failOnTimeout\":false,\"backoff\":null,\"timeout\":null,\"retryUntil\":null,\"data\":{\"commandName\":\"Illuminate\\\\Mail\\\\SendQueuedMailable\",\"command\":\"O:34:\\\"Illuminate\\\\Mail\\\\SendQueuedMailable\\\":13:{s:8:\\\"mailable\\\";O:18:\\\"App\\\\Mail\\\\ContactUs\\\":29:{s:24:\\\"\\u0000App\\\\Mail\\\\ContactUs\\u0000data\\\";a:7:{s:6:\\\"_token\\\";s:40:\\\"G99t3FsSj9i3GWLD3XMgVC3l2W3DlFXbyrE7qsAH\\\";s:4:\\\"name\\\";s:15:\\\"Annabelle Bayer\\\";s:5:\\\"email\\\";s:25:\\\"annabelle_bayer@gmail.com\\\";s:5:\\\"phone\\\";s:14:\\\"(08) 9033 3105\\\";s:7:\\\"company\\\";s:15:\\\"Annabelle Bayer\\\";s:7:\\\"message\\\";s:850:\\\"gemmproductions.com,\\r\\n\\r\\nI trust this message finds you well. I\'m writing to offer a special opportunity to greatly enhance your business\'s online profile and credibility. For just $300, we can facilitate the procurement of 30 genuine, 5-star Google reviews from authentic customers. These authentic reviews can vastly improve your standing, draw in a larger audience, and ultimately raise your sales by creating trust and confidence in your brand.\\r\\n\\r\\nOur process is transparent, ethical, and designed to reflect the real, positive experiences your customers have had with your business. We can collaborate to make your business be distinguished and lead more satisfied customers to your doorstep.\\r\\n\\r\\nLooking forward to helping your business shine online!\\r\\n\\r\\n\\r\\nYou can start your order here:\\r\\nhttps:\\/\\/bit.ly\\/3OkyJYb\\r\\n\\r\\n\\r\\nBest regards,\\r\\nAnnabelle Bayer\\\";s:20:\\\"g-recaptcha-response\\\";s:1977:\\\"03AFcWeA6q_c3REbG9JZpBMpHIjH95exwe2FFyZAs39cssT1GKSN2tqMs84x6CpMCZm2FRar30H6oPMhU272Od4DClLCWMHjIOBXsqJSazBf_wihICg9pIS3X6-PkBD9xm7R6EhMwmjYSiekUkUrJTMRkSXoPS51bvCugZIQcbklocnNLM038Yg_VLsn4x7TnBEGTgQMN3d6ktxkhevnQFGxoWZbhOPbc0ZrDGphtnCgLR6keGGlAQwUzMIc2pZGYpDNNXW1UGp2nNnwgjqB7EWCqES_tiqYKJaGqjbFtdMsRwyRnRiGC7heiKA7sBOYsDnTSGz9y2ElXYJfyBSzqpqKXRolJtV6X1qwLr3sc9kndeCiau2GpihYDT0jnZkFwN14bQN3yJHlHA_9ENKSPTg8M_-8E_Hzl5t5nQUZ89Z69F3NWoPCB17XCFmvxiMHMNChVd3i2QWkxGmzyM5fSZl-4YHZHK9JvptgqZ1koXH8WG5B1tReCUCBv-45OMmWRorLiF1eVCwMsBvz6yZ_C7M1I9OfC2JWyd2migk1AjlYN-aN21TUhIF5KJjPfb9tzvetM0GJcIJuEdPWFXFs8kmDDqWbxIzY4ksDTw4kY3Igo7JZJ2HKXqkJNbEH_V_ieccxAZ9JfMmt-0Jy2w0bXP45wSZy6U4yfJFty7EOrbyS6BVEaB3PxXM8QunSR_MBHU1K2-VmFYjJABKNQXU9Chyp4be5_0SjinCoC1naY5cwvOpAcBGhsRaZg0B33SBYA8OzMOG87N8MAqpH8LGRWOcHfMSoldF1qZ-W0OYvOPVSIT1b_srQdoF363tnpFuMcuTFE7u4WdoWzmnzH_pwYwQaYgQ13oSdV9hlr1mlq1U4XGWztqlIPwlcLmnEN6iXMzkW1GnIPKDA0VNp695h6niJisJMlqZM4HQ8S8rCMwt4sILLs9Qx_SS2jGLB2EJFXew21yv_xQG8aVzX38ck8DYfZmmaISjA3J4UKhgXl6Ey5T5XmokWZEpiaYu0hK7UTiJdcjmUobX475_Y0R1CsY647LvolEYNiSuaCBnQTcn67CbeuP0HmwD0pGv02RdpBTl8ahHpqmBOU8JwDt5-umGQu7ER2EXGOZ3XFKkqu9vyLmHVAM9uBMAqDjoUODw5kMvpDz9G0OQMFKSQP-bqtZEKV0EsDaXArrIY-bXkTBWdJTnQ_bIGNDMKP1Zz_2e7TYgtc7jD5EqKeIkjbR-aT8BBojp323uDoqSjK1ovKfbA7ysWBVvq7DUbssNo6EI8l5VvMzm2fb9ygQs9h0bmoWVaTTjWa2w7E2bbw14_IFvD1Tid_8mb9EANvr2AjUQqjbhN4zMO-pvPg0J1yffPDnlpyBlPMSJYN90DsTZIR_8hlE-JO5hcmVwaRgTrcL3Q4YE3PuBuUNVcFUXp4Zn-lGoUEYKJ_JfmXOq-PX-b64adFThlrEVxhyvHslmM7dY6X-LlwSBmcpJt1ovjgnyK33w-vobDk27-3UBJke5fj5iW7p7e7jxAXVsbJOzTsYxXdDYKECxqWIGJIQ8ke4fp8BMcdJv-IlEYJun4j4KPaLrsjPG5ff62cMmv5wvZnde307WmtzRS3HkC3zvXXyBxXLmjBtKC21xVaGKqw62piclm_bA2ksswMBVZm0bI9CJus1RHliuOqyKMg2xusrzgqJlkO5_7h_MlouL_83VwmSeVxM4wyMnvGsOKqFAakf79iIfeHFEuypFoAjB5Zm9VYGO7lvn4I9On-4dh3eyTHWAslvfG-ih2bMR2PFd9VnonOqXEUhQmi8z0dZvzNhtPepaXHWGEDrHBP0DJrlcA5l1gj3UyYgDfBA59IhYo9V3ideyrrJuUPfgJ-nMmgXExtwr8P5vT8RtZawG014I4Cq40MtAiprXs4BdoydhsSn1BxaKSXCeWFQuHD2krDvm5crVlC_UdvE3J4sqW92-b1jJ31pJvvB1nwT5FM\\\";}s:6:\\\"locale\\\";N;s:4:\\\"from\\\";a:0:{}s:2:\\\"to\\\";a:0:{}s:2:\\\"cc\\\";a:0:{}s:3:\\\"bcc\\\";a:0:{}s:7:\\\"replyTo\\\";a:0:{}s:7:\\\"subject\\\";N;s:8:\\\"markdown\\\";N;s:7:\\\"\\u0000*\\u0000html\\\";N;s:4:\\\"view\\\";N;s:8:\\\"textView\\\";N;s:8:\\\"viewData\\\";a:0:{}s:11:\\\"attachments\\\";a:0:{}s:14:\\\"rawAttachments\\\";a:0:{}s:15:\\\"diskAttachments\\\";a:0:{}s:9:\\\"callbacks\\\";a:0:{}s:5:\\\"theme\\\";N;s:6:\\\"mailer\\\";s:4:\\\"smtp\\\";s:29:\\\"\\u0000*\\u0000assertionableRenderStrings\\\";N;s:10:\\\"connection\\\";N;s:5:\\\"queue\\\";N;s:15:\\\"chainConnection\\\";N;s:10:\\\"chainQueue\\\";N;s:19:\\\"chainCatchCallbacks\\\";N;s:5:\\\"delay\\\";N;s:11:\\\"afterCommit\\\";N;s:10:\\\"middleware\\\";a:0:{}s:7:\\\"chained\\\";a:0:{}}s:5:\\\"tries\\\";N;s:7:\\\"timeout\\\";N;s:17:\\\"shouldBeEncrypted\\\";b:0;s:10:\\\"connection\\\";N;s:5:\\\"queue\\\";N;s:15:\\\"chainConnection\\\";N;s:10:\\\"chainQueue\\\";N;s:19:\\\"chainCatchCallbacks\\\";N;s:5:\\\"delay\\\";N;s:11:\\\"afterCommit\\\";N;s:10:\\\"middleware\\\";a:0:{}s:7:\\\"chained\\\";a:0:{}}\"}}','Swift_TransportException: Expected response code 354 but got code \"550\", with message \"550-5.4.5 Daily user sending limit exceeded. For more information on Gmail\r\n550-5.4.5 sending limits go to\r\n550 5.4.5  https://support.google.com/a/answer/166852 j18-20020a056a00235200b006e0350189f0sm2460731pfj.91 - gsmtp\r\n\" in /var/www/html/gemmproductions/v1/vendor/swiftmailer/swiftmailer/lib/classes/Swift/Transport/AbstractSmtpTransport.php:459\nStack trace:\n#0 /var/www/html/gemmproductions/v1/vendor/swiftmailer/swiftmailer/lib/classes/Swift/Transport/AbstractSmtpTransport.php(344): Swift_Transport_AbstractSmtpTransport->assertResponseCode()\n#1 /var/www/html/gemmproductions/v1/vendor/swiftmailer/swiftmailer/lib/classes/Swift/Transport/EsmtpTransport.php(305): Swift_Transport_AbstractSmtpTransport->executeCommand()\n#2 /var/www/html/gemmproductions/v1/vendor/swiftmailer/swiftmailer/lib/classes/Swift/Transport/AbstractSmtpTransport.php(392): Swift_Transport_EsmtpTransport->executeCommand()\n#3 /var/www/html/gemmproductions/v1/vendor/swiftmailer/swiftmailer/lib/classes/Swift/Transport/AbstractSmtpTransport.php(499): Swift_Transport_AbstractSmtpTransport->doDataCommand()\n#4 /var/www/html/gemmproductions/v1/vendor/swiftmailer/swiftmailer/lib/classes/Swift/Transport/AbstractSmtpTransport.php(518): Swift_Transport_AbstractSmtpTransport->doMailTransaction()\n#5 /var/www/html/gemmproductions/v1/vendor/swiftmailer/swiftmailer/lib/classes/Swift/Transport/AbstractSmtpTransport.php(206): Swift_Transport_AbstractSmtpTransport->sendTo()\n#6 /var/www/html/gemmproductions/v1/vendor/swiftmailer/swiftmailer/lib/classes/Swift/Mailer.php(71): Swift_Transport_AbstractSmtpTransport->send()\n#7 /var/www/html/gemmproductions/v1/vendor/laravel/framework/src/Illuminate/Mail/Mailer.php(521): Swift_Mailer->send()\n#8 /var/www/html/gemmproductions/v1/vendor/laravel/framework/src/Illuminate/Mail/Mailer.php(288): Illuminate\\Mail\\Mailer->sendSwiftMessage()\n#9 /var/www/html/gemmproductions/v1/vendor/laravel/framework/src/Illuminate/Mail/Mailable.php(187): Illuminate\\Mail\\Mailer->send()\n#10 /var/www/html/gemmproductions/v1/vendor/laravel/framework/src/Illuminate/Support/Traits/Localizable.php(19): Illuminate\\Mail\\Mailable->Illuminate\\Mail\\{closure}()\n#11 /var/www/html/gemmproductions/v1/vendor/laravel/framework/src/Illuminate/Mail/Mailable.php(188): Illuminate\\Mail\\Mailable->withLocale()\n#12 /var/www/html/gemmproductions/v1/vendor/laravel/framework/src/Illuminate/Mail/SendQueuedMailable.php(65): Illuminate\\Mail\\Mailable->send()\n#13 /var/www/html/gemmproductions/v1/vendor/laravel/framework/src/Illuminate/Container/BoundMethod.php(36): Illuminate\\Mail\\SendQueuedMailable->handle()\n#14 /var/www/html/gemmproductions/v1/vendor/laravel/framework/src/Illuminate/Container/Util.php(40): Illuminate\\Container\\BoundMethod::Illuminate\\Container\\{closure}()\n#15 /var/www/html/gemmproductions/v1/vendor/laravel/framework/src/Illuminate/Container/BoundMethod.php(93): Illuminate\\Container\\Util::unwrapIfClosure()\n#16 /var/www/html/gemmproductions/v1/vendor/laravel/framework/src/Illuminate/Container/BoundMethod.php(37): Illuminate\\Container\\BoundMethod::callBoundMethod()\n#17 /var/www/html/gemmproductions/v1/vendor/laravel/framework/src/Illuminate/Container/Container.php(653): Illuminate\\Container\\BoundMethod::call()\n#18 /var/www/html/gemmproductions/v1/vendor/laravel/framework/src/Illuminate/Bus/Dispatcher.php(128): Illuminate\\Container\\Container->call()\n#19 /var/www/html/gemmproductions/v1/vendor/laravel/framework/src/Illuminate/Pipeline/Pipeline.php(128): Illuminate\\Bus\\Dispatcher->Illuminate\\Bus\\{closure}()\n#20 /var/www/html/gemmproductions/v1/vendor/laravel/framework/src/Illuminate/Pipeline/Pipeline.php(103): Illuminate\\Pipeline\\Pipeline->Illuminate\\Pipeline\\{closure}()\n#21 /var/www/html/gemmproductions/v1/vendor/laravel/framework/src/Illuminate/Bus/Dispatcher.php(132): Illuminate\\Pipeline\\Pipeline->then()\n#22 /var/www/html/gemmproductions/v1/vendor/laravel/framework/src/Illuminate/Queue/CallQueuedHandler.php(120): Illuminate\\Bus\\Dispatcher->dispatchNow()\n#23 /var/www/html/gemmproductions/v1/vendor/laravel/framework/src/Illuminate/Pipeline/Pipeline.php(128): Illuminate\\Queue\\CallQueuedHandler->Illuminate\\Queue\\{closure}()\n#24 /var/www/html/gemmproductions/v1/vendor/laravel/framework/src/Illuminate/Pipeline/Pipeline.php(103): Illuminate\\Pipeline\\Pipeline->Illuminate\\Pipeline\\{closure}()\n#25 /var/www/html/gemmproductions/v1/vendor/laravel/framework/src/Illuminate/Queue/CallQueuedHandler.php(122): Illuminate\\Pipeline\\Pipeline->then()\n#26 /var/www/html/gemmproductions/v1/vendor/laravel/framework/src/Illuminate/Queue/CallQueuedHandler.php(70): Illuminate\\Queue\\CallQueuedHandler->dispatchThroughMiddleware()\n#27 /var/www/html/gemmproductions/v1/vendor/laravel/framework/src/Illuminate/Queue/Jobs/Job.php(98): Illuminate\\Queue\\CallQueuedHandler->call()\n#28 /var/www/html/gemmproductions/v1/vendor/laravel/framework/src/Illuminate/Queue/Worker.php(428): Illuminate\\Queue\\Jobs\\Job->fire()\n#29 /var/www/html/gemmproductions/v1/vendor/laravel/framework/src/Illuminate/Queue/Worker.php(378): Illuminate\\Queue\\Worker->process()\n#30 /var/www/html/gemmproductions/v1/vendor/laravel/framework/src/Illuminate/Queue/Worker.php(172): Illuminate\\Queue\\Worker->runJob()\n#31 /var/www/html/gemmproductions/v1/vendor/laravel/framework/src/Illuminate/Queue/Console/WorkCommand.php(117): Illuminate\\Queue\\Worker->daemon()\n#32 /var/www/html/gemmproductions/v1/vendor/laravel/framework/src/Illuminate/Queue/Console/WorkCommand.php(101): Illuminate\\Queue\\Console\\WorkCommand->runWorker()\n#33 /var/www/html/gemmproductions/v1/vendor/laravel/framework/src/Illuminate/Container/BoundMethod.php(36): Illuminate\\Queue\\Console\\WorkCommand->handle()\n#34 /var/www/html/gemmproductions/v1/vendor/laravel/framework/src/Illuminate/Container/Util.php(40): Illuminate\\Container\\BoundMethod::Illuminate\\Container\\{closure}()\n#35 /var/www/html/gemmproductions/v1/vendor/laravel/framework/src/Illuminate/Container/BoundMethod.php(93): Illuminate\\Container\\Util::unwrapIfClosure()\n#36 /var/www/html/gemmproductions/v1/vendor/laravel/framework/src/Illuminate/Container/BoundMethod.php(37): Illuminate\\Container\\BoundMethod::callBoundMethod()\n#37 /var/www/html/gemmproductions/v1/vendor/laravel/framework/src/Illuminate/Container/Container.php(653): Illuminate\\Container\\BoundMethod::call()\n#38 /var/www/html/gemmproductions/v1/vendor/laravel/framework/src/Illuminate/Console/Command.php(136): Illuminate\\Container\\Container->call()\n#39 /var/www/html/gemmproductions/v1/vendor/symfony/console/Command/Command.php(298): Illuminate\\Console\\Command->execute()\n#40 /var/www/html/gemmproductions/v1/vendor/laravel/framework/src/Illuminate/Console/Command.php(121): Symfony\\Component\\Console\\Command\\Command->run()\n#41 /var/www/html/gemmproductions/v1/vendor/symfony/console/Application.php(1040): Illuminate\\Console\\Command->run()\n#42 /var/www/html/gemmproductions/v1/vendor/symfony/console/Application.php(301): Symfony\\Component\\Console\\Application->doRunCommand()\n#43 /var/www/html/gemmproductions/v1/vendor/symfony/console/Application.php(171): Symfony\\Component\\Console\\Application->doRun()\n#44 /var/www/html/gemmproductions/v1/vendor/laravel/framework/src/Illuminate/Console/Application.php(94): Symfony\\Component\\Console\\Application->run()\n#45 /var/www/html/gemmproductions/v1/vendor/laravel/framework/src/Illuminate/Foundation/Console/Kernel.php(129): Illuminate\\Console\\Application->run()\n#46 /var/www/html/gemmproductions/v1/artisan(37): Illuminate\\Foundation\\Console\\Kernel->handle()\n#47 {main}','2024-02-08 06:14:36'),(32,'f164e743-08c4-41fe-9eae-1ee4df679356','database','default','{\"uuid\":\"f164e743-08c4-41fe-9eae-1ee4df679356\",\"displayName\":\"App\\\\Mail\\\\ContactUs\",\"job\":\"Illuminate\\\\Queue\\\\CallQueuedHandler@call\",\"maxTries\":null,\"maxExceptions\":null,\"failOnTimeout\":false,\"backoff\":null,\"timeout\":null,\"retryUntil\":null,\"data\":{\"commandName\":\"Illuminate\\\\Mail\\\\SendQueuedMailable\",\"command\":\"O:34:\\\"Illuminate\\\\Mail\\\\SendQueuedMailable\\\":13:{s:8:\\\"mailable\\\";O:18:\\\"App\\\\Mail\\\\ContactUs\\\":29:{s:24:\\\"\\u0000App\\\\Mail\\\\ContactUs\\u0000data\\\";a:7:{s:6:\\\"_token\\\";s:40:\\\"ImYIRDRicTUJqzN833jk0xcNwddMS9ZpEkANeUd7\\\";s:4:\\\"name\\\";s:12:\\\"Vivien Crook\\\";s:5:\\\"email\\\";s:24:\\\"vivien.crook@hotmail.com\\\";s:5:\\\"phone\\\";s:12:\\\"0364 7254985\\\";s:7:\\\"company\\\";s:12:\\\"Vivien Crook\\\";s:7:\\\"message\\\";s:505:\\\"Do​ ​You​ ​want​ ​FREE​ ​TARGETED​ ​​Traffic?\\r\\n\\r\\nI’m talking about traffic that actually converts into sales and continues to come in FOR YEAR !\\r\\n\\r\\nI’m using a SNEAKY tactic to rank on the first page of GOOGLE and siphon as much TARGETED TRAFFIC as I want!\\r\\n\\r\\nAnd what I love the most about this tactic is that:\\r\\n\\r\\nYou​ ​won’t​ ​have​ ​to​ ​learn​ ​a​ ​thing​ ​about​ ​SEO\\r\\n\\r\\nCheck it Out on Our Site\\r\\n\\r\\nhttps:\\/\\/www.InstantRealTraffic.com\\/Google\\\";s:20:\\\"g-recaptcha-response\\\";s:2041:\\\"03AFcWeA7iqZmkkDIVItWEyeBIDP_DjIas3Hiu0DuolYW0Bssyd5ba7JN7p45YB7-Fh--NMMsiecqdVNdZC1jw4INsz2HtJIX3QYFTblSzaFjJYZCmhGEOQzVpzHCK7xuftUfFD0vpTnuwI2n2dEvY4XdTPHpRT1x2eHqXDinr1hqK263NOe62QrzLK4tT-p7eixPUU6Q6QAbf6jCzdxqWGeIF5iUIbjpXBfNxQa9U2xd5BF_tifZwGm-d7hrn2gviPR3-Dj-vpmmxoHDNopSgJnHmIWRTqHhsfFubCkNIWIEhA3sF4zZYg9vXK45Ei-HbWWtYkTmq5Xht-l5U6ALag-a6HlhCLSiCvLg7SR_E38ZjitqxLk_UZnqNoS56rSly67fy5Hn_Veh3p4VENQGtZg-TSg_EhIvAZQgqmLdZiXiM8ynJ4s3vW9R2bILiVpW-z9CLgA04swPk09dpsRXmLlwaTqZsxgF08cTQxpzVqL3cTkcb_xA__GImle247kjJttRcvPN8qQqRgJGY03GdT4hf9jS_HYWGU30KQE96oFkjsqoEBdy7CPsxoumTizaszbnp67kwvmJOA4HVqvOG45upk9Wbh2tg80mGz9BQ0bfk8JlnXhSG0rqXpMH--MdQVwBg2qUrUyUCknxaZIE-XXs-ATB9gcy5UyeFBu2A46PkPtYq304z7OyXtlXHbh8SbkO07pVEIxyEzLKf8M1bNhGetmeROk7uZtQdWb7yOZ9UxqH-CZgx-L0c8vZGnr8iki9fWDBWhfVbC8v3TfoINGx9Ztb9hIzw6Oav0YuFc-rDstcnJL2S6u5ekSZDUmnOuZbwoyWe0wdUItnMoGfZ6Z3x-dUsaqRvIXeowuVsVtQAF4MiCJyuOtUWbQh9TzBAzo8i5PVt6KPNKaj8Mna3wfe9FEm15N0pm0bmT23aN-3z3D9Skb90ht29kxbtdNxU8Bv4gO5a4fYAmRDY0qPSd2SlxPozubcZ55uAEPUeTi8FUzTHcj3CD5xfRAvowhET70R6F8yxxgmHQNb1q9OiQOIZG3IRX2nw9PsAya-FJpJhVTXgRwPe8J2AJpARsYyIzV6ePXnYUCq6CMoV3EyIACa1H3EU0wOYuTyvrzlx3aktgzc1TkkDDqkVHfVY1Bl8-dtURLLSsKpp_gcJNJUzW9dUGM1fkJD7IAsZJSxM5SP8_RsXsxrWW43_wzRGWBz_jJW2pcchrIrvU13MfhC4BJ1L6BdJlNLaxVkhLBaBMEMMyfFFgY7R5mV5cW2DoIdKYOYyXX5hzjcHQ425833dq2qSQpyM_4nlx4A1jesBBiPGj68T4cMxXzZMudplY4Bh12OrNy0M13sg7i9bQBN-oCBccxXeYxNuXawIdLNWIzpQr_VU7ymtP4a7t-sqwgOS0uSav504JtkGxAQT4p-hpD-by8Qh8qymQtKf022w0bQQLpI24SZ_KnDMr7YmoSMX-RaDs458Srwyd_A8CdXt7sSnfVJJMYV-oTt6gFMzLdpJLULXX9kFlNUDDlJ73YLhYZJhI9IC9xImNIpkH6f28-AxrSLgIllLHQlr9z20ENEsO2-wRxHsKDshGhSUQTd3Qj7SfLcZjsiRr1IoAtThQX1_QbSZwm34a91RfyCwPLCodeYY979ZNm7qL6PIwtJ3i1XqjT_y_goZlEa8pQ8H-ad-DIal35-F3rYRuWPOrmJ_-QFqLqIsaPlUB3Uyaa5bCsOJL2uK2jS59xKZiwasfMd8Ev_-kt2kZLw-1sCyAu6fxFHtu28IpMsK3ZJ4-1C1U-vdIoUZpNyitgYN4V_u_S5w_UfRNysyQeZlZau-ygVZAaawSANfdRWCrVdY6lg8Q7CJZJLOO1heQzZXxXSGd6O2xVvpM-86UyDg6ibyPsCbbBSEb_jJVJMY3V4IdZY7HryMrajhRUvEq5Lb9WPBY7O0G5AvW0E5Uk5CWDBF-35C3_DG-SWHJunnimnFh9DtCoMTZ4GjMVLwXDHNJ037ccOhuXiAzX7WAKrSHLDM-5V5WrJqg-T-GPY\\\";}s:6:\\\"locale\\\";N;s:4:\\\"from\\\";a:0:{}s:2:\\\"to\\\";a:0:{}s:2:\\\"cc\\\";a:0:{}s:3:\\\"bcc\\\";a:0:{}s:7:\\\"replyTo\\\";a:0:{}s:7:\\\"subject\\\";N;s:8:\\\"markdown\\\";N;s:7:\\\"\\u0000*\\u0000html\\\";N;s:4:\\\"view\\\";N;s:8:\\\"textView\\\";N;s:8:\\\"viewData\\\";a:0:{}s:11:\\\"attachments\\\";a:0:{}s:14:\\\"rawAttachments\\\";a:0:{}s:15:\\\"diskAttachments\\\";a:0:{}s:9:\\\"callbacks\\\";a:0:{}s:5:\\\"theme\\\";N;s:6:\\\"mailer\\\";s:4:\\\"smtp\\\";s:29:\\\"\\u0000*\\u0000assertionableRenderStrings\\\";N;s:10:\\\"connection\\\";N;s:5:\\\"queue\\\";N;s:15:\\\"chainConnection\\\";N;s:10:\\\"chainQueue\\\";N;s:19:\\\"chainCatchCallbacks\\\";N;s:5:\\\"delay\\\";N;s:11:\\\"afterCommit\\\";N;s:10:\\\"middleware\\\";a:0:{}s:7:\\\"chained\\\";a:0:{}}s:5:\\\"tries\\\";N;s:7:\\\"timeout\\\";N;s:17:\\\"shouldBeEncrypted\\\";b:0;s:10:\\\"connection\\\";N;s:5:\\\"queue\\\";N;s:15:\\\"chainConnection\\\";N;s:10:\\\"chainQueue\\\";N;s:19:\\\"chainCatchCallbacks\\\";N;s:5:\\\"delay\\\";N;s:11:\\\"afterCommit\\\";N;s:10:\\\"middleware\\\";a:0:{}s:7:\\\"chained\\\";a:0:{}}\"}}','Swift_TransportException: Expected response code 354 but got code \"550\", with message \"550-5.4.5 Daily user sending limit exceeded. For more information on Gmail\r\n550-5.4.5 sending limits go to\r\n550 5.4.5  https://support.google.com/a/answer/166852 r1-20020a17090aad0100b00296b90d93absm773034pjq.29 - gsmtp\r\n\" in /var/www/html/gemmproductions/v1/vendor/swiftmailer/swiftmailer/lib/classes/Swift/Transport/AbstractSmtpTransport.php:459\nStack trace:\n#0 /var/www/html/gemmproductions/v1/vendor/swiftmailer/swiftmailer/lib/classes/Swift/Transport/AbstractSmtpTransport.php(344): Swift_Transport_AbstractSmtpTransport->assertResponseCode()\n#1 /var/www/html/gemmproductions/v1/vendor/swiftmailer/swiftmailer/lib/classes/Swift/Transport/EsmtpTransport.php(305): Swift_Transport_AbstractSmtpTransport->executeCommand()\n#2 /var/www/html/gemmproductions/v1/vendor/swiftmailer/swiftmailer/lib/classes/Swift/Transport/AbstractSmtpTransport.php(392): Swift_Transport_EsmtpTransport->executeCommand()\n#3 /var/www/html/gemmproductions/v1/vendor/swiftmailer/swiftmailer/lib/classes/Swift/Transport/AbstractSmtpTransport.php(499): Swift_Transport_AbstractSmtpTransport->doDataCommand()\n#4 /var/www/html/gemmproductions/v1/vendor/swiftmailer/swiftmailer/lib/classes/Swift/Transport/AbstractSmtpTransport.php(518): Swift_Transport_AbstractSmtpTransport->doMailTransaction()\n#5 /var/www/html/gemmproductions/v1/vendor/swiftmailer/swiftmailer/lib/classes/Swift/Transport/AbstractSmtpTransport.php(206): Swift_Transport_AbstractSmtpTransport->sendTo()\n#6 /var/www/html/gemmproductions/v1/vendor/swiftmailer/swiftmailer/lib/classes/Swift/Mailer.php(71): Swift_Transport_AbstractSmtpTransport->send()\n#7 /var/www/html/gemmproductions/v1/vendor/laravel/framework/src/Illuminate/Mail/Mailer.php(521): Swift_Mailer->send()\n#8 /var/www/html/gemmproductions/v1/vendor/laravel/framework/src/Illuminate/Mail/Mailer.php(288): Illuminate\\Mail\\Mailer->sendSwiftMessage()\n#9 /var/www/html/gemmproductions/v1/vendor/laravel/framework/src/Illuminate/Mail/Mailable.php(187): Illuminate\\Mail\\Mailer->send()\n#10 /var/www/html/gemmproductions/v1/vendor/laravel/framework/src/Illuminate/Support/Traits/Localizable.php(19): Illuminate\\Mail\\Mailable->Illuminate\\Mail\\{closure}()\n#11 /var/www/html/gemmproductions/v1/vendor/laravel/framework/src/Illuminate/Mail/Mailable.php(188): Illuminate\\Mail\\Mailable->withLocale()\n#12 /var/www/html/gemmproductions/v1/vendor/laravel/framework/src/Illuminate/Mail/SendQueuedMailable.php(65): Illuminate\\Mail\\Mailable->send()\n#13 /var/www/html/gemmproductions/v1/vendor/laravel/framework/src/Illuminate/Container/BoundMethod.php(36): Illuminate\\Mail\\SendQueuedMailable->handle()\n#14 /var/www/html/gemmproductions/v1/vendor/laravel/framework/src/Illuminate/Container/Util.php(40): Illuminate\\Container\\BoundMethod::Illuminate\\Container\\{closure}()\n#15 /var/www/html/gemmproductions/v1/vendor/laravel/framework/src/Illuminate/Container/BoundMethod.php(93): Illuminate\\Container\\Util::unwrapIfClosure()\n#16 /var/www/html/gemmproductions/v1/vendor/laravel/framework/src/Illuminate/Container/BoundMethod.php(37): Illuminate\\Container\\BoundMethod::callBoundMethod()\n#17 /var/www/html/gemmproductions/v1/vendor/laravel/framework/src/Illuminate/Container/Container.php(653): Illuminate\\Container\\BoundMethod::call()\n#18 /var/www/html/gemmproductions/v1/vendor/laravel/framework/src/Illuminate/Bus/Dispatcher.php(128): Illuminate\\Container\\Container->call()\n#19 /var/www/html/gemmproductions/v1/vendor/laravel/framework/src/Illuminate/Pipeline/Pipeline.php(128): Illuminate\\Bus\\Dispatcher->Illuminate\\Bus\\{closure}()\n#20 /var/www/html/gemmproductions/v1/vendor/laravel/framework/src/Illuminate/Pipeline/Pipeline.php(103): Illuminate\\Pipeline\\Pipeline->Illuminate\\Pipeline\\{closure}()\n#21 /var/www/html/gemmproductions/v1/vendor/laravel/framework/src/Illuminate/Bus/Dispatcher.php(132): Illuminate\\Pipeline\\Pipeline->then()\n#22 /var/www/html/gemmproductions/v1/vendor/laravel/framework/src/Illuminate/Queue/CallQueuedHandler.php(120): Illuminate\\Bus\\Dispatcher->dispatchNow()\n#23 /var/www/html/gemmproductions/v1/vendor/laravel/framework/src/Illuminate/Pipeline/Pipeline.php(128): Illuminate\\Queue\\CallQueuedHandler->Illuminate\\Queue\\{closure}()\n#24 /var/www/html/gemmproductions/v1/vendor/laravel/framework/src/Illuminate/Pipeline/Pipeline.php(103): Illuminate\\Pipeline\\Pipeline->Illuminate\\Pipeline\\{closure}()\n#25 /var/www/html/gemmproductions/v1/vendor/laravel/framework/src/Illuminate/Queue/CallQueuedHandler.php(122): Illuminate\\Pipeline\\Pipeline->then()\n#26 /var/www/html/gemmproductions/v1/vendor/laravel/framework/src/Illuminate/Queue/CallQueuedHandler.php(70): Illuminate\\Queue\\CallQueuedHandler->dispatchThroughMiddleware()\n#27 /var/www/html/gemmproductions/v1/vendor/laravel/framework/src/Illuminate/Queue/Jobs/Job.php(98): Illuminate\\Queue\\CallQueuedHandler->call()\n#28 /var/www/html/gemmproductions/v1/vendor/laravel/framework/src/Illuminate/Queue/Worker.php(428): Illuminate\\Queue\\Jobs\\Job->fire()\n#29 /var/www/html/gemmproductions/v1/vendor/laravel/framework/src/Illuminate/Queue/Worker.php(378): Illuminate\\Queue\\Worker->process()\n#30 /var/www/html/gemmproductions/v1/vendor/laravel/framework/src/Illuminate/Queue/Worker.php(172): Illuminate\\Queue\\Worker->runJob()\n#31 /var/www/html/gemmproductions/v1/vendor/laravel/framework/src/Illuminate/Queue/Console/WorkCommand.php(117): Illuminate\\Queue\\Worker->daemon()\n#32 /var/www/html/gemmproductions/v1/vendor/laravel/framework/src/Illuminate/Queue/Console/WorkCommand.php(101): Illuminate\\Queue\\Console\\WorkCommand->runWorker()\n#33 /var/www/html/gemmproductions/v1/vendor/laravel/framework/src/Illuminate/Container/BoundMethod.php(36): Illuminate\\Queue\\Console\\WorkCommand->handle()\n#34 /var/www/html/gemmproductions/v1/vendor/laravel/framework/src/Illuminate/Container/Util.php(40): Illuminate\\Container\\BoundMethod::Illuminate\\Container\\{closure}()\n#35 /var/www/html/gemmproductions/v1/vendor/laravel/framework/src/Illuminate/Container/BoundMethod.php(93): Illuminate\\Container\\Util::unwrapIfClosure()\n#36 /var/www/html/gemmproductions/v1/vendor/laravel/framework/src/Illuminate/Container/BoundMethod.php(37): Illuminate\\Container\\BoundMethod::callBoundMethod()\n#37 /var/www/html/gemmproductions/v1/vendor/laravel/framework/src/Illuminate/Container/Container.php(653): Illuminate\\Container\\BoundMethod::call()\n#38 /var/www/html/gemmproductions/v1/vendor/laravel/framework/src/Illuminate/Console/Command.php(136): Illuminate\\Container\\Container->call()\n#39 /var/www/html/gemmproductions/v1/vendor/symfony/console/Command/Command.php(298): Illuminate\\Console\\Command->execute()\n#40 /var/www/html/gemmproductions/v1/vendor/laravel/framework/src/Illuminate/Console/Command.php(121): Symfony\\Component\\Console\\Command\\Command->run()\n#41 /var/www/html/gemmproductions/v1/vendor/symfony/console/Application.php(1040): Illuminate\\Console\\Command->run()\n#42 /var/www/html/gemmproductions/v1/vendor/symfony/console/Application.php(301): Symfony\\Component\\Console\\Application->doRunCommand()\n#43 /var/www/html/gemmproductions/v1/vendor/symfony/console/Application.php(171): Symfony\\Component\\Console\\Application->doRun()\n#44 /var/www/html/gemmproductions/v1/vendor/laravel/framework/src/Illuminate/Console/Application.php(94): Symfony\\Component\\Console\\Application->run()\n#45 /var/www/html/gemmproductions/v1/vendor/laravel/framework/src/Illuminate/Foundation/Console/Kernel.php(129): Illuminate\\Console\\Application->run()\n#46 /var/www/html/gemmproductions/v1/artisan(37): Illuminate\\Foundation\\Console\\Kernel->handle()\n#47 {main}','2024-02-08 11:51:34');

--
-- Table structure for table `features`
--

CREATE TABLE `features` (
  `id` int unsigned NOT NULL AUTO_INCREMENT,
  `name` varchar(255) CHARACTER SET utf8mb4 COLLATE utf8mb4_unicode_ci NOT NULL,
  `img_path` varchar(255) CHARACTER SET utf8mb4 COLLATE utf8mb4_unicode_ci DEFAULT NULL,
  `created_at` timestamp NULL DEFAULT NULL,
  `updated_at` timestamp NULL DEFAULT NULL,
  `product_type_id` int DEFAULT NULL,
  PRIMARY KEY (`id`)
) ENGINE=InnoDB AUTO_INCREMENT=19 DEFAULT CHARSET=utf8mb4 COLLATE=utf8mb4_unicode_ci;

--
-- Dumping data for table `features`
--

INSERT INTO `features` VALUES (1,'CD Jukebox 50','gallery/CD Jukebox-1 copy.webp','2023-05-23 00:09:24','2023-12-07 11:22:08',1),(2,'CD Jukebox 80','gallery/CD Jukebox-1 copy.webp','2023-05-23 00:09:38','2023-12-07 11:21:31',1),(3,'20x LP/12” Jukebox','gallery/20x Juke csopy.webp','2023-05-23 00:09:51','2023-12-07 11:29:59',1),(4,'70 Vinyl Single','gallery/70 Vinyle copy.webp','2023-10-27 05:47:17','2023-12-07 11:47:36',1),(5,'Digital Jukebox','gallery///1zxz.webp','2023-10-27 06:01:14','2023-12-07 11:58:54',1),(6,'Bluetooth','gallery/Bluetooth copy.webp','2023-10-27 06:01:33','2023-12-07 11:59:43',1),(7,'Infra-red Remote Control','gallery/Remote copy.webp','2023-10-27 06:01:58','2023-12-07 12:00:50',1),(8,'Duel, Independent Stereo Speaker Channel','gallery/70 Vinyle-1 copy.webp','2023-10-27 06:02:19','2023-12-07 12:03:13',1),(9,'External Speaker Connection','gallery/Speaker copy.webp','2023-10-27 06:02:42','2023-12-07 12:04:25',1),(10,'Connects to Smart Devices Like Alexa and Sonos','gallery/70 Vinyle-2 copy.webp','2023-10-27 06:03:13','2023-12-07 12:05:12',1),(13,'1 year Warranty included','gallery/70 Vinyle-3 copy.webp','2023-12-07 12:06:08','2023-12-07 12:06:08',1),(14,'S3 Unity Jukebox Platform','gallery/70 Vinyle-4 copy.webp','2023-12-07 12:07:22','2023-12-07 12:07:22',1),(15,'Low Energy LED Lighting','gallery/Low LED copsssy.webp','2023-12-07 12:10:28','2023-12-07 12:12:08',1),(16,'Low Energy LED Lighting 2','gallery/Low LED-1 copy.webp','2023-12-07 12:11:30','2023-12-07 12:11:30',1),(17,'Optional Fully Functioning Coin Mechanism','gallery/Optically copy.webp','2023-12-07 12:13:13','2023-12-07 12:13:13',1),(18,'Slimline Jukebox','gallery/Simline Jukebox copy.webp','2023-12-07 12:15:04','2023-12-07 12:15:04',1);

--
-- Table structure for table `footer_menus`
--

CREATE TABLE `footer_menus` (
  `id` bigint unsigned NOT NULL AUTO_INCREMENT,
  `title` varchar(255) CHARACTER SET utf8mb4 COLLATE utf8mb4_unicode_ci NOT NULL,
  `status` int NOT NULL DEFAULT '0' COMMENT '1 = Active, 0 = Inactive',
  `priority` int DEFAULT NULL,
  `created_at` timestamp NULL DEFAULT NULL,
  `updated_at` timestamp NULL DEFAULT NULL,
  PRIMARY KEY (`id`)
) ENGINE=InnoDB AUTO_INCREMENT=9 DEFAULT CHARSET=utf8mb4 COLLATE=utf8mb4_unicode_ci;

--
-- Dumping data for table `footer_menus`
--

INSERT INTO `footer_menus` VALUES (2,'RANGE',1,1,'2023-09-06 07:14:58','2024-01-24 16:19:11'),(3,'COMPETITIVE SOCIALISING',1,3,'2023-09-06 07:15:15','2024-01-24 16:20:05'),(4,'LET\'S PLAY',1,5,'2023-09-06 07:15:22','2024-01-24 16:21:04'),(5,'KIDS ZONE',1,2,'2023-09-06 07:15:31','2024-01-24 16:19:22'),(6,'EVENT RENTALS',1,4,'2023-09-06 07:15:38','2024-01-24 16:20:28'),(8,'ABOUT US',1,6,'2023-09-06 07:15:55','2024-01-24 16:37:53');

--
-- Table structure for table `footer_sub_menus`
--

CREATE TABLE `footer_sub_menus` (
  `id` bigint unsigned NOT NULL AUTO_INCREMENT,
  `footer_menu_id` int NOT NULL,
  `name` varchar(255) CHARACTER SET utf8mb4 COLLATE utf8mb4_unicode_ci NOT NULL,
  `link` longtext CHARACTER SET utf8mb4 COLLATE utf8mb4_unicode_ci,
  `status` int NOT NULL DEFAULT '0' COMMENT '1 = Active, 0 = Inactive',
  `priority` int DEFAULT NULL,
  `type` varchar(255) CHARACTER SET utf8mb4 COLLATE utf8mb4_unicode_ci DEFAULT NULL,
  `created_at` timestamp NULL DEFAULT NULL,
  `updated_at` timestamp NULL DEFAULT NULL,
  PRIMARY KEY (`id`)
) ENGINE=InnoDB AUTO_INCREMENT=29 DEFAULT CHARSET=utf8mb4 COLLATE=utf8mb4_unicode_ci;

--
-- Dumping data for table `footer_sub_menus`
--

INSERT INTO `footer_sub_menus` VALUES (3,2,'Jukeboxes.','page/the-jukebox-gallery',1,NULL,NULL,'2023-09-06 07:16:08','2024-01-24 16:23:19'),(4,2,'Arcades','page/gemm-arcade',1,NULL,NULL,'2023-09-06 07:16:34','2024-01-24 16:23:42'),(5,2,'Life Style','page/your-vision-brought-to-life',1,NULL,NULL,'2023-09-06 07:16:43','2024-01-24 16:25:03'),(8,3,'Sports Simulator','page/sports-simulator',1,NULL,NULL,'2023-09-06 07:17:27','2024-01-24 16:29:44'),(9,3,'Mini Golf','page/mini-golf',1,NULL,NULL,'2023-09-06 07:17:36','2024-01-24 16:30:37'),(10,4,'Contact','contact',1,NULL,NULL,'2023-09-06 07:17:49','2024-01-24 16:33:53'),(11,4,'Projects','projects',1,NULL,NULL,'2023-09-06 07:17:57','2024-01-24 16:34:20'),(12,5,'Ready To Play','page/coming-soon',1,NULL,NULL,'2023-09-06 07:18:10','2024-01-24 17:38:00'),(13,5,'Elements','page/coming-soon',1,NULL,NULL,'2023-09-06 07:18:18','2024-01-24 17:38:20'),(14,6,'Events','page/event-rental',1,NULL,NULL,'2023-09-06 07:18:29','2023-12-11 06:15:16'),(15,6,'Events Equipment','event-rentals',1,NULL,NULL,'2023-09-06 07:18:51','2023-12-11 06:15:51'),(21,8,'General Terms & Conditions','page/coming-soon',1,NULL,NULL,'2023-09-06 07:20:26','2024-01-24 17:39:29'),(22,8,'Privacy','page/coming-soon',1,NULL,NULL,'2023-09-06 07:20:33','2024-01-24 17:39:36'),(23,8,'Disclaimer','page/coming-soon',1,NULL,NULL,'2023-09-06 07:20:48','2024-01-24 17:39:44'),(24,5,'Furniture','page/coming-soon',1,NULL,NULL,'2024-01-24 16:27:52','2024-01-24 17:38:35'),(25,5,'Collection','page/coming-soon',1,NULL,NULL,'2024-01-24 16:28:13','2024-01-24 17:38:43'),(26,5,'Sectors','page/coming-soon',1,NULL,NULL,'2024-01-24 16:28:36','2024-01-24 17:38:51'),(27,3,'Rotating Climbing Wall','page/rotating-climbing-wall',1,NULL,NULL,'2024-01-24 16:31:31','2024-01-24 16:31:31'),(28,4,'News','news',1,NULL,NULL,'2024-01-24 16:34:45','2024-01-24 16:34:45');

--
-- Table structure for table `gallery`
--

CREATE TABLE `gallery` (
  `id` int unsigned NOT NULL AUTO_INCREMENT,
  `path` varchar(191) CHARACTER SET utf8mb4 COLLATE utf8mb4_unicode_ci NOT NULL,
  `category` varchar(191) CHARACTER SET utf8mb4 COLLATE utf8mb4_unicode_ci DEFAULT NULL,
  `created_at` timestamp NULL DEFAULT NULL,
  `updated_at` timestamp NULL DEFAULT NULL,
  `deleted_at` timestamp NULL DEFAULT NULL,
  PRIMARY KEY (`id`)
) ENGINE=InnoDB AUTO_INCREMENT=378 DEFAULT CHARSET=utf8mb4 COLLATE=utf8mb4_unicode_ci;

--
-- Dumping data for table `gallery`
--

INSERT INTO `gallery` VALUES (1,'ladderPro-75.jpg','Section Images','2023-11-17 16:21:08','2023-11-17 16:21:08',NULL),(2,'our-support-75.jpg','Section Images','2023-11-17 16:21:39','2023-11-17 16:21:39',NULL),(3,'safty-75.jpg','Section Images','2023-11-17 16:21:51','2023-11-17 16:21:51',NULL),(4,'school-climb.jpg','Section Images','2023-11-17 16:22:02','2023-11-17 16:22:02',NULL),(5,'xclimb-75-1.jpg','Section Images','2023-11-17 16:22:22','2023-11-17 16:22:22',NULL),(6,'xclimb-75-2.jpg','Section Images','2023-11-17 16:22:38','2023-11-17 16:22:38',NULL),(7,'image.png','Section Images','2023-11-22 10:49:44','2023-11-22 10:49:44',NULL),(8,'Centara-Mirage-Resort-Mui-Ne.jpg','Section Images','2023-11-22 13:38:20','2023-11-22 13:38:20',NULL),(9,'centara-reserve.jpg','Section Images','2023-11-22 13:38:36','2023-11-22 13:38:36',NULL),(10,'Asian Street Emirates Terminal Dubai International 2.jpg','Section Images','2023-11-22 14:48:34','2023-11-22 14:48:34',NULL),(11,'RS2_Inox_0.jpg','Section Images','2023-11-28 08:22:58','2023-11-28 08:22:58',NULL),(12,'ClawBull_0.jpg','Section Images','2023-11-28 08:24:23','2023-11-28 08:24:23',NULL),(13,'Microphone_0.jpg','Section Images','2023-11-28 08:24:44','2023-11-28 08:24:44',NULL),(14,'Revealed Tips to tackle seasonal challenges in Middle Eastern tourism.jpg','Section Images','2023-11-28 13:08:22','2023-11-28 13:08:22',NULL),(15,'Rocket in Bar-1699860337.jpg','Section Images','2023-12-01 08:33:24','2023-12-01 08:33:24',NULL),(16,'arcades.png','Icons','2023-12-01 08:35:16','2023-12-01 08:35:16',NULL),(17,'Jukebox.png','Icons','2023-12-01 08:35:24','2023-12-01 08:35:24',NULL),(18,'lifestyle.png','Icons','2023-12-01 08:35:30','2023-12-01 08:35:30',NULL),(19,'mini-golf.png','Icons','2023-12-01 08:35:40','2023-12-01 08:35:40',NULL),(20,'ROTATING-CLIMBING-WALLS.png','Icons','2023-12-01 08:35:50','2023-12-01 08:35:50',NULL),(21,'sports-simulators.png','Icons','2023-12-01 08:35:57','2023-12-01 08:35:57',NULL),(22,'1.png','Products','2023-12-01 08:44:29','2023-12-01 08:44:29',NULL),(23,'2.jpeg','Products','2023-12-01 08:44:36','2023-12-01 08:44:36',NULL),(24,'3.jpeg','Products','2023-12-01 08:45:02','2023-12-01 08:45:02',NULL),(25,'4.jpeg','Products','2023-12-01 08:45:41','2023-12-01 08:45:41',NULL),(26,'5.jpeg','Products','2023-12-01 08:46:20','2023-12-01 08:46:20',NULL),(27,'demo-pdf.png','extra','2023-12-01 08:47:03','2023-12-01 08:47:03',NULL),(28,'Asian Street Emirates Terminal Dubai International 1.jpg','Section Images','2023-12-01 11:23:43','2023-12-01 11:23:43',NULL),(29,'gemm-arcade-banner.webp','Pages Banner','2023-12-01 11:46:00','2023-12-01 11:46:00',NULL),(30,'cab-01-1686912723.png','Product Configure','2023-12-01 13:11:41','2023-12-01 13:11:41',NULL),(31,'cab-02-1686912723.png','Product Configure','2023-12-01 13:14:09','2023-12-01 13:14:09',NULL),(32,'cab-03-1686912723.png','Product Configure','2023-12-01 13:14:15','2023-12-01 13:14:15',NULL),(33,'cab-04-1686912723.png','Product Configure','2023-12-01 13:14:25','2023-12-01 13:14:25',NULL),(34,'cab-05-1686912723.png','Product Configure','2023-12-01 13:14:33','2023-12-01 13:14:33',NULL),(35,'cab-06-1686912723.png','Product Configure','2023-12-01 13:14:41','2023-12-01 13:14:41',NULL),(36,'cab-07-1686912723.png','Product Configure','2023-12-01 13:14:49','2023-12-01 13:14:49',NULL),(37,'cab-08-1686912723.png','Product Configure','2023-12-01 13:14:59','2023-12-01 13:14:59',NULL),(38,'cab-09-1686912723.png','Product Configure','2023-12-01 13:15:07','2023-12-01 13:15:07',NULL),(39,'cab-10-1686912723.png','Product Configure','2023-12-01 13:15:13','2023-12-01 13:15:13',NULL),(40,'cab-11-1686912723.png','Product Configure','2023-12-01 13:15:20','2023-12-01 13:15:20',NULL),(41,'cab-12-1686912723.png','Product Configure','2023-12-01 13:15:28','2023-12-01 13:15:28',NULL),(42,'custom-01-1686912880.png','Product Configure','2023-12-01 13:18:38','2023-12-01 13:18:38',NULL),(43,'custom-02-1686912880.png','Product Configure','2023-12-01 13:18:46','2023-12-01 13:18:46',NULL),(44,'custom-03-1686912880.png','Product Configure','2023-12-01 13:19:02','2023-12-01 13:19:02',NULL),(45,'custom-04-1686912880.png','Product Configure','2023-12-01 13:19:09','2023-12-01 13:19:09',NULL),(46,'custom-05-1686912880 (1).png','Product Configure','2023-12-01 13:19:16','2023-12-01 13:19:16',NULL),(47,'custom-05-1686912880.png','Product Configure','2023-12-01 13:20:16','2023-12-01 13:20:16',NULL),(48,'custom-06-1686912880.png','Product Configure','2023-12-01 13:20:36','2023-12-01 13:20:36',NULL),(49,'custom-07-1686912880 (1).png','Product Configure','2023-12-01 13:21:35','2023-12-01 13:21:35',NULL),(50,'custom-07-1686912880.png','Product Configure','2023-12-01 13:22:26','2023-12-01 13:22:26',NULL),(51,'custom-08-1686912880.png','Product Configure','2023-12-01 13:22:45','2023-12-01 13:22:45',NULL),(52,'custom-09-1686912880.png','Product Configure','2023-12-01 13:22:52','2023-12-01 13:22:52',NULL),(53,'custom-10-1686912880.png','Product Configure','2023-12-01 13:22:59','2023-12-01 13:22:59',NULL),(54,'custom-11-1686912880.png','Product Configure','2023-12-01 13:23:05','2023-12-01 13:23:05',NULL),(55,'custom-12-1686912880.png','Product Configure','2023-12-01 13:23:13','2023-12-01 13:23:13',NULL),(56,'Our Custom Shop copy.webp','Section Images','2023-12-01 13:39:38','2023-12-01 13:39:38',NULL),(57,'Our Support copy.webp','Section Images','2023-12-01 13:41:50','2023-12-01 13:41:50',NULL),(58,'01 Banner copy.webp','Pages Banner','2023-12-01 13:43:54','2023-12-01 13:43:54',NULL),(59,'access-01-1686912880.png','Product Configure','2023-12-01 13:48:58','2023-12-01 13:48:58',NULL),(60,'access-02-1686912880.png','Product Configure','2023-12-01 13:49:06','2023-12-01 13:49:06',NULL),(61,'access-03-1686912880.png','Product Configure','2023-12-01 13:49:16','2023-12-01 13:49:16',NULL),(62,'access-04-1686912880.png','Product Configure','2023-12-01 13:49:25','2023-12-01 13:49:25',NULL),(63,'access-05-1686912880.png','Product Configure','2023-12-01 13:49:34','2023-12-01 13:49:34',NULL),(64,'images.png','extra','2023-12-01 13:50:54','2023-12-01 13:50:54',NULL),(65,'Golden Age copy.webp','Section Images','2023-12-01 14:16:24','2023-12-01 14:16:24',NULL),(66,'Silver Age copy.webp','Section Images','2023-12-01 14:16:40','2023-12-01 14:16:40',NULL),(67,'The Marshal copy.webp','Section Images','2023-12-01 14:16:56','2023-12-01 14:16:56',NULL),(68,'Contemporary Consoles copy.webp','Section Images','2023-12-01 14:17:12','2023-12-01 14:17:12',NULL),(69,'Design copy.webp','Section Images','2023-12-01 14:21:20','2023-12-01 14:21:20',NULL),(70,'maxi fun copy.webp','Section Images','2023-12-01 14:21:43','2023-12-01 14:21:43',NULL),(71,'MiniGolfBanner_1-1699608445 copy.webp','Pages Banner','2023-12-01 14:22:29','2023-12-01 14:22:29',NULL),(72,'HARDWARE copy.webp','Section Images','2023-12-01 14:30:28','2023-12-01 14:30:28',NULL),(73,'SOFTWARE copy.webp','Section Images','2023-12-01 14:30:44','2023-12-01 14:30:44',NULL),(74,'SPORTS SIMULATOR ENVIRONMENTS copy.webp','Section Images','2023-12-01 14:31:17','2023-12-01 14:31:17',NULL),(75,'Advertising & BrandingAdvertising & Branding copy.webp','Section Images','2023-12-01 14:31:46','2023-12-01 14:31:46',NULL),(76,'download copy.webp','Section Images','2023-12-01 14:36:12','2023-12-01 14:36:12',NULL),(77,'download.jpg','Section Images','2023-12-01 14:44:44','2023-12-01 14:44:44',NULL),(78,'download copy222.webp','Section Images','2023-12-01 14:49:49','2023-12-01 14:49:49',NULL),(79,'default-banner copy.webp','Section Images','2023-12-01 14:53:40','2023-12-01 14:53:40',NULL),(80,'designs copy.webp','Section Images','2023-12-01 15:01:53','2023-12-01 15:01:53',NULL),(81,'Advertising & Branding copy.webp','Section Images','2023-12-01 15:02:25','2023-12-01 15:02:25',NULL),(82,'Air Hockey copy.webp','Section Images','2023-12-01 15:03:07','2023-12-01 15:03:07',NULL),(83,'Ou22r Support copy.webp','Section Images','2023-12-01 15:03:45','2023-12-01 15:03:45',NULL),(84,'Placeholder-1695298354.webp','Section Images','2023-12-01 17:15:01','2023-12-01 17:15:01',NULL),(85,'Slider 12.webp','Section Images','2023-12-04 20:19:36','2023-12-04 20:19:36',NULL),(86,'Slider 1.webp','Section Images','2023-12-04 20:20:07','2023-12-04 20:20:07',NULL),(87,'Slider 2.webp','Section Images','2023-12-04 20:20:41','2023-12-04 20:20:41',NULL),(88,'Slider 3.webp','Section Images','2023-12-04 20:21:13','2023-12-04 20:21:13',NULL),(89,'Slider 4.webp','Section Images','2023-12-04 20:22:15','2023-12-04 20:22:15',NULL),(90,'Slider 7.webp','Section Images','2023-12-04 20:27:19','2023-12-04 20:27:19',NULL),(91,'Slider 8.webp','Section Images','2023-12-04 20:28:07','2023-12-04 20:28:07',NULL),(92,'Slider 9.webp','Section Images','2023-12-04 20:28:56','2023-12-04 20:28:56',NULL),(93,'Slider 10.webp','Section Images','2023-12-04 20:29:42','2023-12-04 20:29:42',NULL),(94,'Slider 11.webp','Section Images','2023-12-04 20:30:15','2023-12-04 20:30:15',NULL),(95,'Archade Slider 1.webp','Slider Section','2023-12-04 20:35:13','2023-12-04 20:35:13',NULL),(96,'Archade Slider 2.webp','Section Images','2023-12-04 20:35:32','2023-12-04 20:35:32',NULL),(97,'Archade Slider 3.webp','Section Images','2023-12-04 20:35:49','2023-12-04 20:35:49',NULL),(98,'Archade Slider 4.webp','Section Images','2023-12-04 20:36:40','2023-12-04 20:36:40',NULL),(99,'Archade Slider 5.webp','Section Images','2023-12-04 20:37:00','2023-12-04 20:37:00',NULL),(100,'Archade Slider 6.webp','Section Images','2023-12-04 20:37:26','2023-12-04 20:37:26',NULL),(101,'Archade Slider 7.webp','Section Images','2023-12-04 20:37:50','2023-12-04 20:37:50',NULL),(102,'Archade Slider 8.webp','Section Images','2023-12-04 20:38:10','2023-12-04 20:38:10',NULL),(103,'Lifstyle Slider -1.webp','Section Images','2023-12-04 20:46:29','2023-12-04 20:46:29',NULL),(104,'Lifstyle Slider -2.webp','Section Images','2023-12-04 20:46:54','2023-12-04 20:46:54',NULL),(105,'Lifstyle Slider -3.webp','Section Images','2023-12-04 20:47:13','2023-12-04 20:47:13',NULL),(106,'Lifstyle Slider -4.webp','Section Images','2023-12-04 20:47:32','2023-12-04 20:47:32',NULL),(107,'Lifstyle Slider ---5.webp','Section Images','2023-12-04 20:47:59','2023-12-04 20:47:59',NULL),(108,'Lifstyle Slider ---6.webp','Section Images','2023-12-04 20:48:15','2023-12-04 20:48:15',NULL),(109,'Lifstyle Slider ---7.webp','Section Images','2023-12-04 20:48:33','2023-12-04 20:48:33',NULL),(110,'Lifstyle Slider -8.webp','Section Images','2023-12-04 20:48:53','2023-12-04 20:48:53',NULL),(111,'Lifstyle Slider -9.webp','Section Images','2023-12-04 20:49:09','2023-12-04 20:49:09',NULL),(112,'Lifstyle Slider -10.webp','Section Images','2023-12-04 20:49:30','2023-12-04 20:49:30',NULL),(113,'Lifstyle Slider -11.webp','Section Images','2023-12-04 20:49:51','2023-12-04 20:49:51',NULL),(114,'Lifstyle Slider -12.webp','Section Images','2023-12-04 20:50:13','2023-12-04 20:50:13',NULL),(115,'powerPlayBg copy.webp','Section Images','2023-12-05 06:25:09','2023-12-05 06:25:09',NULL),(116,'keyBenefitsBg copy.webp','Section Images','2023-12-05 06:25:29','2023-12-05 06:25:29',NULL),(117,'safeHygienicBg copy.webp','Section Images','2023-12-05 06:25:44','2023-12-05 06:25:44',NULL),(118,'Defaultbanner copy.webp','Pages Banner','2023-12-05 06:26:13','2023-12-05 06:26:13',NULL),(119,'ROTATINddG-CLIMBING-WALLS.png','Section Images','2023-12-05 07:54:45','2023-12-05 07:54:45',NULL),(120,'Ladder Climb Pro copy.webp','Icons','2023-12-05 08:00:33','2023-12-05 08:00:33',NULL),(121,'ROTATING-CLIMBING-WALLS copy.webp','Icons','2023-12-05 08:01:01','2023-12-05 08:01:01',NULL),(122,'Slider copy.webp','Slider Section','2023-12-05 08:23:49','2023-12-05 08:23:49',NULL),(123,'child-friendly.jpg','extra','2023-12-05 08:45:01','2023-12-05 08:45:01',NULL),(124,'65.webp','Section Images','2023-12-05 08:55:13','2023-12-05 08:55:13',NULL),(125,'21.webp','Section Images','2023-12-05 08:55:52','2023-12-05 08:55:52',NULL),(126,'Sliderw copy.webp','Section Images','2023-12-05 08:58:27','2023-12-05 08:58:27',NULL),(127,'play system.webp','Section Images','2023-12-05 08:59:08','2023-12-05 08:59:08',NULL),(128,'655.webp','Section Images','2023-12-05 08:59:34','2023-12-05 08:59:34',NULL),(129,'43.webp','Section Images','2023-12-05 08:59:51','2023-12-05 08:59:51',NULL),(130,'powerPlayBg copy - Copy.webp','Section Images','2023-12-05 10:29:15','2023-12-05 10:29:15',NULL),(131,'Public Areas.png','Icons','2023-12-05 11:01:51','2023-12-05 11:01:51',NULL),(132,'Health care copy.webp','Section Images','2023-12-05 11:04:36','2023-12-05 11:04:36',NULL),(133,'Interior Design copy.webp','Section Images','2023-12-05 11:05:42','2023-12-05 11:05:42',NULL),(134,'Daycare copy.webp','Icons','2023-12-05 11:07:16','2023-12-05 11:07:16',NULL),(135,'Hospitality.webp','Icons','2023-12-05 11:07:47','2023-12-05 11:07:47',NULL),(136,'Lesisure copy.webp','Section Images','2023-12-05 11:12:54','2023-12-05 11:12:54',NULL),(137,'Interactive Systems copy.webp','Section Images','2023-12-05 11:35:35','2023-12-05 11:35:35',NULL),(138,'Play Systems copy.webp','Icons','2023-12-05 11:35:53','2023-12-05 11:35:53',NULL),(139,'Wall Games copy.webp','Icons','2023-12-05 11:36:08','2023-12-05 11:36:08',NULL),(140,'Child Fences copy.webp','Icons','2023-12-05 11:36:29','2023-12-05 11:36:29',NULL),(141,'Public Areas222.png','Icons','2023-12-05 11:59:28','2023-12-05 11:59:28',NULL),(142,'Outdoor copy.webp','Icons','2023-12-05 12:39:47','2023-12-05 12:39:47',NULL),(143,'Silver Asssge copy.webp','Icons','2023-12-05 12:39:55','2023-12-05 12:39:55',NULL),(144,'Outdoor.webp','Icons','2023-12-05 12:40:20','2023-12-05 12:40:20',NULL),(145,'Contemporary Console copy.webp','Icons','2023-12-05 12:40:21','2023-12-05 12:40:21',NULL),(146,'Marshall Jukebox-1 copy.webp','Icons','2023-12-05 12:40:54','2023-12-05 12:40:54',NULL),(147,'Slimline Jukeboxes copy.webp','Icons','2023-12-05 12:41:16','2023-12-05 12:41:16',NULL),(148,'Indoor.webp','Icons','2023-12-05 12:41:30','2023-12-05 12:41:30',NULL),(149,'Tabletop Games.webp','Icons','2023-12-05 12:42:22','2023-12-05 12:42:22',NULL),(150,'Jukebox Landing Page copy.webp','Icons','2023-12-05 12:43:05','2023-12-05 12:43:05',NULL),(151,'Furniture & Seating.webp','Icons','2023-12-05 12:43:55','2023-12-05 12:43:55',NULL),(152,'SportsSim_SingleScreen.jpg','Section Images','2023-12-06 08:45:30','2023-12-06 08:45:30',NULL),(153,'SportsSim_SurroundScreen.jpg','Section Images','2023-12-06 08:49:18','2023-12-06 08:49:18',NULL),(154,'CameraTechnology.jpg','SportsSimulator','2023-12-06 09:00:27','2023-12-06 09:00:27',NULL),(155,'LightTechnology.jpg','SportsSimulator','2023-12-06 09:01:35','2023-12-06 09:01:35',NULL),(156,'2021 GRIDIRON SURROUND.webp','SportsSimulator','2023-12-06 09:14:18','2023-12-06 09:14:18',NULL),(157,'Advertising_and _Branding.jpg','SportsSimulator','2023-12-06 09:28:07','2023-12-13 12:59:34','2023-12-13 12:59:34'),(158,'Advertising_and _Branding_resize.jpg','SportsSimulator','2023-12-06 10:15:07','2023-12-13 12:59:31','2023-12-13 12:59:31'),(159,'Mini Golf 1.webp','Slider Section','2023-12-06 10:30:08','2023-12-06 10:30:08',NULL),(160,'Mini Golf 2.webp','Slider Section','2023-12-06 10:30:35','2023-12-06 10:30:35',NULL),(161,'Mini Golf 3.webp','Slider Section','2023-12-06 10:31:03','2023-12-06 10:31:03',NULL),(162,'Mini Golf 4.webp','Slider Section','2023-12-06 10:31:35','2023-12-06 10:31:35',NULL),(163,'SportsSimulator 1.webp','Slider Section','2023-12-06 10:33:11','2023-12-06 10:33:11',NULL),(164,'SportsSimulator 3.webp','Slider Section','2023-12-06 10:33:43','2023-12-06 10:33:43',NULL),(165,'SportsSimulator 4.webp','Slider Section','2023-12-06 10:34:15','2023-12-06 10:34:15',NULL),(166,'SportsSimulator 6.webp','Slider Section','2023-12-06 10:35:02','2023-12-06 10:35:02',NULL),(167,'SportsSimulator 7.webp','Slider Section','2023-12-06 10:35:46','2023-12-06 10:35:46',NULL),(168,'Lifstyle Slider555 ---7.webp','Slider Section','2023-12-06 10:43:55','2023-12-06 10:43:55',NULL),(169,'Interior Desiign copy.webp','Slider Section','2023-12-06 11:06:16','2023-12-06 11:06:16',NULL),(170,'wall-games copy.webp','Slider Section','2023-12-06 11:26:56','2023-12-06 11:26:56',NULL),(171,'wall-gamses copy.webp','Slider Section','2023-12-06 11:30:06','2023-12-06 11:30:06',NULL),(172,'Frame 19 copy.webp','Slider Section','2023-12-06 11:38:53','2023-12-06 11:38:53',NULL),(173,'Frame 20 copy.webp','Slider Section','2023-12-06 11:39:42','2023-12-06 11:39:42',NULL),(174,'Frame 21 copy.webp','Icons','2023-12-06 11:41:23','2023-12-06 11:41:23',NULL),(175,'Frame 22 copy.webp','Slider Section','2023-12-06 11:42:45','2023-12-06 11:42:45',NULL),(176,'Frame 23 copy.webp','Slider Section','2023-12-06 11:43:26','2023-12-06 11:43:26',NULL),(177,'Frame 24 copy.webp','Slider Section','2023-12-06 11:43:59','2023-12-06 11:43:59',NULL),(178,'Advertising&Branding.jpg','SportsSimulator','2023-12-06 12:14:04','2023-12-06 12:17:50','2023-12-06 12:17:50'),(179,'Advertising&Branding.jpg','SportsSimulator','2023-12-06 12:18:22','2023-12-06 12:18:22',NULL),(180,'Retails copy.webp','Icons','2023-12-06 12:29:27','2023-12-06 12:29:27',NULL),(181,'Public Areas copy.webp','Icons','2023-12-06 12:31:50','2023-12-06 12:31:50',NULL),(182,'Health cadre copy.webp','Icons','2023-12-06 12:33:13','2023-12-06 12:33:13',NULL),(183,'Interior Dsadsaesign copy.webp','Icons','2023-12-06 12:33:42','2023-12-06 12:33:42',NULL),(184,'Daycazxcre copy.webp','Icons','2023-12-06 12:34:08','2023-12-06 12:34:08',NULL),(185,'Hospitality copy.webp','Icons','2023-12-06 12:34:30','2023-12-06 12:34:30',NULL),(186,'Lesisure coxzcpy.webp','Icons','2023-12-06 12:35:18','2023-12-06 12:35:18',NULL),(187,'child-friendly (1).jpg','extra','2023-12-06 13:34:25','2023-12-06 13:34:25',NULL),(188,'20x Juke copy.webp','Icons','2023-12-07 11:08:23','2023-12-07 11:08:23',NULL),(189,'CD Jukebox-1 copy.webp','Icons','2023-12-07 11:21:24','2023-12-07 11:21:24',NULL),(190,'20x Juke csopy.webp','Icons','2023-12-07 11:29:48','2023-12-07 11:29:48',NULL),(191,'70 Vinyle copy.webp','Icons','2023-12-07 11:47:33','2023-12-07 11:47:33',NULL),(192,'1zxz.webp','Icons','2023-12-07 11:58:30','2023-12-07 11:58:30',NULL),(193,'Bluetooth copy.webp','Icons','2023-12-07 11:59:38','2023-12-07 11:59:38',NULL),(194,'Remote copy.webp','Icons','2023-12-07 12:00:46','2023-12-07 12:00:46',NULL),(195,'70 Vinyle-1 copy.webp','Icons','2023-12-07 12:03:10','2023-12-07 12:03:10',NULL),(196,'Speaker copy.webp','Icons','2023-12-07 12:04:21','2023-12-07 12:04:21',NULL),(197,'70 Vinyle-2 copy.webp','Icons','2023-12-07 12:05:02','2023-12-07 12:05:02',NULL),(198,'70 Vinyle-3 copy.webp','Icons','2023-12-07 12:06:04','2023-12-07 12:06:04',NULL),(199,'70 Vinyle-4 copy.webp','Icons','2023-12-07 12:07:16','2023-12-07 12:07:16',NULL),(200,'Low LED-1 copy.webp','Icons','2023-12-07 12:10:24','2023-12-07 12:10:24',NULL),(201,'Low LED copy.webp','Icons','2023-12-07 12:11:15','2023-12-07 12:11:15',NULL),(202,'Low LED copsssy.webp','Icons','2023-12-07 12:12:05','2023-12-07 12:12:05',NULL),(203,'Optically copy.webp','Icons','2023-12-07 12:13:05','2023-12-07 12:13:05',NULL),(204,'Simline Jukebox copy.webp','Icons','2023-12-07 12:14:57','2023-12-07 12:14:57',NULL),(205,'Football copy.webp','Icons','2023-12-07 12:51:31','2023-12-07 12:51:31',NULL),(206,'Ice Hockey copy.webp','Icons','2023-12-07 12:52:43','2023-12-07 12:52:43',NULL),(207,'Cricket copy.webp','Icons','2023-12-07 12:53:09','2023-12-07 12:53:09',NULL),(208,'Basketball copy.webp','Icons','2023-12-07 12:53:42','2023-12-07 12:53:42',NULL),(209,'Golf copy.webp','Icons','2023-12-07 12:54:11','2023-12-07 12:54:11',NULL),(210,'Volleyball copy.webp','Icons','2023-12-07 12:54:39','2023-12-07 12:54:39',NULL),(211,'EventRentalBanner.jpg','Event Rental','2023-12-11 05:10:22','2023-12-11 08:14:24','2023-12-11 08:14:24'),(212,'Classic Jukebox Rocket 88 & chair.jpg','Event Rental','2023-12-11 06:19:46','2023-12-11 06:19:46',NULL),(213,'WhatsApp Image 2023-12-11 at 11.jpeg','Event Rental','2023-12-11 07:27:28','2023-12-11 07:27:28',NULL),(214,'Events Moving Jukebox.jpg','Event Rental','2023-12-11 07:30:05','2023-12-11 07:30:05',NULL),(215,'WhatsApp Image 2023-12-11 at 12.jpeg','Event Rental','2023-12-11 08:04:28','2023-12-11 08:09:02','2023-12-11 08:09:02'),(216,'Claw_Branded.jpg','Event Rental','2023-12-11 08:09:30','2023-12-11 08:09:30',NULL),(217,'EventRentalBanner.jpg','Event Rental','2023-12-11 08:14:43','2023-12-11 08:14:43',NULL),(218,'RangeBanner.webp','Pages Banner','2023-12-11 08:54:16','2023-12-11 08:54:16',NULL),(219,'IKC_Retail.jpg','IKC','2023-12-11 09:19:09','2023-12-11 09:19:09',NULL),(220,'IKC_Healthcare.jpg','IKC','2023-12-11 09:22:02','2023-12-11 09:22:02',NULL),(221,'IKC_PublicSpaces.jpg','IKC','2023-12-11 09:42:27','2023-12-11 09:42:27',NULL),(222,'IKC_InteriorDesign.jpg','IKC','2023-12-11 10:03:27','2023-12-11 10:03:27',NULL),(223,'IKC_Daycare.jpg','IKC','2023-12-11 10:03:50','2023-12-11 10:03:50',NULL),(224,'IKC_Hospitality.jpg','IKC','2023-12-11 10:06:53','2023-12-11 10:06:53',NULL),(225,'IKC_Leisure.jpg','IKC','2023-12-11 10:22:52','2023-12-11 10:22:52',NULL),(226,'Claw1-1701078702.webp','Icons','2023-12-12 08:01:53','2023-12-12 08:01:53',NULL),(227,'Pinball21-1701078292.webp','Icons','2023-12-12 08:03:30','2023-12-12 08:03:30',NULL),(228,'arcadesicon-1692336781.webp','Icons','2023-12-12 08:04:35','2023-12-12 08:04:35',NULL),(229,'BartopArcade1-1701078318.webp','Icons','2023-12-12 12:32:34','2023-12-12 12:32:34',NULL),(230,'cocktailarcade-1701078333.webp','Icons','2023-12-12 12:34:32','2023-12-12 12:34:32',NULL),(231,'BoxingArcade-1701078350.webp','Icons','2023-12-12 12:37:00','2023-12-12 12:37:00',NULL),(232,'HomePage_Banner_1-1699863252.jpg','Home Banner','2023-12-13 06:42:07','2023-12-13 06:42:07',NULL),(233,'HomePage_Banner_2-1699863435.jpg','Home Banner','2023-12-13 06:44:49','2023-12-13 06:44:49',NULL),(234,'HomePage_Banner_5-1699864060.jpg','Home Banner','2023-12-13 06:45:56','2023-12-13 06:45:56',NULL),(235,'HomePage_Banner_4-1699864511.jpg','Home Banner','2023-12-13 06:46:23','2023-12-13 06:46:23',NULL),(236,'HomePage_Banner_1-1699863252 (1).jpg','Home Banner','2023-12-13 06:47:05','2023-12-13 06:47:05',NULL),(237,'HomePage_Banner_3-1699863583.jpg','Home Banner','2023-12-13 06:47:39','2023-12-13 06:47:39',NULL),(238,'HomePage_Banner_6-1699864423.jpg','Home Banner','2023-12-13 06:48:13','2023-12-13 06:48:13',NULL),(239,'Garden Games copy.webp','Icons - Golf Collection','2023-12-13 11:31:48','2023-12-13 11:31:48',NULL),(240,'Golf Equipment copy.webp','Icons - Golf Collection','2023-12-13 11:33:09','2023-12-13 11:33:09',NULL),(241,'Complete Golf Packages copy.webp','Icons - Golf Collection','2023-12-13 11:34:53','2023-12-13 11:34:53',NULL),(242,'Accessories copy.webp','Icons - Golf Collection','2023-12-13 11:36:01','2023-12-13 11:36:01',NULL),(243,'Adventure Golf-1 copy.webp','Icons - Golf Collection','2023-12-13 11:37:06','2023-12-13 11:37:06',NULL),(244,'Crazy Golf copy.webp','Icons - Golf Collection','2023-12-13 11:39:32','2023-12-13 11:39:32',NULL),(245,'Claw Machines copy.webp','Icons','2023-12-13 12:07:52','2023-12-13 12:07:52',NULL),(246,'Claw Machcines copy.webp','Icons','2023-12-14 08:03:33','2023-12-14 08:03:33',NULL),(247,'Pinballs cospy.webp','Icons','2023-12-14 08:03:59','2023-12-14 08:03:59',NULL),(248,'Retro Upright Arcades copy.webp','Icons','2023-12-14 08:10:33','2023-12-14 08:10:33',NULL),(249,'Retro Bar Top Arcades-1 copy.webp','Icons','2023-12-14 08:11:15','2023-12-14 08:11:15',NULL),(250,'download (2) copy.webp','Section Images','2023-12-18 09:20:44','2023-12-18 12:37:53','2023-12-18 12:37:53'),(251,'download (3) copy.webp','Section Images','2023-12-18 09:21:08','2023-12-18 12:37:48','2023-12-18 12:37:48'),(252,'download (4) copy.webp','Section Images','2023-12-18 09:21:27','2023-12-18 12:37:57','2023-12-18 12:37:57'),(253,'download (1) copy.webp','Section Images','2023-12-18 09:21:55','2023-12-18 12:38:00','2023-12-18 12:38:00'),(254,'downloads copy.webp','Section Images','2023-12-18 09:22:27','2023-12-18 12:38:03','2023-12-18 12:38:03'),(255,'lost-places-3914271_1920.jpg','Section Images','2023-12-18 10:32:39','2023-12-18 10:32:39',NULL),(256,'Crazy Golf-1 copy.webp','Icons','2023-12-18 11:13:55','2023-12-18 11:13:55',NULL),(257,'download-2-copy.webp','Climbing','2023-12-18 12:38:30','2023-12-18 13:52:32','2023-12-18 13:52:32'),(258,'download-3-copy.webp','Section Images','2023-12-18 12:38:59','2023-12-18 13:37:59','2023-12-18 13:37:59'),(259,'download-4-copy.webp','Climbing','2023-12-18 12:39:29','2023-12-18 13:45:11',NULL),(260,'download-1-copy.webp','Climbing','2023-12-18 12:39:56','2023-12-18 13:45:01',NULL),(261,'download-copy.webp','Climbing','2023-12-18 12:40:18','2023-12-18 13:44:48',NULL),(262,'logo-01-1685693819.png','Trusted By','2023-12-18 12:54:57','2023-12-18 12:54:57',NULL),(263,'logo-02-1685693827.png','Trusted By','2023-12-18 12:55:07','2023-12-18 12:55:07',NULL),(264,'logo-03-1685693833.png','Trusted By','2023-12-18 12:55:17','2023-12-18 12:55:17',NULL),(265,'logo-04-1685693847.png','Trusted By','2023-12-18 12:55:26','2023-12-18 12:55:26',NULL),(266,'logo-05-1685693859.png','Trusted By','2023-12-18 12:55:33','2023-12-18 12:55:33',NULL),(267,'ladderpro.jpg','Climbing','2023-12-18 13:39:24','2023-12-18 13:39:24',NULL),(268,'retails-copy.webp','Icons','2023-12-18 13:46:37','2023-12-18 13:46:37',NULL),(269,'retailss-copy.webp','Icons','2023-12-18 13:50:17','2023-12-18 13:50:17',NULL),(270,'daycare-copy.webp','Icons','2023-12-18 13:51:57','2023-12-18 13:51:57',NULL),(271,'x-climbpro-75.jpg','Climbing','2023-12-18 13:53:29','2023-12-18 13:53:29',NULL),(272,'hospitality-copy.webp','Icons','2023-12-18 13:54:19','2023-12-18 13:54:19',NULL),(273,'lesisure-copy.webp','Icons','2023-12-18 13:55:31','2023-12-18 13:55:31',NULL),(274,'sl33.webp','Product Configure','2023-12-19 09:16:32','2023-12-19 09:16:32',NULL),(275,'vinyl-lp-jukebox.jpg','Products','2023-12-19 10:51:08','2023-12-19 10:51:08',NULL),(276,'vinyl-lp-jukebox-03.jpg','Products','2023-12-19 10:51:32','2023-12-19 10:51:32',NULL),(277,'vinyl-lp-jukebox-04.jpg','Products','2023-12-19 10:59:02','2023-12-19 10:59:02',NULL),(278,'vinyl-lp-jukebox-05.jpg','Products','2023-12-19 10:59:18','2023-12-19 10:59:18',NULL),(279,'1.webp','Products','2023-12-19 11:13:39','2023-12-19 11:13:39',NULL),(280,'2.webp','Products','2023-12-19 11:13:55','2023-12-19 11:13:55',NULL),(281,'3.webp','Products','2023-12-19 11:14:10','2023-12-19 11:14:10',NULL),(282,'4.webp','Products','2023-12-19 11:14:33','2023-12-19 11:14:33',NULL),(283,'4d.webp','Products','2023-12-19 11:14:57','2023-12-19 11:14:57',NULL),(284,'522.webp','Products','2023-12-19 11:16:48','2023-12-19 11:16:48',NULL),(285,'design-copy.webp','Section Images','2023-12-20 12:27:18','2023-12-20 12:27:18',NULL),(286,'maxi-fun-copy.webp','Section Images','2023-12-20 12:28:06','2023-12-20 12:28:06',NULL),(287,'2222.webp','Section Images','2023-12-20 12:28:22','2023-12-20 12:28:22',NULL),(288,'defaultbanner.jpg','Pages Banner','2023-12-20 12:29:42','2023-12-20 12:29:42',NULL),(289,'do45wnload-copy.webp','Section Images','2023-12-20 13:09:27','2023-12-20 13:09:27',NULL),(290,'download-155-copy.webp','Section Images','2023-12-20 13:10:04','2023-12-20 13:10:04',NULL),(291,'download55-2-copy.webp','Section Images','2023-12-20 13:10:20','2023-12-20 13:10:20',NULL),(292,'gaming-console-copy.webp','Icons','2023-12-20 13:23:29','2023-12-20 13:23:29',NULL),(293,'sports-simulator-copy.webp','Icons','2023-12-20 13:35:31','2023-12-20 13:35:31',NULL),(294,'golf-simulators-copy.webp','Icons','2023-12-20 13:36:25','2023-12-20 13:36:25',NULL),(295,'racing-simulator-copy.webp','Icons','2023-12-20 13:38:26','2023-12-20 13:38:26',NULL),(296,'shooting-simulator-copy.webp','Icons','2023-12-20 13:39:09','2023-12-20 13:39:09',NULL),(297,'peacock-sl-faceon.jpg','Products/Jukebox/Peacock SL45 Vinyl Jukebox','2023-12-20 14:48:22','2023-12-20 14:48:22',NULL),(298,'peacock-sl-quartershot.jpg','Products/Jukebox/Peacock SL45 Vinyl Jukebox','2023-12-20 14:48:30','2023-12-20 14:48:30',NULL),(299,'peacock-sl-grille.jpg','Products/Jukebox/Peacock SL45 Vinyl Jukebox','2023-12-20 14:48:43','2023-12-20 14:48:43',NULL),(300,'peacock-sl-castings.jpg','Products/Jukebox/Peacock SL45 Vinyl Jukebox','2023-12-20 14:48:55','2023-12-20 14:48:55',NULL),(301,'peacock-sl-detail1.jpg','Products/Jukebox/Peacock SL45 Vinyl Jukebox','2023-12-20 14:49:02','2023-12-20 14:49:02',NULL),(302,'peacock-sl-detail2.jpg','Products/Jukebox/Peacock SL45 Vinyl Jukebox','2023-12-20 14:49:10','2023-12-20 14:49:10',NULL),(303,'peacock-sl-detail3.jpg','Products/Jukebox/Peacock SL45 Vinyl Jukebox','2023-12-20 14:49:18','2023-12-20 14:49:18',NULL),(304,'gemm-test-scenarios-site-map.pdf','product brochure','2023-12-20 15:54:29','2023-12-20 16:07:30','2023-12-20 16:07:30'),(305,'delta-10-inch.webp','Kids Zone Slider','2023-12-20 16:57:13','2023-12-20 16:57:13',NULL),(306,'delta-21-play-station.webp','Products','2023-12-20 16:58:04','2023-12-20 16:58:04',NULL),(307,'delta-21-nitro-dash.webp','Kids Zone Slider','2023-12-20 16:58:50','2023-12-20 16:58:50',NULL),(308,'delta-10-inch-2.webp','Kids Zone Slider','2023-12-20 16:59:53','2023-12-20 16:59:53',NULL),(309,'crazy-golf-copy.webp','Icons','2023-12-25 13:31:21','2023-12-25 13:31:21',NULL),(310,'play-house-copy.webp','Icons','2023-12-25 13:45:30','2023-12-25 13:45:30',NULL),(311,'frame-22-copy.webp','Icons','2023-12-25 13:55:32','2023-12-25 13:55:32',NULL),(312,'kids-zone-copy.webp','Icons','2023-12-25 13:56:40','2023-12-25 13:56:40',NULL),(313,'frame-20-copy.webp','Icons','2023-12-25 13:57:51','2023-12-25 13:57:51',NULL),(314,'diagonal-black-dipta-2n-oakfloorcueracktop.jpg','Porducts/Lifestyle/TableTopGames/DiagonalIndoorPoolTable','2023-12-28 15:45:57','2023-12-28 15:47:14','2023-12-28 15:47:14'),(315,'diagonal-black-dipta-2n-oakfloorcueracktop-01.jpg','Porducts/Lifestyle/TableTopGames/DiagonalIndoorPoolTable','2023-12-28 15:48:56','2023-12-28 15:53:01','2023-12-28 15:53:01'),(316,'diagonal-black-dipta-2n-oakfloorcueracktop-01.jpg','Porducts/Lifestyle/TableTopGames/DiagonalIndoorPoolTable','2023-12-28 15:53:09','2023-12-28 15:56:11','2023-12-28 15:56:11'),(317,'diagonal-black-dipta-2n-oakfloorcueracktop-01.jpg','Porducts/Lifestyle/TableTopGames/DiagonalIndoorPoolTable','2023-12-28 15:56:20','2023-12-28 15:57:11','2023-12-28 15:57:11'),(318,'diagonal-black-dipta-2n-oakfloorcueracktop-01.jpg','Porducts/Lifestyle/TableTopGames/DiagonalIndoorPoolTable','2023-12-28 15:57:58','2023-12-28 16:04:40','2023-12-28 16:04:40'),(319,'diagonal-black-dipta-2n-oakfloorcueracktop-02.jpg','Porducts/Lifestyle/TableTopGames/DiagonalIndoorPoolTable','2023-12-28 16:03:11','2023-12-28 16:04:37','2023-12-28 16:04:37'),(320,'diagonal-black-dipta-2n-oakfloorcueracktop-01.jpg','Porducts/Lifestyle/TableTopGames/DiagonalIndoorPoolTable','2023-12-28 16:06:43','2023-12-28 16:07:14','2023-12-28 16:07:14'),(321,'diagonal-black-dipta-black-burgundy-oak-02.jpg','Porducts/Lifestyle/TableTopGames/DiagonalIndoorPoolTable','2023-12-28 16:15:14','2023-12-28 16:24:01','2023-12-28 16:24:01'),(322,'diagonal-black-dipta-black-burgundy-oak-02.jpg','Porducts/Lifestyle/TableTopGames/DiagonalIndoorPoolTable','2023-12-28 16:24:10','2023-12-28 16:39:30','2023-12-28 16:39:30'),(323,'diagonal-black-dipta-black-burgundy-oak-02.jpg','Porducts/Lifestyle/TableTopGames/DiagonalIndoorPoolTable','2023-12-28 16:44:12','2023-12-28 16:47:06','2023-12-28 16:47:06'),(324,'diagonal-black-dipta-black-burgundy-oak-02.jpg','Porducts/Lifestyle/TableTopGames/DiagonalIndoorPoolTable','2023-12-28 16:47:15','2023-12-28 16:54:10','2023-12-28 16:54:10'),(325,'tileimage.jpg','Porducts/Lifestyle/TableTopGames/DiagonalIndoorPoolTable','2023-12-28 16:54:31','2023-12-28 16:54:31',NULL),(326,'diagonal-black-dipta-2n-oaktopombra.jpg','Porducts/Lifestyle/TableTopGames/DiagonalIndoorPoolTable','2023-12-28 16:55:08','2023-12-28 16:55:08',NULL),(327,'diagonal-black-dipta-2n-oakfloorcueracktop-01.jpg','Porducts/Lifestyle/TableTopGames/DiagonalIndoorPoolTable','2023-12-28 16:55:26','2023-12-28 16:55:26',NULL),(328,'diagonal-black-dipta-black-burgundy-oak.jpg','Porducts/Lifestyle/TableTopGames/DiagonalIndoorPoolTable','2023-12-28 16:55:37','2023-12-28 16:55:37',NULL),(329,'rocket-vinyl-45s-jukebox-displayimage_308cb2f0-2ffa-4472-a21a-c3ea11fb1332.jpg','Products/Jukebox/RocketVinylJukebox','2024-01-02 14:09:15','2024-01-02 14:13:45','2024-01-02 14:13:45'),(330,'rocket-vinyl-45s-jukebox-in-custom-ash-white_582b0fde-1911-4897-8a0e-33331173bd69.jpg','Products/Jukebox/RocketVinylJukebox','2024-01-02 14:09:15','2024-01-02 14:13:47','2024-01-02 14:13:47'),(331,'rocket-vinyl-45s-jukebox-in-custom-black-ash_709b441e-d0d1-4b8d-8805-bc606a29f9e2.jpg','Products/Jukebox/RocketVinylJukebox','2024-01-02 14:09:15','2024-01-02 14:13:49','2024-01-02 14:13:49'),(332,'rocket-vinyl-45s-jukebox-in-custom-pink-and-black_dd18bdbb-15c8-4340-a76d-66f7de52e830.jpg','Products/Jukebox/RocketVinylJukebox','2024-01-02 14:09:15','2024-01-02 14:13:51','2024-01-02 14:13:51'),(333,'rocket-vinyl-45s-jukebox-in-custom-red-ash_211e9690-0da8-4cbb-81df-03c88d3bda1e.jpg','Products/Jukebox/RocketVinylJukebox','2024-01-02 14:09:15','2024-01-02 14:13:53','2024-01-02 14:13:53'),(334,'rocket-vinyl-45s-jukebox-in-custom-turquoises_d39ac647-87db-453b-98ff-9c500d5e2dd8.jpg','Products/Jukebox/RocketVinylJukebox','2024-01-02 14:09:15','2024-01-02 14:13:55','2024-01-02 14:13:55'),(335,'rocket-vinyl-45s-jukebox-in-medium-oak_300be9a1-d03e-4b85-8b98-13c6f7dfde75.jpg','Products/Jukebox/RocketVinylJukebox','2024-01-02 14:09:15','2024-01-02 14:13:56','2024-01-02 14:13:56'),(336,'.b_75a2c6b3-967e-4df4-8cce-363c9df3a331.html','1','2024-01-03 10:50:05','2024-01-03 11:07:40',NULL),(337,'golf-simulators_1a70d311-e1c9-4331-b131-deb7a2985d43.webp','Icons','2024-01-03 13:23:47','2024-01-03 13:23:47',NULL),(338,'golf-simulators_485597c0-4c67-4f0f-9f91-9b1eef98c44e.webp','Icons','2024-01-03 13:24:09','2024-01-03 13:24:09',NULL),(339,'racing-simulator_9c64cd76-c965-485f-b860-228875d25792.webp','Icons','2024-01-03 13:25:24','2024-01-03 13:25:24',NULL),(340,'delta-21-play-station_2987bfac-78dd-4734-bc80-5cf987f106de.png','Kids Zone Slider','2024-01-03 14:29:25','2024-01-03 14:56:31','2024-01-03 14:56:31'),(341,'delta-21-tv-white_d8cc5d98-639c-4f19-a730-76300f7a83d1.png','Kids Zone Slider','2024-01-03 14:30:26','2024-01-03 14:56:29','2024-01-03 14:56:29'),(342,'delta-17-adaptive_a40f81b8-da0b-42f4-92c7-08296b74050f.png','Kids Zone Slider','2024-01-03 14:31:11','2024-01-03 14:56:25','2024-01-03 14:56:25'),(343,'delta-65-wall_7087bb27-d624-4771-88bf-c6220c75dffe.png','Kids Zone Slider','2024-01-03 14:32:05','2024-01-03 14:56:22','2024-01-03 14:56:22'),(344,'delta-wall-43_15b4695c-4177-423e-933f-90f09950e54a.png','Kids Zone Slider','2024-01-03 14:32:33','2024-01-03 14:56:19','2024-01-03 14:56:19'),(345,'delta-10-inch_ea78c54e-5834-4526-ab1b-e6cfbd608ec8.png','Kids Zone Slider','2024-01-03 14:33:56','2024-01-03 14:56:17','2024-01-03 14:56:17'),(346,'delta-21-nitro-dash_eb7c6f56-a0cc-4a2b-b4ac-487ca5c39140.png','Kids Zone Slider','2024-01-03 14:35:44','2024-01-03 14:56:13','2024-01-03 14:56:13'),(347,'delta-10-inch_28e9e743-7ea9-4566-9880-15d6218bb2e3.png','Kids Zone Slider','2024-01-03 14:56:45','2024-01-03 14:56:45',NULL),(348,'delta-17-adaptive_a7044657-b14f-4d22-b3f4-802a5760b03f.png','Kids Zone Slider','2024-01-03 14:56:57','2024-01-03 14:56:57',NULL),(349,'delta-21-nitro-dash_c67831a5-8229-4794-b740-b0584ba3a628.png','Kids Zone Slider','2024-01-03 14:57:10','2024-01-03 14:57:10',NULL),(350,'delta-21-play-station_60c68fcb-016e-4ca6-b081-3f7983683217.png','Kids Zone Slider','2024-01-03 14:57:24','2024-01-03 14:57:24',NULL),(351,'delta-21-tv-white_4a962cfe-dad6-4c54-937b-a11e001198f6.png','Kids Zone Slider','2024-01-03 14:57:38','2024-01-03 14:57:38',NULL),(352,'delta-65-wall_4c3bf7c2-e056-45d5-baba-0853c29f1e57.png','Kids Zone Slider','2024-01-03 14:57:49','2024-01-03 14:57:49',NULL),(353,'delta-wall-43_449a81c2-eb66-4bf9-a815-3f486685f7ef.png','Kids Zone Slider','2024-01-03 14:58:03','2024-01-03 14:58:03',NULL),(354,'homebannerdemoimage.jpg','Home Banner','2024-01-03 16:04:44','2024-01-03 16:05:39',NULL),(355,'golf-simulators-copy_e3fd52e2-c14f-4cde-9e33-a8697ef1e40c.webp','Icons','2024-01-04 09:53:17','2024-01-04 09:53:17',NULL),(356,'racing-simulator-copy_28ea69c9-605c-4245-a078-cde3b38b3daf.webp','Icons','2024-01-04 09:54:29','2024-01-04 09:54:29',NULL),(357,'adventure-golf-copy_465b0cda-5bcb-45eb-8207-fa33080f2f54.webp','Icons','2024-01-04 10:41:36','2024-01-04 10:41:36',NULL),(358,'gaming-console-copy_9100cb3e-bbe4-47d9-882e-37aadcf165a4.webp','Icons','2024-01-04 10:43:58','2024-01-04 10:43:58',NULL),(359,'outdoor-copy_f66c94f3-1a2f-4aa5-b3e4-79786614a47b.webp','Icons','2024-01-04 11:40:04','2024-01-04 11:40:04',NULL),(360,'indoor-copy_6a6183e5-33e2-49c9-aef2-a2e5ff24b96c.webp','Icons','2024-01-04 11:41:06','2024-01-04 11:41:06',NULL),(361,'furniture-seating-copy_c9d1ef7d-935a-470f-9e4c-9f3aa73ca4c0.webp','Icons','2024-01-04 11:41:51','2024-01-04 11:41:51',NULL),(362,'frame-21-copy_922cf00f-8d2f-4ffb-9568-c3f7b5ae8ade.webp','Icons','2024-01-04 11:44:19','2024-01-04 11:44:19',NULL),(363,'arcade-supportsection_a3392875-7881-4803-a5e9-176458805f44.png','Arcade/Section/Images','2024-01-15 20:35:07','2024-01-15 20:35:07',NULL),(364,'arcade-bannerimage_34227534-00cd-4f2d-ae04-bfe8f155be8b.png','Arcade/Section/Images','2024-01-15 20:58:26','2024-01-15 20:58:26',NULL),(365,'starville-nine-bridges-golf-club-korea-6_514d8d86-ad58-492e-9357-208716e99b58.jpg','Section Images','2024-01-19 17:40:16','2024-01-19 17:40:16',NULL),(366,'golfstimulator_b9d3405e-c98b-4c5e-8624-8a86a5f5d80b.jpg','Section Images','2024-01-23 10:10:53','2024-01-23 10:10:53',NULL),(367,'5123412_4d7101ff-fea1-40b6-932a-4fea9db0bd91.jpg','Coming Soon','2024-01-24 16:45:21','2024-01-24 16:45:21',NULL),(368,'360-f-207647730-bwqfgdbaz9mwtndhjnpy437ieuf5kpqm-1_c11361c3-4202-4553-b275-2f786fc557f9.jpg','Coming Soon','2024-01-24 17:21:13','2024-01-24 17:21:13',NULL),(369,'arcadesicon-1692336781_6f607243-483a-42a2-abc2-29d3a1da0888.webp','Arcade/Section/Images','2024-02-27 09:56:50','2024-02-27 09:57:28','2024-02-27 09:57:28'),(370,'arcadesicon-1692336781_601d339d-5899-4927-83e8-70a7068f226f.webp','Icons','2024-02-27 09:57:11','2024-02-27 09:57:11',NULL),(371,'jukebox-1699009215_c6881a0e-85ba-4c89-a1ce-157aa9adc926.webp','Icons','2024-02-27 09:57:52','2024-02-27 09:57:52',NULL),(372,'lifestyle-1699009545_14308b82-5c70-47ad-8514-f07018b66013.webp','Icons','2024-02-27 09:59:14','2024-02-27 09:59:14',NULL),(373,'lifestyle-1699009545_b2a337c5-b903-4021-a095-8d66e4091d9e.webp','Icons','2024-02-27 09:59:47','2024-02-27 09:59:52','2024-02-27 09:59:52'),(374,'climbingwall-1699010272_c4398097-5770-4086-a5f3-2af3ec119a9d.webp','Icons','2024-02-27 10:01:46','2024-02-27 10:01:46',NULL),(375,'lifestyle-1699009545_5f31de8d-6735-4223-8614-663d09e47d75.webp','Icons','2024-02-27 10:05:56','2024-02-27 10:06:05','2024-02-27 10:06:05'),(376,'arcadesicon-1692336781_3bb5191a-2d12-4b99-83cf-43b6fdabba86.webp','Icons','2024-02-27 10:06:40','2024-02-27 10:06:40',NULL),(377,'mini-golf-1699010301_f5b11de5-8dff-4b2d-be43-279387abb0f8.webp','Icons','2024-02-27 10:54:05','2024-02-27 10:54:05',NULL);

--
