[BLOB]&quot;) center center / cover no-repeat;\">\r\n                                            <div class=\"fBoxBlack lBox\"></div>\r\n                                            <div class=\"container\">\r\n                                                <div class=\"row\">\r\n                                                    <div class=\"col-12 col-md-6 p-md-0\">\r\n                                                        <div class=\"frostedRbox lBox\">\r\n                                                            <div class=\"w-100\">\r\n                                                                <h2 class=\"subhead2 mb-4 text-white\"><span id=\"__section-container\"><h2 class=\"subhead2 mb-4 text-white\"><span id=\"__section-container\"><h2 class=\"subhead2 mb-4 text-white\">LadderPro</h2></span></h2></span></h2>\r\n                                                                <div class=\"contentParaMaxHeight\">\r\n                                                                    <p class=\"para1 mb-4 text-white\">Duis aute irure dolor in reprehenderit in voluptate velit esse cillum dolore eu fugiat nulla pariatur. Excepteur sint occaecat cupidatat non proident, sunt in culpa qui officia deserunt mollit anim id est laborum.</p>\r\n                                                                </div>\r\n                                                            </div>\r\n                                                        </div>\r\n                                                    </div>\r\n                                                </div>\r\n                                            </div>\r\n                                        </section>',1,6,'2023-11-13 13:08:54','2023-11-13 13:08:54');
INSERT INTO `page_sections` VALUES (424,55,'<div class=\'sectionSapration\'></div>',8,7,'2023-11-13 13:08:54','2023-12-12 09:49:20'),(425,55,'<div class=\'sectionSapration\'></div>',8,11,'2023-11-13 13:08:54','2023-11-13 13:08:54'),(427,55,'<section class=\"dynmicSec-p80 fixHeight75 d-flex align-items-center bgRblurContent dynamic-bg-class reveal\" style=\"background: url(&quot;https://gemmproductions.bwc.ae/gallery/download-copy.webp&quot;) center center / cover no-repeat;\">\r\n                                            <div class=\"fBoxBlack\"></div>\r\n                                            <div class=\"container\">\r\n                                                <div class=\"row\">\r\n<div class=\"col-12 d-md-none\">\r\n                                                        <img src=\"https://gemmproductions.bwc.ae/gallery/download-copy.webp\" alt=\"\" class=\"frostMobImg\">\r\n                                                    </div>\r\n                                                    <div class=\"col-12 col-md-6 ms-auto p-md-0\">\r\n                                                        <div class=\"frostedRbox\">\r\n                                                            <div class=\"w-100\">\r\n                                                                <h2 class=\"subhead2 mb-4 text-white\">Our Support</h2>\r\n                                                                <div class=\"contentParaMaxHeight\">\r\n                                                                    <p class=\"para1 mb-4 text-white\">If you have any questions about our climbing walls, require installation assistance, or need safety training, don\'t hesitate to reach out to us. We\'re here to assist you.</p>\r\n                                                                </div>\r\n                                                            </div>\r\n                                                        </div>\r\n                                                    </div>\r\n                                                </div>\r\n                                            </div>\r\n                                        </section>',1,10,'2023-11-13 13:40:17','2023-12-19 09:00:34'),(428,55,'<section class=\"dynmicSec-p80 fixHeight75 d-flex align-items-center bgRblurContent dynamic-bg-class reveal\" style=\"background-image: url(&quot;https://gemmproductions.bwc.ae/gallery/x-climbpro-75.jpg&quot;); background-position: center center; background-size: cover; background-repeat: no-repeat; background-attachment: unset; background-origin: unset; background-clip: unset; background-color: unset;\">\r\n                                            <div class=\"fBoxBlack\"></div>\r\n                                            <div class=\"container\">\r\n                                                <div class=\"row\">\r\n                                                    <div class=\"col-12 d-md-none\">\r\n                                                        <img src=\"https://gemmproductions.bwc.ae/gallery/x-climbpro-75.jpg\" alt=\"\" class=\"frostMobImg\">\r\n                                                    </div>\r\n                                                    <div class=\"col-12 col-md-6 ms-auto p-md-0\">\r\n                                                        <div class=\"frostedRbox\">\r\n                                                            <div class=\"w-100\">\r\n                                                                <h2 class=\"subhead2 mb-4 text-white\" style=\"--bs-text-opacity: 1;\">Rotating Climbing Wall<br></h2><h2 class=\"subhead2 mb-4 text-white\"><div class=\"contentParaMaxHeight\" style=\"color: rgb(0, 0, 0); font-size: 14px;\"><p class=\"para1 mb-4 text-white\" style=\"--bs-text-opacity: 1;\">Introducing our innovative rotating climbing walls that seamlessly bring the exhilaration of outdoor climbing into indoor spaces. Designed for effortless installation and plug-and-play convenience, these walls are an ideal addition for schools, gyms, hotels, resorts, and recreation centers seeking to elevate their entertainment offerings. Whether you\'re an experienced climber preparing for your next challenge or introducing the thrill of climbing to the younger generation, our walls cater to all. With adjustable speed settings and inclination angles, individuals of all ages and skill levels, from novices to seasoned pros, can partake in this exhilarating activity. Transform your facility into a climbing haven with our versatile walls.</p></div></h2><div class=\"contentParaMaxHeight\">\r\n                                                                </div>\r\n                                                            </div>\r\n                                                        </div>\r\n                                                    </div>\r\n                                                </div>\r\n                                            </div>\r\n                                        </section>',1,2,'2023-11-13 13:41:50','2023-12-19 09:00:34'),(430,55,'<p></p><section class=\"dynmicSec-p80 fixHeight75 d-flex align-items-center bgRblurContent dynamic-bg-class reveal\" style=\"background: url(&quot;https://gemmproductions.bwc.ae/gallery/download-1-copy.webp&quot;) center center / cover no-repeat;\">\r\n                                            <div class=\"fBoxBlack lBox\"></div>\r\n                                            <div class=\"container\">\r\n                                                <div class=\"row\">\r\n<div class=\"col-12 d-md-none\">\r\n                                                        <img src=\"https://gemmproductions.bwc.ae/gallery/download-1-copy.webp\" alt=\"\" class=\"frostMobImg\">\r\n                                                    </div>\r\n                                                    <div class=\"col-12 col-md-6 p-md-0\">\r\n                                                        <div class=\"frostedRbox lBox\">\r\n                                                            <div class=\"w-100\">\r\n                                                                <h2 class=\"subhead2 mb-4 text-white\">Safety<br></h2>\r\n                                                                <div class=\"contentParaMaxHeight\">\r\n                                                                    <p class=\"para1 mb-4 text-white\">Our self-supported, freestanding climbing walls eliminate the need for hard point installation. An optical sensor ensures safety by halting wall rotation when a climber\'s limb nears the threshold. Wall rotation is initiated by the climber\'s body weight, with adjustable speed settings. Climbers enjoy a safe experience with a maximum fall height of less than 1 meter, cushioned by thick climbing crash pads, regardless of their climbing progress.</p>\r\n                                                                </div>\r\n                                                            </div>\r\n                                                        </div>\r\n                                                    </div>\r\n                                                </div>\r\n                                            </div>\r\n                                        </section><p></p>',1,8,'2023-11-13 13:44:54','2023-12-19 09:00:34'),(431,55,'<p></p><section class=\"dynmicSec-p80 fixHeight75 d-flex align-items-center bgRblurContent dynamic-bg-class reveal\" style=\"background: url(&quot;https://gemmproductions.bwc.ae/gallery/download-4-copy.webp&quot;) center center / cover no-repeat;\">\r\n                                            <div class=\"fBoxBlack\"></div>\r\n                                            <div class=\"container\">\r\n                                                <div class=\"row\">\r\n<div class=\"col-12 d-md-none\">\r\n                                                        <img src=\"https://gemmproductions.bwc.ae/gallery/download-4-copy.webp\" alt=\"\" class=\"frostMobImg\">\r\n                                                    </div>\r\n                                                    <div class=\"col-12 col-md-6 ms-auto p-md-0\">\r\n                                                        <div class=\"frostedRbox\">\r\n                                                            <div class=\"w-100\">\r\n                                                                <h2 class=\"subhead2 mb-4 text-white\">Schools<br></h2>\r\n                                                                <div class=\"contentParaMaxHeight\">\r\n                                                                    <p class=\"para1 mb-4 text-white\">All our free-standing climbing walls are designed for easy transportation in and out of various venues, including auditoriums, making them a versatile addition to PE classes. We invite you to find a child who isn\'t excited to see these walls in action. Climbing is a captivating sport that not only tests physical abilities but also encourages strategic thinking, teaching full-body coordination, patience, and the value of perseverance. Climbing is inclusive, welcoming children of all sizes and abilities, from novice to pro. Our hope is that they not only develop a passion for climbing but also carry the valuable lessons learned on the wall into their adolescent years. With children\'s innate sense of adventure and adaptability, we may even be nurturing future Olympic champions.</p>\r\n                                                                </div>\r\n                                                            </div>\r\n                                                        </div>\r\n                                                    </div>\r\n                                                </div>\r\n                                            </div>\r\n                                        </section><p></p>',1,6,'2023-11-13 13:46:09','2023-12-19 09:00:34'),(433,55,'<section class=\"dynmicSec-p80 fixHeight75 d-flex align-items-center bgRblurContent dynamic-bg-class reveal\" style=\"background-image: url(&quot;https://gemmproductions.bwc.ae/gallery/ladderpro.jpg&quot;); background-position: center center; background-size: cover; background-repeat: no-repeat; background-attachment: unset; background-origin: unset; background-clip: unset; background-color: unset;\">\r\n                                            <div class=\"fBoxBlack lBox\"></div>\r\n                                            <div class=\"container\">\r\n                                                <div class=\"row\">\r\n<div class=\"col-12 d-md-none\">\r\n                                                        <img src=\"https://gemmproductions.bwc.ae/gallery/ladderpro.jpg\" alt=\"\" class=\"frostMobImg\">\r\n                                                    </div>\r\n                                                    <div class=\"col-12 col-md-6 p-md-0\">\r\n                                                        <div class=\"frostedRbox lBox\">\r\n                                                            <div class=\"w-100\">\r\n                                                                <h2 class=\"subhead2 mb-4 text-white\" style=\"--bs-text-opacity: 1;\">LadderPro</h2><h2 class=\"subhead2 mb-4 text-white\"><div class=\"contentParaMaxHeight\" style=\"color: rgb(0, 0, 0); font-size: 14px;\"><p class=\"para1 mb-4 text-white\" style=\"--bs-text-opacity: 1;\">Similar to our Rotating Climbing Wall, the LadderPro offers a plug-and-play experience with variable speed and pitch adjustments. Instead of traditional climbing holds, climbers ascend ladder rungs. Additionally, the rear side of the wall features a pull-up bar and tricep dip station, optimizing floor space usage. Perfectly suited for gyms and CrossFit enthusiasts, our diverse range of models ensures compatibility with any environment. Whether climbing solo or competing against a partner, the LadderPro offers an exciting challenge. Safety is paramount, and our walls incorporate optical sensors to prevent rotation if a climber\'s limb descends below the safety threshold, ensuring a worry-free experience.</p></div></h2><div class=\"contentParaMaxHeight\">\r\n                                                                </div>\r\n                                                            </div>\r\n                                                        </div>\r\n                                                    </div>\r\n                                                </div>\r\n                                            </div>\r\n                                        </section>',1,4,'2023-11-15 07:23:48','2023-12-19 09:00:34'),(434,57,'0',4,NULL,'2023-11-15 15:09:06','2023-11-15 15:09:06'),(435,58,'<section class=\"dynmicSec-p-80 fixHeight75 d-flex align-items-center\">\r\n                                            <div class=\"container reveal\">\r\n                                                <div class=\"row\">\r\n                                                    <div class=\"col-12 col-md-6 d-flex align-items-center\">\r\n                                                        <div class=\"w-100\">\r\n                                                            <h2 class=\"subhead2 mb-4\">Our Support</h2>\r\n                                                            <div class=\"contentParaMaxHeight\">\r\n                                                                <p class=\"para1 mb-4\">Duis aute irure dolor in reprehenderit in voluptate velit esse cillum dolore\r\n                                                                eu fugiat nulla pariatur. Excepteur sint occaecat cupidatat non proident, sunt in culpa qui\r\n                                                                officia deserunt mollit anim id est laborum.</p>\r\n                                                            </div>\r\n                                                        </div>\r\n                                                    </div>\r\n                                                    <div class=\"col-12 col-md-6 d-flex align-items-center\">\r\n                                                        <div class=\"fixHeightImgBox\">\r\n                                                            <img src=\"http://gemmproductions.bwc.ae/gallery/xclimb-75-1.jpg\" alt=\"\">\r\n                                                        </div>\r\n                                                    </div>\r\n                                                </div>\r\n                                            </div>\r\n                                        </section>',1,NULL,'2023-11-17 16:08:15','2023-11-17 16:23:13'),(436,58,'<section class=\"dynmicSec-p80 fixHeight75 d-flex align-items-center bgRblurContent dynamic-bg-class reveal\" style=\"background-image: url(&quot;http://gemmproductions.bwc.ae/gallery/xclimb-75-1.jpg&quot;); background-position: center center; background-size: cover; background-repeat: no-repeat; background-attachment: unset; background-origin: unset; background-clip: unset; background-color: unset;\">\r\n                                            <div class=\"fBoxBlack lBox\"></div>\r\n                                            <div class=\"container\">\r\n                                                <div class=\"row\">\r\n                                                    <div class=\"col-12 col-md-6 p-md-0\">\r\n                                                        <div class=\"frostedRbox lBox\">\r\n                                                            <div class=\"w-100\">\r\n                                                                <h2 class=\"subhead2 mb-4 text-white\">Our Support</h2>\r\n                                                                <div class=\"contentParaMaxHeight\">\r\n                                                                    <p class=\"para1 mb-4 text-white\">Duis aute irure dolor in reprehenderit in voluptate velit esse cillum dolore eu fugiat nulla pariatur. Excepteur sint occaecat cupidatat non proident, sunt in culpa qui officia deserunt mollit anim id est laborum.</p>\r\n                                                                </div>\r\n                                                            </div>\r\n                                                        </div>\r\n                                                    </div>\r\n                                                </div>\r\n                                            </div>\r\n                                        </section>',1,NULL,'2023-11-17 16:24:12','2023-11-17 16:24:12'),(437,57,'<section class=\"dynmicSec-p80 fixHeight75 d-flex align-items-center\">\r\n                                            <div class=\"container reveal\">\r\n                                                <div class=\"row\">\r\n                                                    <div class=\"col-12 col-md-6 d-flex align-items-center order-md-last  mb-4 mb-md-0\">\r\n                                                        <div class=\"fixHeightImgBox\">\r\n                                                            <img src=\"http://gemmproductions.bwc.ae/gallery/ladderPro-75.jpg\" alt=\"\">\r\n                                                        </div>\r\n                                                    </div>\r\n                                                    <div class=\"col-12 col-md-6 d-flex align-items-center\">\r\n                                                        <div class=\"w-100\">\r\n                                                            <h2 class=\"subhead2 mb-4\">Our Support</h2>\r\n                                                            <div class=\"contentParaMaxHeight\">\r\n                                                                <p class=\"para1 mb-4\">Duis aute irure dolor in reprehenderit in voluptate velit esse cillum dolore\r\n                                                                eu fugiat nulla pariatur. Excepteur sint occaecat cupidatat non proident, sunt in culpa qui\r\n                                                                officia deserunt mollit anim id est laborum.</p>\r\n                                                            </div>\r\n                                                        </div>\r\n                                                    </div>\r\n                                                </div>\r\n                                            </div>\r\n                                        </section>',1,NULL,'2023-11-21 08:20:07','2023-11-21 08:21:39'),(438,57,'<section class=\"dynmicSec-p80 fixHeight75 d-flex align-items-center\">\r\n                                            <div class=\"container reveal\">\r\n                                                <div class=\"row\">\r\n                                                    <div class=\"col-12 col-md-6 d-flex align-items-center mb-4 mb-md-0\">\r\n                                                        <div class=\"fixHeightImgBox\">\r\n                                                            <img src=\"http://gemmproductions.bwc.ae/gallery/xclimb-75-1.jpg\" alt=\"\">\r\n                                                        </div>\r\n                                                    </div>\r\n                                                    <div class=\"col-12 col-md-6 d-flex align-items-center\">\r\n                                                        <div class=\"w-100\">\r\n                                                            <h2 class=\"subhead2 mb-4\">Our Support</h2>\r\n                                                            <div class=\"contentParaMaxHeight\">\r\n                                                                <p class=\"para1 mb-4\">Duis aute irure dolor in reprehenderit in voluptate velit esse cillum dolore\r\n                                                                eu fugiat nulla pariatur. Excepteur sint occaecat cupidatat non proident, sunt in culpa qui\r\n                                                                officia deserunt mollit anim id est laborum.</p>\r\n                                                            </div>\r\n                                                        </div>\r\n                                                    </div>\r\n                                                </div>\r\n                                            </div>\r\n                                        </section>',1,NULL,'2023-11-21 08:21:39','2023-11-21 08:21:39'),(440,61,'2',6,NULL,'2023-12-01 17:00:08','2023-12-01 17:00:08'),(441,61,'2',3,NULL,'2023-12-01 17:00:38','2023-12-01 17:00:38'),(442,61,'3',3,NULL,'2023-12-01 17:02:35','2023-12-01 17:02:35'),(443,61,'4',3,NULL,'2023-12-01 17:02:35','2023-12-01 17:02:35'),(444,61,'7',3,NULL,'2023-12-01 17:02:35','2023-12-01 17:02:35'),(445,61,'34',3,NULL,'2023-12-01 17:02:35','2023-12-01 17:02:35'),(446,61,'2',6,NULL,'2023-12-01 17:04:21','2023-12-01 17:04:21'),(447,61,'1',7,NULL,'2023-12-01 17:04:42','2023-12-01 17:04:42'),(448,61,'<p>aaaaaaaaaaaaaaaaaaaaaaaaaaaa</p>',1,NULL,'2023-12-01 17:59:41','2023-12-01 17:59:41'),(449,51,'<section id=\"safeHygienic\" class=\"dynamic-bg-class\" style=\"background-image: url(&quot;https://gemmproductions.bwc.ae/gallery/safeHygienicBg%20copy.webp&quot;); background-position: center bottom; background-size: contain; background-repeat: no-repeat; background-attachment: unset; background-origin: unset; background-clip: unset; background-color: unset;\">\r\n                                            <div class=\"container reveal active\">\r\n                                                <div class=\"row\">\r\n                                                    <div class=\"col-12 col-md-8 col-xl-6 mx-auto text-center\">\r\n                                                        <h2 class=\"subhead2 mb-0\">Safe And Hygienic Areas</h2><p><br></p><p>We prioritize the safety and hygiene of play areas for your youngest visitors. Our designs consider the challenging environments where children play. Our play concepts feature safety and hygiene at their core. They are easy to clean, certified by SGS, vandal-proof, contain no loose parts, and are finished with anti-bacterial, scratch-resistant paint. With our play corners, your young visitors can enjoy years of safe and enjoyable fun</p><div><br></div>\r\n                                                    </div>\r\n                                                </div>\r\n                                            </div>\r\n                                        </section>',1,NULL,'2023-12-05 08:09:16','2024-01-19 16:05:09'),(450,51,'34',3,4,'2023-12-05 08:47:27','2023-12-05 08:48:05'),(451,51,'10',5,NULL,'2023-12-05 10:56:45','2023-12-05 10:56:45'),(452,3,'10',5,NULL,'2023-12-05 13:30:54','2023-12-05 13:30:54'),(455,8,'<section class=\"fixHeight75 grey-bg-4 d-flex align-items-center reveal\">\r\n                                            <div class=\"container-fluid px-md-0\">\r\n                                                <div class=\"row mx-md-0\">\r\n                                                    <div class=\"col-12 col-md-6 px-md-0 d-flex align-items-center mb-40 mb-md-0\">\r\n                                                        <div class=\"imgFullBox\">\r\n                                                            <img src=\"https://gemmproductions.bwc.ae/gallery/SportsSim_SingleScreen.jpg\" class=\"w-100\" style=\"\">\r\n                                                        </div>\r\n                                                    </div>\r\n                                                    <div class=\"col-12 col-md-6 d-flex align-items-center mb-40 mb-md-0\">\r\n                                                        <div class=\"rPull w-100 ps-md-5\">\r\n                                                            <h2 class=\"subhead2 mb-4\">Single Screen Sports Simulator</h2><p>Advanced Hardware for Accurate Tracking</p><p>Our golf simulators utilize cutting-edge photometric tracking technology, featuring a high-speed USB camera system to precisely capture club and ball movement. With a recording capability of up to 200 frames per second, this camera-based system accurately measures club swing path, face angle, impact speed, launch angle, ball direction, spin, and hit factor.&nbsp;</p><p>INFRARED LIGHTING TECHNOLOGY&nbsp;</p><p>Our infrared lighting technology boasts over 50,000 hours of low-maintenance operation, providing optimal illumination for accurate swing and ball flight detection without visible light interference. Experience a brighter, clearer, and sharper projected image for an enhanced player experience</p>\r\n                                                        </div>\r\n                                                    </div>\r\n                                                </div>\r\n                                            </div>\r\n                                    </section>',1,6,'2023-12-06 08:50:46','2023-12-18 11:42:58'),(457,8,'<section class=\"fixHeight75 grey-bg-4 d-flex align-items-center reveal\">\r\n                                            <div class=\"container-fluid px-md-0\">\r\n                                                <div class=\"row mx-md-0\">\r\n                                                    <div class=\"col-12 col-md-6 px-md-0 order-md-last d-flex align-items-center mb-40 mb-md-0\">\r\n                                                        <div class=\"imgFullBox\">\r\n                                                            <img src=\"https://gemmproductions.bwc.ae/gallery/CameraTechnology.jpg\" class=\"w-100\" style=\"\">\r\n                                                        </div>\r\n                                                    </div>\r\n                                                    <div class=\"col-12 col-md-6 d-flex align-items-center mb-40 mb-md-0\">\r\n                                                        <div class=\"lPull w-100 pe-md-5\">\r\n                                                            <h2 class=\"subhead2 mb-4\">Photometric Tracking Technology</h2>\r\n                                                            <p class=\"para1 mb-3\">Extensive Range of Playable Sports</p><p class=\"para1 mb-3\">Our sports simulator offers a diverse range of over 60 sports, including Football, Golf, Tennis, Baseball, and more, providing an immersive experience for sports enthusiasts.</p><p class=\"para1 mb-3\">Player Data Analysis and Comparison</p><p class=\"para1 mb-3\">Coaches can analyze and compare player performance across various training game challenges, allowing them to create targeted training sessions. Managers can assess player performance, ensuring the team is at its best on match day. Player data is stored and can be compared, helping players improve and teams achieve better results</p>\r\n\r\n                                                        </div>\r\n                                                    </div>\r\n                                                </div>\r\n                                            </div>\r\n                                        </section>',1,9,'2023-12-06 09:02:47','2023-12-18 11:42:58'),(458,8,'<section class=\"fixHeight75 grey-bg-4 d-flex align-items-center reveal\">\r\n                                            <div class=\"container-fluid px-md-0\">\r\n                                                <div class=\"row mx-md-0\">\r\n                                                    <div class=\"col-12 col-md-6 px-md-0 d-flex align-items-center mb-40 mb-md-0\">\r\n                                                        <div class=\"imgFullBox\">\r\n                                                            <img src=\"https://gemmproductions.bwc.ae/gallery/LightTechnology.jpg\" class=\"w-100\" style=\"\">\r\n                                                        </div>\r\n                                                    </div>\r\n                                                    <div class=\"col-12 col-md-6 d-flex align-items-center mb-40 mb-md-0\">\r\n                                                        <div class=\"rPull w-100 ps-md-5\">\r\n                                                            <h2 class=\"subhead2 mb-4\">Infrared Lighting Technology</h2>\r\n                                                            <p class=\"para1 mb-3\">Sports Simulator now offers Cities, Habitats &amp; Themes in its software package, including Dubai, London, New York, and Paris cities, along with Desert, Forest, Polar, and Range habitats, and themed environments for Christmas, Easter, Halloween, and Jurassic settings</p>\r\n                                                        </div>\r\n                                                    </div>\r\n                                                </div>\r\n                                            </div>\r\n                                    </section>',1,11,'2023-12-06 09:02:47','2023-12-18 11:42:58'),(463,8,'<section class=\"fixHeight75 grey-bg-4 d-flex align-items-center reveal\">\r\n                                            <div class=\"container-fluid px-md-0\">\r\n                                                <div class=\"row mx-md-0\">\r\n                                                    <div class=\"col-12 col-md-6 px-md-0 d-flex align-items-center mb-40 mb-md-0\">\r\n                                                        <div class=\"imgFullBox\">\r\n                                                            <img src=\"https://gemmproductions.bwc.ae/gallery/2021%20GRIDIRON%20SURROUND.webp\" class=\"w-100\" style=\"\">\r\n                                                        </div>\r\n                                                    </div>\r\n                                                    <div class=\"col-12 col-md-6 d-flex align-items-center mb-40 mb-md-0\">\r\n                                                        <div class=\"rPull w-100 ps-md-5\">\r\n                                                            <h2 class=\"subhead2 mb-4\">Master Your Favorite Sports With Sports Simulator</h2>\r\n                                                            <p class=\"para1 mb-3\">Step into the world of sports simulators, where you\'ll find the most advanced system with over 60+ playable sports. Our multi-sports indoor simulator is the world\'s most comprehensive, offering a unique and interactive sporting experience that keeps your venue popular year-round, even during the scorching UAE summer months. Elevate your venue and ensure it remains a top choice for entertainment.</p>\r\n                                                        </div>\r\n                                                    </div>\r\n                                                </div>\r\n                                            </div>\r\n                                    </section>',1,2,'2023-12-06 09:19:57','2023-12-18 11:42:58'),(469,8,'<section class=\"dynmicSec-p80 fixHeight75 dynamic-bg-class\" style=\"background-image: url(&quot;https://gemmproductions.bwc.ae/gallery/Advertising&amp;Branding.jpg&quot;); background-position: center center; background-size: cover; background-repeat: no-repeat; background-attachment: unset; background-origin: unset; background-clip: unset; background-color: unset;\">\r\n                                            <div class=\"container reveal active\">\r\n                                                <div class=\"row\">\r\n                                                    <div class=\"col-12 col-md-8 col-xl-6 mx-auto text-center\">\r\n                                                        <h2 class=\"subhead2 mb-0\"><br></h2><p><br></p><p><br></p><p><br></p><p><br></p><p><br></p><div class=\"contentParaMaxHeight\">\r\n                                                        </div>\r\n                                                    </div>\r\n                                                </div>\r\n                                            </div>\r\n                                        </section>',1,13,'2023-12-06 12:14:21','2023-12-18 11:42:58'),(471,8,'1',7,7,'2023-12-06 13:38:12','2023-12-18 10:03:56'),(472,10,'<p></p><section class=\"fixHeight75 grey-bg-4 d-flex align-items-center reveal\">\r\n                                            <div class=\"container-fluid px-md-0\">\r\n                                                <div class=\"row mx-md-0\">\r\n                                                    <div class=\"col-12 col-md-6 px-md-0 order-md-last d-flex align-items-center mb-40 mb-md-0\">\r\n                                                        <div class=\"imgFullBox\">\r\n                                                            <img src=\"https://gemmproductions.bwc.ae/gallery/Claw_Branded.jpg\" class=\"w-100\">\r\n                                                        </div>\r\n                                                    </div>\r\n                                                    <div class=\"col-12 col-md-6 d-flex align-items-center mb-40 mb-md-0\">\r\n                                                        <div class=\"lPull w-100 pe-md-5\">\r\n                                                            <h2 class=\"subhead2 mb-4\">Advertising &amp; Branding</h2>\r\n                                                            <p class=\"para1 mb-3\">Our extensive experience working with global brands has taught us the importance of advertising. Finding the perfect balance between unconventional entertainment and effective branding is effortless with our captivating product range, all of which can be fully customized to showcase your brand. Whether it\'s a Coca-Cola-themed Jukebox or a Louis Vuitton claw machine stocked with designer handbags, our equipment is designed to create media buzz and promote your brand effectively. We\'re here to help you harness the power of advertising and make a lasting impression.</p>\r\n\r\n                                                        </div>\r\n                                                    </div>\r\n                                                </div>\r\n                                            </div>\r\n                                        </section><p></p>',1,3,'2023-12-11 06:21:11','2023-12-11 08:12:25'),(474,10,'<section class=\"fixHeight75 grey-bg-4 d-flex align-items-center reveal\">\r\n                                            <div class=\"container-fluid px-md-0\">\r\n                                                <div class=\"row mx-md-0\">\r\n                                                    <div class=\"col-12 col-md-6 px-md-0 d-flex align-items-center mb-40 mb-md-0\">\r\n                                                        <div class=\"imgFullBox\">\r\n                                                            <img src=\"https://gemmproductions.bwc.ae/gallery/WhatsApp%20Image%202023-12-11%20at%2011.jpeg\" class=\"w-100\">\r\n                                                        </div>\r\n                                                    </div>\r\n                                                    <div class=\"col-12 col-md-6 d-flex align-items-center mb-40 mb-md-0\">\r\n                                                        <div class=\"rPull w-100 ps-md-5\">\r\n                                                            <h2 class=\"subhead2 mb-4\">We Support You</h2>\r\n                                                            <p class=\"para1 mb-3\">Our comprehensive support extends from top to bottom and back to front. Our dedicated team of designers, engineers, and logisticians is committed to assisting your team, ensuring on-time delivery of equipment that\'s bound to make a lasting impression.</p>\r\n                                                        </div>\r\n                                                    </div>\r\n                                                </div>\r\n                                            </div>\r\n                                    </section>',1,4,'2023-12-11 07:27:48','2023-12-11 08:12:25'),(475,10,'<section class=\"fixHeight75 grey-bg-4 d-flex align-items-center reveal\">\r\n                                            <div class=\"container-fluid px-md-0\">\r\n                                                <div class=\"row mx-md-0\">\r\n                                                    <div class=\"col-12 col-md-6 px-md-0 d-flex align-items-center mb-40 mb-md-0\">\r\n                                                        <div class=\"imgFullBox\">\r\n                                                            <img src=\"https://gemmproductions.bwc.ae/gallery/Events%20Moving%20Jukebox.jpg\" class=\"w-100\">\r\n                                                        </div>\r\n                                                    </div>\r\n                                                    <div class=\"col-12 col-md-6 d-flex align-items-center mb-40 mb-md-0\">\r\n                                                        <div class=\"rPull w-100 ps-md-5\">\r\n                                                            <h2 class=\"subhead2 mb-4\">How We Work</h2>\r\n                                                            <p class=\"para1 mb-3\">We provide comprehensive support to event organizers, offering a wide range of products including arcade equipment, Jukeboxes, art, decor, and lighting. Our products not only create memorable Instagram-worthy moments but also deliver music, ambiance, and entertainment for guests at any event.&nbsp;<span style=\"font-weight: var(--bs-body-font-weight); text-align: var(--bs-body-text-align);\">With a track record of working with prestigious clients like Abu Dhabi F1, Victoria\'s Secret, Coca Cola, and many others, our experience is extensive. Whether you\'re planning a party, corporate event, or activation, visit our product page or reach out to us directly. Share your vision, and let us craft a customized solution to bring your ideas to life.</span></p>\r\n                                                        </div>\r\n                                                    </div>\r\n                                                </div>\r\n                                            </div>\r\n                                    </section>',1,2,'2023-12-11 07:30:36','2023-12-12 09:52:49'),(476,10,'18',2,1,'2023-12-11 10:28:18','2023-12-11 10:28:18'),(477,5,'4',2,1,'2023-12-12 10:30:05','2023-12-12 10:30:05'),(478,9,'<section class=\"dynmicSec-p80 dynamic-bg-class\" style=\"background-image: url(&quot;https://gemmproductions.bwc.ae/gallery/safeHygienicBg%20copy.webp&quot;); background-position: center bottom; background-size: contain; background-repeat: no-repeat; background-attachment: unset; background-origin: unset; background-clip: unset; background-color: unset;padding-bottom: 35vw;\">\r\n                                            <div class=\"container reveal active\">\r\n                                                <div class=\"row\">\r\n                                                    <div class=\"col-12 col-md-8 col-xl-6 mx-auto text-center\">\r\n                                                        <h2 class=\"subhead2 mb-0\">About us</h2><br>\r\n                                                        <div class=\"\">\r\n                                                            <p class=\"boldPara mb-4\">Our Journey Since 2009</p><p class=\"boldPara mb-4\"><br></p><p class=\"boldPara mb-4\">Since our inception in 2009, GEMMProductions has grown significantly. Collaborating with top designers on groundbreaking projects, we are committed to supporting the entire project lifecycle. While we primarily focus on Music, Entertainment, and Design, our holistic approach aligns with your unique vision. Whether boosting F&amp;B sales, managing traffic, or creating unique products, our designs serve your operational goals.</p><p class=\"boldPara mb-4\"><br></p><p class=\"boldPara mb-4\">Value-Driven Solutions</p><p class=\"boldPara mb-4\"><br></p><p class=\"boldPara mb-4\">We offer cost-effective solutions with extensive experience and tailored schemes within your budget. Our streamlined approach minimizes intermediaries, ensuring a comprehensive and budget-friendly service.</p><p class=\"boldPara mb-4\"><br></p><p class=\"boldPara mb-4\">Creative Excellence</p><p class=\"boldPara mb-4\"><br></p><p class=\"boldPara mb-4\">Our innovative design team emphasizes the \"wow factor\" while considering long-term maintenance. We are your one-stop dream factory, capable of turning your vision into reality and providing ongoing maintenance.</p><p class=\"boldPara mb-4\"><br></p><p class=\"boldPara mb-4\">Collaborative Partnerships</p><p class=\"boldPara mb-4\"><br></p><p class=\"boldPara mb-4\">We believe in collaborative partnerships, often engaging in value engineering and handling multiple projects concurrently. With us, you have a dedicated partner committed to your success across various venues and spaces.</p><p class=\"boldPara mb-4\"><br></p><p class=\"boldPara mb-4\">Peace of Mind</p><p class=\"boldPara mb-4\"><br></p><p class=\"boldPara mb-4\">Clients choose us because they feel comfortable working with us. We are conscientious, straightforward, and backed by an exceptional team.</p><p class=\"boldPara mb-4\"><br></p><p class=\"boldPara mb-4\">Boosting Revenue</p><p class=\"boldPara mb-4\"><br></p><p class=\"boldPara mb-4\">Our designs create an inviting ambiance that attracts and retains guests, increasing dwell time and generating ancillary revenue. Your venue becomes known for prioritizing the overall customer experience.</p>\r\n                                                        </div>\r\n                                                    </div>\r\n                                                </div>\r\n                                            </div>\r\n                                        </section>',1,1,'2023-12-12 11:19:25','2024-01-04 16:30:16'),(481,8,'<div class=\'sectionSapration\'></div>',8,3,'2023-12-12 11:52:15','2023-12-12 11:52:15'),(482,8,'<div class=\'sectionSapration\'></div>',8,5,'2023-12-12 11:52:15','2023-12-12 11:52:15'),(484,8,'<div class=\'sectionSapration\'></div>',8,10,'2023-12-12 11:52:15','2023-12-18 10:03:04'),(485,8,'<div class=\'sectionSapration\'></div>',8,12,'2023-12-12 11:52:15','2023-12-18 11:42:58'),(487,8,'19',2,1,'2023-12-13 08:11:23','2023-12-13 08:11:23'),(488,8,'<section class=\"fixHeight75 grey-bg-4 d-flex align-items-center reveal\">\r\n                                            <div class=\"container-fluid px-md-0\">\r\n                                                <div class=\"row mx-md-0\">\r\n                                                    <div class=\"col-12 col-md-6 px-md-0 order-md-last d-flex align-items-center mb-40 mb-md-0\">\r\n                                                        <div class=\"imgFullBox\">\r\n                                                            <img src=\"https://gemmproductions.bwc.ae/gallery/SportsSim_SurroundScreen.jpg\" class=\"w-100\" style=\"\">\r\n                                                        </div>\r\n                                                    </div>\r\n                                                    <div class=\"col-12 col-md-6 d-flex align-items-center mb-40 mb-md-0\">\r\n                                                        <div class=\"lPull w-100 pe-md-5\">\r\n                                                            <h2 class=\"subhead2 mb-4\">Surround Screen Sports Simulator</h2><p>Experience the Sports Simulator – a unique way to enjoy today\'s sporting events from famous venues worldwide. Our Surround Simulator offers a variety of major ball sports, making it perfect for family entertainment at shopping centers, restaurants, cafes, cinemas, and leisure facilities. Fun for all ages and abilities with hundreds of game challenges in over a thousand sporting venues&nbsp;</p>\r\n                                                            <p class=\"para1 mb-3\" style=\"text-align: center; \"><span style=\"font-family: avenir-lt-w01_35-light1475496, avenir-lt-w05_35-light, sans-serif; font-size: 20px; font-weight: 700; text-align: center;\">&nbsp;</span></p>\r\n\r\n                                                        </div>\r\n                                                    </div>\r\n                                                </div>\r\n                                            </div>\r\n                                        </section>',1,4,'2023-12-14 05:36:47','2023-12-18 11:42:58'),(489,8,'<div class=\'sectionSapration\'></div>',8,8,'2023-12-18 10:03:56','2023-12-18 10:03:56'),(490,62,'15',2,NULL,'2023-12-18 10:50:13','2023-12-18 10:50:13'),(491,57,'1',7,NULL,'2023-12-28 10:33:16','2023-12-28 10:33:16'),(493,5,'<section class=\"dynmicSec-p80 fixHeight75 d-flex align-items-center bgRblurContent dynamic-bg-class reveal\" style=\"background-image: url(&quot;https://gemmproductions.bwc.ae/gallery/design-copy.webp&quot;); background-position: center center; background-size: cover; background-repeat: no-repeat; background-attachment: unset; background-origin: unset; background-clip: unset; background-color: unset;\">\r\n                                            <div class=\"fBoxBlack\"></div>\r\n                                            <div class=\"container\">\r\n                                                <div class=\"row\">\r\n                                                    <div class=\"col-12 d-md-none\">\r\n                                                        <img src=\"https://gemmproductions.bwc.ae/gallery/design-copy.webp\" alt=\"\" class=\"frostMobImg\" id=\"imageToChange\">\r\n                                                    </div>\r\n                                                    <div class=\"col-12 col-md-6 ms-auto p-md-0\">\r\n                                                        <div class=\"frostedRbox\">\r\n                                                            <div class=\"w-100\">\r\n                                                                <h2 class=\"subhead2 mb-4\" style=\"color: rgb(255, 255, 255);\"><font color=\"#ffffff\">Design</font></h2>\r\n                                                                <div class=\"contentParaMaxHeight\">\r\n                                                                    <p class=\"para1 mb-4 text-white\">Collaborating with MiniGolf 35, a leading European golf course manufacturer, we introduce the world\'s premier mobile and modular golf course. Our innovative patented quick-fix system allows for tool-free installation and easy relocation. These courses are built to withstand UV rays and water exposure, ensuring uninterrupted play in any weather. Crafted from top-tier commercial-grade materials, our products have already found a home in prestigious locations like Disneyland Hong Kong. Contact us today to embark on a journey of creating a bespoke golfing solution tailored to your unique space and requirements. Experience golf like never before with our cutting-edge designs and superior craftsmanship.</p>\r\n                                                                </div>\r\n                                                            </div>\r\n                                                        </div>\r\n                                                    </div>\r\n                                                </div>\r\n                                            </div>\r\n                                        </section>',1,2,'2024-01-19 16:33:36','2024-01-19 16:33:36'),(494,6,'<section class=\"dynmicSec-p80 fixHeight75 d-flex align-items-center bgRblurContent dynamic-bg-class reveal\" style=\"background-image: url(&quot;https://gemmproductions.bwc.ae/gallery/do45wnload-copy.webp&quot;); background-position: center center; background-size: cover; background-repeat: no-repeat; background-attachment: unset; background-origin: unset; background-clip: unset; background-color: unset;\">\r\n                                            <div class=\"fBoxBlack lBox\"></div>\r\n                                            <div class=\"container\">\r\n                                                <div class=\"row\">\r\n                                                    <div class=\"col-12 d-md-none\">\r\n                                                        <img src=\"https://gemmproductions.bwc.ae/gallery/do45wnload-copy.webp\" alt=\"\" class=\"frostMobImg\" id=\"imageToChange\">\r\n                                                    </div>\r\n                                                    <div class=\"col-12 col-md-6 p-md-0\">\r\n                                                        <div class=\"frostedRbox lBox\">\r\n                                                            <div class=\"w-100\">\r\n                                                                <h2 class=\"subhead2 mb-4 text-white\">Our Design</h2><div class=\"contentParaMaxHeight\"></div>\r\n                                                                <div class=\"contentParaMaxHeight\">\r\n                                                                    <p class=\"para1 mb-4 text-white\">Through our collaboration with Extreme Lounging and a consortium of world-renowned artisans and designers, GEMMProductions has forged a harmonious fusion of impeccable design and unmatched functionality. Our partnership has not only showcased their exceptional craftsmanship but also reshaped contemporary design paradigms, placing their creations at the forefront of modern aesthetics and functionality. This union has illuminated their artistic endeavors, redefining the boundaries of what\'s possible in the realm of modern design and setting new standards for excellence.</p><p class=\"para1 mb-4 text-white\"><br></p>\r\n                                                                </div>\r\n                                                            </div>\r\n                                                        </div>\r\n                                                    </div>\r\n                                                </div>\r\n                                            </div>\r\n                                        </section>',1,2,'2024-01-19 17:21:59','2024-01-19 17:21:59'),(495,6,'<section class=\"dynmicSec-p80 fixHeight75 d-flex align-items-center bgRblurContent dynamic-bg-class reveal\" style=\"background-image: url(&quot;https://gemmproductions.bwc.ae/gallery/download-155-copy.webp&quot;); background-position: center center; background-size: cover; background-repeat: no-repeat; background-attachment: unset; background-origin: unset; background-clip: unset; background-color: unset;\">\r\n                                            <div class=\"fBoxBlack\"></div>\r\n                                            <div class=\"container\">\r\n                                                <div class=\"row\">\r\n                                                    <div class=\"col-12 d-md-none\">\r\n                                                        <img src=\"https://gemmproductions.bwc.ae/gallery/download-155-copy.webp\" alt=\"\" class=\"frostMobImg\" id=\"imageToChange\">\r\n                                                    </div>\r\n                                                    <div class=\"col-12 col-md-6 ms-auto p-md-0\">\r\n                                                        <div class=\"frostedRbox\">\r\n                                                            <div class=\"w-100\">\r\n                                                                <h2 class=\"subhead2 mb-4 text-white\">Your vision brought to life.</h2><div class=\"contentParaMaxHeight\"></div>\r\n                                                                <div class=\"contentParaMaxHeight\"><p class=\"para1 mb-4 text-white\"><span style=\"font-weight: var(--bs-body-font-weight); text-align: var(--bs-body-text-align);\">GEMMProductions, in collaboration with our extensive network of partners and talented designers, is wholeheartedly dedicated to turning individuals\' visions into reality. Whether it\'s a cozy living room, a stylish man cave, a bustling commercial restaurant, or an inviting hotel lobby, we bring over 20 years of expertise in designing, developing, and furnishing spaces. Explore our catalog or reach out to us directly to engage with one of our experienced designers and embark on the journey of transforming your space.</span>.</p>\r\n                                                                </div>\r\n                                                            </div>\r\n                                                        </div>\r\n                                                    </div>\r\n                                                </div>\r\n                                            </div>\r\n                                        </section>',1,4,'2024-01-19 17:27:25','2024-01-19 17:27:25'),(496,6,'<section class=\"dynmicSec-p80 fixHeight75 d-flex align-items-center bgRblurContent dynamic-bg-class reveal\" style=\"background-image: url(&quot;https://gemmproductions.bwc.ae/gallery/download55-2-copy.webp&quot;); background-position: center center; background-size: cover; background-repeat: no-repeat; background-attachment: unset; background-origin: unset; background-clip: unset; background-color: unset;\">\r\n                                            <div class=\"fBoxBlack lBox\"></div>\r\n                                            <div class=\"container\">\r\n                                                <div class=\"row\">\r\n                                                    <div class=\"col-12 d-md-none\">\r\n                                                        <img src=\"https://gemmproductions.bwc.ae/gallery/download55-2-copy.webp\" alt=\"\" class=\"frostMobImg\" id=\"imageToChange\">\r\n                                                    </div>\r\n                                                    <div class=\"col-12 col-md-6 p-md-0\">\r\n                                                        <div class=\"frostedRbox lBox\">\r\n                                                            <div class=\"w-100\">\r\n                                                                <h2 class=\"subhead2 mb-4 text-white\" style=\"color: rgb(255, 255, 255); --bs-text-opacity: 1;\">All Weather</h2>\r\n                                                                <div class=\"contentParaMaxHeight\">\r\n                                                                    <p class=\"para1 mb-4 text-white\">Our outdoor lifestyle product collection stands as a paragon of design and functionality. Extreme Lounging, a global pioneer in outdoor furniture, elevates the comfort, texture, and quality of indoor furniture to the great outdoors. Utilizing patented material science, our collection boasts waterproof, breathable, UV-resistant, and stain-resistant properties. Moreover, it\'s fully modular, catering to commercial outdoor spaces and homeowners seeking lasting freshness in their lounge areas beyond a single season.</p>\r\n                                                                </div>\r\n                                                            </div>\r\n                                                        </div>\r\n                                                    </div>\r\n                                                </div>\r\n                                            </div>\r\n                                        </section>',1,6,'2024-01-19 17:28:58','2024-01-19 17:28:58'),(497,5,'<section class=\"dynmicSec-p80 fixHeight75 d-flex align-items-center bgRblurContent dynamic-bg-class reveal\" style=\"background-image: url(&quot;https://gemmproductions.bwc.ae/gallery/2222.webp&quot;); background-position: center center; background-size: cover; background-repeat: no-repeat; background-attachment: unset; background-origin: unset; background-clip: unset; background-color: unset;\">\r\n                                            <div class=\"fBoxBlack\"></div>\r\n                                            <div class=\"container\">\r\n                                                <div class=\"row\">\r\n                                                    <div class=\"col-12 d-md-none\">\r\n                                                        <img src=\"https://gemmproductions.bwc.ae/gallery/2222.webp\" alt=\"\" class=\"frostMobImg\" id=\"imageToChange\">\r\n                                                    </div>\r\n                                                    <div class=\"col-12 col-md-6 ms-auto p-md-0\">\r\n                                                        <div class=\"frostedRbox\">\r\n                                                            <div class=\"w-100\">\r\n                                                                <h2 class=\"subhead2 mb-4 text-white\" style=\"color: rgb(255, 255, 255); --bs-text-opacity: 1;\">Maxi Fun &amp; Mini space</h2>\r\n                                                                <div class=\"contentParaMaxHeight\">\r\n                                                                    <p class=\"para1 mb-4 text-white\">At MiniGolf, no project is too small or too grand for us. Our modular design approach and customised solutions guarantee the creation of a space tailored to your unique requirements. We firmly believe that mini golf is a game for all, regardless of age, skill level, or physical abilities. Our products have undergone extensive research and development to not only offer aesthetic appeal and exceptional gameplay but also to ensure accessibility for everyone, fostering inclusivity and enjoyment across the board. Let us design the perfect mini golf experience that caters to your specific needs and preferences.</p>\r\n                                                                </div><a href=\"#\"><button type=\"button\" class=\"readMoreBtn\">Read more <img src=\"img/images/long-arrow-right.png\"></button></a><br></div>\r\n                                                        </div>\r\n                                                    </div>\r\n                                                </div>\r\n                                            </div>\r\n                                        </section>',1,8,'2024-01-19 17:38:08','2024-01-24 14:46:06'),(498,5,'<section class=\"dynmicSec-p80 fixHeight75 d-flex align-items-center bgRblurContent dynamic-bg-class reveal\" style=\"background-image: url(&quot;https://gemmproductions.com/gallery/golfstimulator_b9d3405e-c98b-4c5e-8624-8a86a5f5d80b.jpg&quot;); background-position: center center; background-size: cover; background-repeat: no-repeat; background-attachment: unset; background-origin: unset; background-clip: unset; background-color: unset;\">\r\n                                            <div class=\"fBoxBlack lBox\"></div>\r\n                                            <div class=\"container\">\r\n                                                <div class=\"row\">\r\n                                                    <div class=\"col-12 d-md-none\">\r\n                                                        <img src=\"https://gemmproductions.com/gallery/golfstimulator_b9d3405e-c98b-4c5e-8624-8a86a5f5d80b.jpg\" alt=\"\" class=\"frostMobImg\" id=\"imageToChange\">\r\n                                                    </div>\r\n                                                    <div class=\"col-12 col-md-6 p-md-0\">\r\n                                                        <div class=\"frostedRbox lBox\">\r\n                                                            <div class=\"w-100\">\r\n                                                                <h2 class=\"subhead2 mb-4 text-white\"><div class=\"contentParaMaxHeight\" style=\"box-sizing: border-box; color: rgb(0, 0, 0); font-family: sans-serif; font-size: 14px; font-style: normal; font-variant-ligatures: normal; font-variant-caps: normal; font-weight: 400; letter-spacing: normal; orphans: 2; text-align: start; text-indent: 0px; text-transform: none; widows: 2; word-spacing: 0px; -webkit-text-stroke-width: 0px; white-space: normal; background-color: rgba(0, 0, 0, 0.6); text-decoration-thickness: initial; text-decoration-style: initial; text-decoration-color: initial;\"></div></h2><h2 class=\"subhead2 mb-4 text-white\" style=\"box-sizing: border-box; margin-top: 0px; margin-bottom: 1.5rem !important; font-weight: 500; line-height: 1.2; color: rgba(var(--bs-white-rgb),var(--bs-text-opacity)) !important; font-size: 2rem; --bs-text-opacity: 1; font-family: sans-serif; font-style: normal; font-variant-ligatures: normal; font-variant-caps: normal; letter-spacing: normal; orphans: 2; text-align: start; text-indent: 0px; text-transform: none; widows: 2; word-spacing: 0px; -webkit-text-stroke-width: 0px; white-space: normal; background-color: rgba(0, 0, 0, 0.6); text-decoration-thickness: initial; text-decoration-style: initial; text-decoration-color: initial;\"><span id=\"__section-container\" style=\"box-sizing: border-box;\"></span></h2><h2 class=\"subhead2 mb-4 text-white\" style=\"box-sizing: border-box; margin-top: 0px; margin-bottom: 1.5rem !important; font-weight: 500; line-height: 1.2; color: rgba(var(--bs-white-rgb),var(--bs-text-opacity)) !important; font-size: 2rem; --bs-text-opacity: 1;\">Garden Games</h2>\r\n                                                                <div class=\"contentParaMaxHeight\">\r\n                                                                    <p class=\"para1 mb-4 text-white\">Transport yourself to the enchanting world of Alice in Wonderland with our Garden Chess board. Beyond its captivating aesthetics, our garden games are meticulously crafted for both display and play. Constructed from exceptionally durable materials, they are virtually impervious to damage. Their lightweight design ensures they can be enjoyed by children and adults alike, making them the perfect addition to any outdoor setting. Immerse yourself in a whimsical game of chess or indulge in other garden classics, knowing that these pieces are designed to withstand endless hours of enjoyment. Elevate your outdoor space with our enchanting garden games.</p>\r\n                                                                </div>\r\n                                                            </div>\r\n                                                        </div>\r\n                                                    </div>\r\n                                                </div>\r\n                                            </div>\r\n                                        </section>',1,4,'2024-01-19 17:40:37','2024-01-23 10:11:01'),(500,64,'<section class=\"dynmicSec-p80 fixHeight75 d-flex align-items-center bgRblurContent dynamic-bg-class reveal\" style=\"background-image: url(&quot;https://gemmproductions.bwc.ae/gallery/arcade-supportsection_a3392875-7881-4803-a5e9-176458805f44.png&quot;); background-position: center center; background-size: cover; background-repeat: no-repeat; background-attachment: unset; background-origin: unset; background-clip: unset; background-color: unset;\">\r\n                                            <div class=\"fBoxBlack\"></div>\r\n                                            <div class=\"container\">\r\n                                                <div class=\"row\">\r\n                                                    <div class=\"col-12 d-md-none\">\r\n                                                        <img src=\"https://gemmproductions.bwc.ae/gallery/arcade-supportsection_a3392875-7881-4803-a5e9-176458805f44.png\" alt=\"\" class=\"frostMobImg\" id=\"imageToChange\">\r\n                                                    </div>\r\n                                                    <div class=\"col-12 col-md-6 ms-auto p-md-0\">\r\n                                                        <div class=\"frostedRbox\">\r\n                                                            <div class=\"w-100\">\r\n                                                                <h2 class=\"subhead2 mb-4 text-white\">Our Support</h2>\r\n                                                                <div class=\"contentParaMaxHeight\">\r\n                                                                    <p class=\"para1 mb-4 text-white\">Duis aute irure dolor in reprehenderit in voluptate velit esse cillum dolore eu fugiat nulla pariatur. Excepteur sint occaecat cupidatat non proident, sunt in culpa qui officia deserunt mollit anim id est laborum.</p>\r\n                                                                </div>\r\n                                                            </div>\r\n                                                        </div>\r\n                                                    </div>\r\n                                                </div>\r\n                                            </div>\r\n                                        </section>',1,1,'2024-02-19 14:29:26','2024-02-19 14:29:42'),(501,32,'11',2,NULL,'2024-02-27 09:43:52','2024-02-27 09:43:52');

--
-- Table structure for table `page_tiles`
--

CREATE TABLE `page_tiles` (
  `id` bigint unsigned NOT NULL AUTO_INCREMENT,
  `page_id` int NOT NULL,
  `title` varchar(255) CHARACTER SET utf8mb4 COLLATE utf8mb4_unicode_ci NOT NULL,
  `priority` int DEFAULT NULL,
  `content` longtext CHARACTER SET utf8mb4 COLLATE utf8mb4_unicode_ci NOT NULL,
  `status` int NOT NULL DEFAULT '0' COMMENT '0 = Inactive, 1 = Active',
  `icon` longtext CHARACTER SET utf8mb4 COLLATE utf8mb4_unicode_ci NOT NULL,
  `created_at` timestamp NULL DEFAULT NULL,
  `updated_at` timestamp NULL DEFAULT NULL,
  `img_thumbnail` longtext CHARACTER SET utf8mb4 COLLATE utf8mb4_unicode_ci,
  `redirection_link` longtext CHARACTER SET utf8mb4 COLLATE utf8mb4_unicode_ci,
  PRIMARY KEY (`id`)
) ENGINE=InnoDB AUTO_INCREMENT=38 DEFAULT CHARSET=utf8mb4 COLLATE=utf8mb4_unicode_ci;

--
-- Dumping data for table `page_tiles`
--

INSERT INTO `page_tiles` VALUES (2,0,'Golden Age',NULL,'Fusce fermentum odio nec arcu. Vestibulum ante ipsum primis in faucibus orci luctus et ultrices posuere cubilia Curae; In ac dui quis mi consectetuer lacinia. Proin sapien ipsum, porta a, auctor quis, euismod ut, mi. Praesent ac massa at ligula laoreet iaculis. Nullam cursus lacinia erat.\r\nVestibulum ante ipsum primis in faucibus orci luctus et ultrices posuere cubilia Curae; Sed aliquam, nisi quis porttitor congue, elit erat euismod orci, ac placerat dolor lectus quis orci. In turpis. Quisque ut nisi. Sed consequat, leo eget bibendum sodales, augue velit cursus nunc, quis gravida magna mi a libero. Phasellus a est.\r\nNam adipiscing. In consectetuer turpis ut velit. Maecenas malesuada. Phasellus a est. Vivamus quis mi.',1,'/uploads/icon/rm-jukebox-1692336328.webp','2023-08-17 23:55:28','2023-10-13 02:46:42',NULL,'#'),(3,0,'Silver Age',NULL,'Fusce fermentum odio nec arcu. Vestibulum ante ipsum primis in faucibus orci luctus et ultrices posuere cubilia Curae; In ac dui quis mi consectetuer lacinia. Proin sapien ipsum, porta a, auctor quis, euismod ut, mi. Praesent ac massa at ligula laoreet iaculis. Nullam cursus lacinia erat.\r\nVestibulum ante ipsum primis in faucibus orci luctus et ultrices posuere cubilia Curae; Sed aliquam, nisi quis porttitor congue, elit erat euismod orci, ac placerat dolor lectus quis orci. In turpis. Quisque ut nisi. Sed consequat, leo eget bibendum sodales, augue velit cursus nunc, quis gravida magna mi a libero. Phasellus a est.\r\nNam adipiscing. In consectetuer turpis ut velit. Maecenas malesuada. Phasellus a est. Vivamus quis mi.',1,'/uploads/icon/rm-jukebox-1692336354.webp','2023-08-17 23:55:54','2023-10-13 02:47:06',NULL,'#'),(4,0,'Contemporary Consoles',NULL,'Fusce fermentum odio nec arcu. Vestibulum ante ipsum primis in faucibus orci luctus et ultrices posuere cubilia Curae; In ac dui quis mi consectetuer lacinia. Proin sapien ipsum, porta a, auctor quis, euismod ut, mi. Praesent ac massa at ligula laoreet iaculis. Nullam cursus lacinia erat.\r\nVestibulum ante ipsum primis in faucibus orci luctus et ultrices posuere cubilia Curae; Sed aliquam, nisi quis porttitor congue, elit erat euismod orci, ac placerat dolor lectus quis orci. In turpis. Quisque ut nisi. Sed consequat, leo eget bibendum sodales, augue velit cursus nunc, quis gravida magna mi a libero. Phasellus a est.\r\nNam adipiscing. In consectetuer turpis ut velit. Maecenas malesuada. Phasellus a est. Vivamus quis mi.',1,'/uploads/icon/rm-jukebox-1692336367.webp','2023-08-17 23:56:07','2023-10-13 02:48:08',NULL,'#'),(5,0,'Marshall Jukeboxes',NULL,'Fusce fermentum odio nec arcu. Vestibulum ante ipsum primis in faucibus orci luctus et ultrices posuere cubilia Curae; In ac dui quis mi consectetuer lacinia. Proin sapien ipsum, porta a, auctor quis, euismod ut, mi. Praesent ac massa at ligula laoreet iaculis. Nullam cursus lacinia erat.\r\nVestibulum ante ipsum primis in faucibus orci luctus et ultrices posuere cubilia Curae; Sed aliquam, nisi quis porttitor congue, elit erat euismod orci, ac placerat dolor lectus quis orci. In turpis. Quisque ut nisi. Sed consequat, leo eget bibendum sodales, augue velit cursus nunc, quis gravida magna mi a libero. Phasellus a est.\r\nNam adipiscing. In consectetuer turpis ut velit. Maecenas malesuada. Phasellus a est. Vivamus quis mi.',1,'/uploads/icon/rm-jukebox-1692336381.webp','2023-08-17 23:56:21','2023-10-13 02:48:36',NULL,'#'),(6,0,'Claw Machines',NULL,'Lorem Ipsum is simply dummy text of the printing and typesetting industry. Lorem Ipsum has been the industry\'s standard dummy text ever since the 1500s, when an unknown printer took a galley of type and scrambled it to make a type specimen book. It has survived not only five centuries, but also the leap into electronic typesetting, remaining essentially unchanged. It was popularised in the 1960s with the release of Letraset sheets containing Lorem Ipsum passages, and more recently with desktop publishing software like Aldus PageMaker including versions of Lorem Ipsum.',1,'gallery///Claw Machcines copy.webp','2023-08-18 00:10:15','2023-12-19 11:48:59','gallery/child-friendly (1).jpg','#'),(7,0,'Pinball Machines',NULL,'Lorem Ipsum is simply dummy text of the printing and typesetting industry. Lorem Ipsum has been the industry\'s standard dummy text ever since the 1500s, when an unknown printer took a galley of type and scrambled it to make a type specimen book. It has survived not only five centuries, but also the leap into electronic typesetting, remaining essentially unchanged. It was popularised in the 1960s with the release of Letraset sheets containing Lorem Ipsum passages, and more recently with desktop publishing software like Aldus PageMaker including versions of Lorem Ipsum.',1,'gallery/Pinballs cospy.webp','2023-08-18 00:10:55','2023-12-14 08:04:05','gallery/','#'),(8,0,'Upright Retro Arcades',NULL,'Lorem Ipsum is simply dummy text of the printing and typesetting industry. Lorem Ipsum has been the industry\'s standard dummy text ever since the 1500s, when an unknown printer took a galley of type and scrambled it to make a type specimen book. It has survived not only five centuries, but also the leap into electronic typesetting, remaining essentially unchanged. It was popularised in the 1960s with the release of Letraset sheets containing Lorem Ipsum passages, and more recently with desktop publishing software like Aldus PageMaker including versions of Lorem Ipsum.',1,'gallery/Retro Upright Arcades copy.webp','2023-08-18 00:11:08','2023-12-14 08:10:43','gallery/','#'),(9,0,'Bar Top Arcades',NULL,'Lorem Ipsum is simply dummy text of the printing and typesetting industry. Lorem Ipsum has been the industry\'s standard dummy text ever since the 1500s, when an unknown printer took a galley of type and scrambled it to make a type specimen book. It has survived not only five centuries, but also the leap into electronic typesetting, remaining essentially unchanged. It was popularised in the 1960s with the release of Letraset sheets containing Lorem Ipsum passages, and more recently with desktop publishing software like Aldus PageMaker including versions of Lorem Ipsum.',1,'gallery/Retro Bar Top Arcades-1 copy.webp','2023-08-18 00:11:16','2023-12-14 08:11:25','gallery/','#'),(10,0,'Mini Golf Courses',NULL,'Lorem Ipsum is simply dummy text of the printing and typesetting industry. Lorem Ipsum has been the industry\'s standard dummy text ever since the 1500s, when an unknown printer took a galley of type and scrambled it to make a type specimen book. It has survived not only five centuries, but also the leap into electronic typesetting, remaining essentially unchanged. It was popularised in the 1960s with the release of Letraset sheets containing Lorem Ipsum passages, and more recently with desktop publishing software like Aldus PageMaker including versions of Lorem Ipsum.',1,'/uploads/icon/golficon-1692337753.webp','2023-08-18 00:19:13','2023-08-18 00:19:13',NULL,NULL),(11,0,'Fabricated Golf Courses',NULL,'Lorem Ipsum is simply dummy text of the printing and typesetting industry. Lorem Ipsum has been the industry\'s standard dummy text ever since the 1500s, when an unknown printer took a galley of type and scrambled it to make a type specimen book. It has survived not only five centuries, but also the leap into electronic typesetting, remaining essentially unchanged. It was popularised in the 1960s with the release of Letraset sheets containing Lorem Ipsum passages, and more recently with desktop publishing software like Aldus PageMaker including versions of Lorem Ipsum.',1,'/uploads/icon/golficon-1692337765.webp','2023-08-18 00:19:25','2023-08-18 00:19:25',NULL,NULL),(12,0,'Golf Equipment',NULL,'Lorem Ipsum is simply dummy text of the printing and typesetting industry. Lorem Ipsum has been the industry\'s standard dummy text ever since the 1500s, when an unknown printer took a galley of type and scrambled it to make a type specimen book. It has survived not only five centuries, but also the leap into electronic typesetting, remaining essentially unchanged. It was popularised in the 1960s with the release of Letraset sheets containing Lorem Ipsum passages, and more recently with desktop publishing software like Aldus PageMaker including versions of Lorem Ipsum.',1,'/uploads/icon/golficon-1692337777.webp','2023-08-18 00:19:37','2023-08-18 00:19:37',NULL,NULL),(13,0,'Golf Accessories',NULL,'Lorem Ipsum is simply dummy text of the printing and typesetting industry. Lorem Ipsum has been the industry\'s standard dummy text ever since the 1500s, when an unknown printer took a galley of type and scrambled it to make a type specimen book. It has survived not only five centuries, but also the leap into electronic typesetting, remaining essentially unchanged. It was popularised in the 1960s with the release of Letraset sheets containing Lorem Ipsum passages, and more recently with desktop publishing software like Aldus PageMaker including versions of Lorem Ipsum.',1,'/uploads/icon/golficon-1692337786.webp','2023-08-18 00:19:46','2023-08-18 00:19:46',NULL,NULL),(14,0,'Product 1',NULL,'Lorem Ipsum is simply dummy text of the printing and typesetting industry. Lorem Ipsum has been the industry\'s standard dummy text ever since the 1500s, when an unknown printer took a galley of type and scrambled it to make a type specimen book. It has survived not only five centuries, but also the leap into electronic typesetting, remaining essentially unchanged. It was popularised in the 1960s with the release of Letraset sheets containing Lorem Ipsum passages, and more recently with desktop publishing software like Aldus PageMaker including versions of Lorem Ipsum.',1,'/uploads/icon/golficon-1692339606.webp','2023-08-18 00:50:06','2023-08-18 00:50:06',NULL,NULL),(15,0,'Product 2',NULL,'Lorem Ipsum is simply dummy text of the printing and typesetting industry. Lorem Ipsum has been the industry\'s standard dummy text ever since the 1500s, when an unknown printer took a galley of type and scrambled it to make a type specimen book. It has survived not only five centuries, but also the leap into electronic typesetting, remaining essentially unchanged. It was popularised in the 1960s with the release of Letraset sheets containing Lorem Ipsum passages, and more recently with desktop publishing software like Aldus PageMaker including versions of Lorem Ipsum.',1,'/uploads/icon/golficon-1692339613.webp','2023-08-18 00:50:13','2023-08-18 00:50:13',NULL,NULL),(16,0,'Product 3',NULL,'Lorem Ipsum is simply dummy text of the printing and typesetting industry. Lorem Ipsum has been the industry\'s standard dummy text ever since the 1500s, when an unknown printer took a galley of type and scrambled it to make a type specimen book. It has survived not only five centuries, but also the leap into electronic typesetting, remaining essentially unchanged. It was popularised in the 1960s with the release of Letraset sheets containing Lorem Ipsum passages, and more recently with desktop publishing software like Aldus PageMaker including versions of Lorem Ipsum.',1,'/uploads/icon/golficon-1692339620.webp','2023-08-18 00:50:20','2023-08-18 00:50:20',NULL,NULL),(17,0,'Product 4',NULL,'Lorem Ipsum is simply dummy text of the printing and typesetting industry. Lorem Ipsum has been the industry\'s standard dummy text ever since the 1500s, when an unknown printer took a galley of type and scrambled it to make a type specimen book. It has survived not only five centuries, but also the leap into electronic typesetting, remaining essentially unchanged. It was popularised in the 1960s with the release of Letraset sheets containing Lorem Ipsum passages, and more recently with desktop publishing software like Aldus PageMaker including versions of Lorem Ipsum.',1,'/uploads/icon/golficon-1692339628.webp','2023-08-18 00:50:28','2023-08-18 00:50:28',NULL,NULL),(18,0,'Retail',NULL,'...',1,'gallery///Placeholder-1695298354.webp','2023-09-21 06:41:19','2023-12-01 17:15:58','gallery///Placeholder-1695298354.webp','#'),(19,0,'Public Spaces',NULL,'...',1,'/uploads/icon/Placeholder-1695298304.webp','2023-09-21 06:41:45','2023-09-21 06:41:45','/uploads/banner/Placeholder-1695298304.webp','#'),(20,0,'HEALTHCARE',NULL,'...',1,'/uploads/icon/Placeholder-1695298334.webp','2023-09-21 06:42:14','2023-09-21 06:42:14','/uploads/banner/Placeholder-1695298334.webp','#'),(21,0,'INTERIOR DESIGN',NULL,'...',1,'/uploads/icon/Placeholder-1695298354.webp','2023-09-21 06:42:34','2023-09-21 06:42:34','/uploads/banner/Placeholder-1695298354.webp','#'),(22,0,'DAYCARE',NULL,'...',1,'/uploads/icon/Placeholder-1695298371.webp','2023-09-21 06:42:51','2023-09-21 06:42:51','/uploads/banner/Placeholder-1695298371.webp','#'),(23,0,'HOSPITALITY',NULL,'...',1,'/uploads/icon/Placeholder-1695298389.webp','2023-09-21 06:43:09','2023-09-21 06:43:09','/uploads/banner/Placeholder-1695298389.webp','#'),(26,0,'Retail',1,'A superior customer experience begins with delighted children. A dedicated kids\' corner within your retail establishment offers a secure environment for discovery, learning, and play, granting parents the freedom to shop with peace of mind.\r\nModern consumers demand more than just products; they seek exceptional experiences in retail, whether it\'s a fashion boutique, supermarket, or garden center. Price considerations take a back seat to the overall customer journey. Our services enhance your customers\' visits, positioning your retail space as a child-friendly haven while nurturing your future customer base',1,'gallery///////////Retails copy.webp','2023-12-05 08:45:14','2024-01-24 14:34:03','gallery/////////IKC_Retail.jpg','#'),(27,0,'Public areas',2,'We envision a world where every environment is child-friendly, from bank waiting areas and gas stations to hotel lobbies. These spaces provide safety, engagement, and entertainment for children, allowing parents to feel at ease. Our goal is to cultivate a peaceful atmosphere where parents can work, shop, and conduct their business without the disruption of unhappy children',1,'gallery/////Public Areas copy.webp','2023-12-05 08:46:19','2023-12-12 06:29:56','gallery///IKC_PublicSpaces.jpg','#'),(28,0,'Healthcare',3,'Our interactive touchscreen games fit in just about every environment imaginable, whether it’s the foyer of a bank, a coffee shop or outside a changing room. Give your guests and clients the opportunity to try on a dress, get the shopping, discuss their mortgage or just have a quiet moment to enjoy a coffee.\r\n\r\nBy having children test our games and applying their ideas within our software, we are able to offer challenging and educational games where they are transported into a world of their own.',1,'gallery///Health cadre copy.webp','2023-12-05 08:49:31','2023-12-11 09:22:06','gallery/IKC_Healthcare.jpg','#'),(29,0,'Interior design',4,'With kids\' corners worldwide, we\'re experts in design. Our machines are clean, sleek, and modern, yet highly appealing to children. No need to hide kids\' equipment anymore; let it take the spotlight. We manufacture everything, giving you full control from concept to reality. You dream it, we make it a reality—color, shape, branding, you name it',1,'gallery/////Interior Dsadsaesign copy.webp','2023-12-05 08:50:13','2023-12-12 06:30:49','gallery///IKC_InteriorDesign.jpg','#'),(30,0,'Daycare',NULL,'Our interactive touchscreen games fit in just about every environment imaginable, whether it’s the foyer of a bank, a coffee shop or outside a changing room. Give your guests and clients the opportunity to try on a dress, get the shopping, discuss their mortgage or just have a quiet moment to enjoy a coffee.\r\n\r\nBy having children test our games and applying their ideas within our software, we are able to offer challenging and educational games where they are transported into a world of their own.',1,'gallery///Daycazxcre copy.webp','2023-12-05 10:45:40','2023-12-11 10:03:53','gallery/IKC_Daycare.jpg','#'),(31,0,'Hospitality',NULL,'Incorporating a kids\' corner in your hospitality establishment elevates guest satisfaction. Parents can enjoy their time while children play. Families are more likely to return knowing their children are safe and entertained, enhancing overall satisfaction. Play options range from wall games to fully furnished rooms, accommodating spaces as small as 1m2',1,'gallery/////Hospitality copy.webp','2023-12-05 10:46:17','2023-12-12 06:32:03','gallery///IKC_Hospitality.jpg','#'),(32,0,'Leisure',NULL,'Craft unforgettable experiences with IKC products. Ensuring children\'s happiness enhances overall leisure experiences. Our modular play equipment can transform spaces of any size into thriving environments. Children engage, learn, and create lasting memories, often asking their parents to return for more',1,'gallery/////Lesisure coxzcpy.webp','2023-12-05 10:46:54','2023-12-12 06:32:42','gallery///IKC_Leisure.jpg','#'),(33,0,'Play Corners Sizes S To XL',NULL,'Our interactive touchscreen games fit in just about every environment imaginable, whether it’s the foyer of a bank, a coffee shop or outside a changing room. Give your guests and clients the opportunity to try on a dress, get the shopping, discuss their mortgage or just have a quiet moment to enjoy a coffee.\r\n\r\nBy having children test our games and applying their ideas within our software, we are able to offer challenging and educational games where they are transported into a world of their own.',1,'gallery///ROTATING-CLIMBING-WALLS copy.webp','2023-12-05 10:48:26','2023-12-05 10:52:20','gallery/child-friendly.jpg','#'),(34,0,'Software',NULL,'Our interactive touchscreen games fit in just about every environment imaginable, whether it’s the foyer of a bank, a coffee shop or outside a changing room. Give your guests and clients the opportunity to try on a dress, get the shopping, discuss their mortgage or just have a quiet moment to enjoy a coffee.\r\n\r\nBy having children test our games and applying their ideas within our software, we are able to offer challenging and educational games where they are transported into a world of their own',1,'gallery///ROTATING-CLIMBING-WALLS copy.webp','2023-12-05 10:48:59','2023-12-05 10:52:30','gallery/child-friendly.jpg','#'),(35,0,'Play Walls',NULL,'Our interactive touchscreen games fit in just about every environment imaginable, whether it’s the foyer of a bank, a coffee shop or outside a changing room. Give your guests and clients the opportunity to try on a dress, get the shopping, discuss their mortgage or just have a quiet moment to enjoy a coffee.\r\n\r\nBy having children test our games and applying their ideas within our software, we are able to offer challenging and educational games where they are transported into a world of their own.',0,'gallery///ROTATING-CLIMBING-WALLS copy.webp','2023-12-05 10:49:35','2023-12-05 10:52:35','gallery/child-friendly.jpg','#'),(36,0,'Play Floors',NULL,'Our interactive touchscreen games fit in just about every environment imaginable, whether it’s the foyer of a bank, a coffee shop or outside a changing room. Give your guests and clients the opportunity to try on a dress, get the shopping, discuss their mortgage or just have a quiet moment to enjoy a coffee.\r\n\r\nBy having children test our games and applying their ideas within our software, we are able to offer challenging and educational games where they are transported into a world of their own.',0,'gallery/ROTATING-CLIMBING-WALLS copy.webp','2023-12-05 10:49:55','2023-12-05 10:49:55','gallery/43.webp','#'),(37,0,'Interactive Wall',NULL,'Our interactive touchscreen games fit in just about every environment imaginable, whether it’s the foyer of a bank, a coffee shop or outside a changing room. Give your guests and clients the opportunity to try on a dress, get the shopping, discuss their mortgage or just have a quiet moment to enjoy a coffee.\r\n\r\nBy having children test our games and applying their ideas within our software, we are able to offer challenging and educational games where they are transported into a world of their own.',0,'gallery/ROTATING-CLIMBING-WALLS copy.webp','2023-12-05 10:50:31','2023-12-05 10:50:31','gallery/43.webp','#');

--
-- Table structure for table `pages`
--

CREATE TABLE `pages` (
  `id` int unsigned NOT NULL AUTO_INCREMENT,
  `slug` varchar(255) CHARACTER SET utf8mb4 COLLATE utf8mb4_unicode_ci NOT NULL,
  `title` varchar(255) CHARACTER SET utf8mb4 COLLATE utf8mb4_unicode_ci NOT NULL,
  `banner_img` longtext CHARACTER SET utf8mb4 COLLATE utf8mb4_unicode_ci,
  `content` longtext CHARACTER SET utf8mb4 COLLATE utf8mb4_unicode_ci,
  `meta_title` varchar(255) CHARACTER SET utf8mb4 COLLATE utf8mb4_unicode_ci DEFAULT NULL,
  `meta_description` varchar(255) CHARACTER SET utf8mb4 COLLATE utf8mb4_unicode_ci DEFAULT NULL,
  `meta_keywords` varchar(255) CHARACTER SET utf8mb4 COLLATE utf8mb4_unicode_ci DEFAULT NULL,
  `status` int NOT NULL DEFAULT '0' COMMENT '1 = Active, 0 = Inactive',
  `created_at` timestamp NULL DEFAULT NULL,
  `updated_at` timestamp NULL DEFAULT NULL,
  `tile_title` varchar(255) CHARACTER SET utf8mb4 COLLATE utf8mb4_unicode_ci DEFAULT NULL,
  `gallery_title` varchar(255) CHARACTER SET utf8mb4 COLLATE utf8mb4_unicode_ci DEFAULT NULL,
  `page_content` longtext CHARACTER SET utf8mb4 COLLATE utf8mb4_unicode_ci,
  `is_video_banner` int NOT NULL DEFAULT '0' COMMENT '0 = false, 1 = true',
  `video_banner_path` longtext CHARACTER SET utf8mb4 COLLATE utf8mb4_unicode_ci,
  `banner_link` longtext CHARACTER SET utf8mb4 COLLATE utf8mb4_unicode_ci,
  `banner_video_link` longtext CHARACTER SET utf8mb4 COLLATE utf8mb4_unicode_ci,
  `deleted_at` timestamp NULL DEFAULT NULL,
  PRIMARY KEY (`id`),
  UNIQUE KEY `pages_title_unique` (`title`)
) ENGINE=InnoDB AUTO_INCREMENT=67 DEFAULT CHARSET=utf8mb4 COLLATE=utf8mb4_unicode_ci;

--
-- Dumping data for table `pages`
--

INSERT INTO `pages` VALUES (3,'the-jukebox-gallery','The Jukebox Gallery','gallery////////////////////////////////////////////////////////////////uploads/banner/Defaultbanner-1692359448.webp','Love Music, Love Life','The Jukebox Gallery','Jukebox Gallery','Jukebox Gallery',1,'2023-08-17 23:42:27','2024-01-30 16:43:17',NULL,NULL,NULL,1,'/uploads/banner/BUGATTI-1693230134.mp4','/#','https://www.youtube.com/embed/fzRqrOcQKCo',NULL),(4,'lets-play','Let\'s Play!','gallery//uploads/banner/Defaultbanner-1692336641.webp','test','Let\'s Play!','Let\'s Play!','Let\'s Play!',0,'2023-08-18 00:00:41','2024-01-23 10:06:11',NULL,NULL,NULL,1,NULL,'#','https://player.vimeo.com/video/858894632?background=1&autoplay=1&loop=1&byline=0&title=0&muted=1',NULL),(5,'mini-golf','Mini Golf','gallery///////////////////defaultbanner.jpg','A Bespoke Design Tailored For You','Mini Golf','Mini Golf','Mini Golf',1,'2023-08-18 00:13:32','2024-01-24 14:46:04',NULL,NULL,'GET A CUSTOM DESIGN',0,'/uploads/banner/BUGATTI-1693290431.mp4','/#','https://player.vimeo.com/video/858894632?background=1&autoplay=1&loop=1&byline=0&title=0&muted=1',NULL),(6,'your-vision-brought-to-life','Lifestyle','gallery//////////////////////uploads/banner/Defaultbanner-1692339204.webp','Your Vision Brought to Life','Your Vision Brought to Life','Your Vision Brought to Life','Your Vision Brought to Life',1,'2023-08-18 00:43:24','2024-01-19 17:28:57',NULL,NULL,NULL,1,'/uploads/banner/Ella_firstfemaleplayer-1698216648.mp4','#',NULL,NULL),(8,'sports-simulator','Sports Simulator','gallery////////////////////////////////////////////////////////////////////////////////////////////////////////uploads/banner/Defaultbanner-1692343055.webp','AN EVOLUTION IN FAMILY ENTERTAINMENT','Sports Simulator','Sports Simulator','Sports Simulator',1,'2023-08-18 01:47:35','2023-12-18 12:41:56',NULL,NULL,'EXPLORE OUR COLLECTION',1,'/uploads/banner/BUGATTI-1693227089.mp4','#','https://www.youtube.com/embed/5osZt_EMwNI',NULL),(9,'about-us','About Us','gallery///////////////IKC_Hospitality.jpg',NULL,'About Us','About Us','About Us',1,'2023-08-21 02:23:10','2024-01-04 16:30:16',NULL,NULL,NULL,0,NULL,NULL,NULL,NULL),(10,'event-rental','Event Rental','gallery/////EventRentalBanner.jpg','Test subtitle','Event Rental','Event Rental','Event Rental',1,'2023-08-21 02:42:38','2023-12-12 09:52:48',NULL,NULL,NULL,0,NULL,'/event-rentals','https://player.vimeo.com/video/858894632?background=1&autoplay=1&loop=1&byline=0&title=0&muted=1',NULL),(14,'gemm-arcade','GEMM ARCADE','gallery/arcade-bannerimage_34227534-00cd-4f2d-ae04-bfe8f155be8b.png','Beyond Entertainment','GEMM ARCADE','GEMM ARCADE','GEMM ARCADE',1,'2023-08-28 23:57:51','2024-01-15 20:58:34',NULL,NULL,NULL,0,'/uploads/banner/BUGATTI-1693286871.mp4','/#',NULL,NULL),(15,'jukebox-silver-age','SILVER AGE','gallery/','Silver Age','Silver Age','Silver Age','Silver Age',0,'2023-08-29 23:53:56','2024-01-19 17:47:06',NULL,NULL,NULL,1,NULL,'#','https://player.vimeo.com/video/858894632?background=1&autoplay=1&loop=1&byline=0&title=0&muted=1',NULL),(16,'jukebox-golden-age','GOLDEN AGE','gallery/','GOLDEN AGE','GOLDEN AGE','GOLDEN AGE','GOLDEN AGE',0,'2023-08-30 00:05:10','2024-01-19 17:48:18',NULL,NULL,NULL,1,NULL,'#','https://player.vimeo.com/video/858894632',NULL),(17,'jukebox-marshall-jukeboxes','MARSHALL JUKEBOXES','gallery/','MARSHALL JUKEBOXES','MARSHALL JUKEBOXES','MARSHALL JUKEBOXES','MARSHALL JUKEBOXES',0,'2023-08-30 00:07:24','2024-01-19 17:49:24',NULL,NULL,NULL,1,NULL,'#','https://player.vimeo.com/video/858894632',NULL),(18,'jukebox-contemporary-consoles','CONTEMPORARY CONSOLES','gallery/','CONTEMPORARY CONSOLES','CONTEMPORARY CONSOLES','CONTEMPORARY CONSOLES','CONTEMPORARY CONSOLES',0,'2023-08-30 00:10:44','2024-01-19 17:50:06',NULL,NULL,NULL,1,NULL,'#','https://player.vimeo.com/video/858894632?background=1&autoplay=1&loop=1&byline=0&title=0&muted=1',NULL),(19,'jukebox-slimline-collection','SLIMLINE COLLECTION','gallery/','SLIMLINE COLLECTION','SLIMLINE COLLECTION','SLIMLINE COLLECTION','SLIMLINE COLLECTION',0,'2023-08-30 00:14:12','2024-01-19 17:50:48',NULL,NULL,NULL,1,NULL,'#','https://player.vimeo.com/video/858894632?background=1&autoplay=1&loop=1&byline=0&title=0&muted=1',NULL),(20,'arcades-claw-machines','CLAW MACHINES','gallery/','CLAW MACHINES','CLAW MACHINES','CLAW MACHINES','CLAW MACHINES',0,'2023-08-30 00:40:40','2024-01-19 17:52:11',NULL,NULL,NULL,1,NULL,'#','https://player.vimeo.com/video/858894632?background=1&autoplay=1&loop=1&byline=0&title=0&muted=1',NULL),(21,'arcades-pinball','PINBALL','gallery/','PINBALL','PINBALL','PINBALL','PINBALL',0,'2023-08-30 00:42:43','2024-01-19 17:52:39',NULL,NULL,NULL,1,NULL,'#','https://player.vimeo.com/video/858894632?background=1&autoplay=1&loop=1&byline=0&title=0&muted=1',NULL),(22,'arcades-upright-retro-arcades','UPRIGHT RETRO ARCADES','gallery/','UPRIGHT RETRO ARCADES','UPRIGHT RETRO ARCADES','UPRIGHT RETRO ARCADES','UPRIGHT RETRO ARCADES',0,'2023-08-30 00:44:36','2024-01-19 17:53:06',NULL,NULL,NULL,1,NULL,'#','https://player.vimeo.com/video/858894632?background=1&autoplay=1&loop=1&byline=0&title=0&muted=1',NULL),(23,'arcade-bar-top-arcades','BAR TOP ARCADES','gallery/','BAR TOP ARCADES','BAR TOP ARCADES','BAR TOP ARCADES','BAR TOP ARCADES',0,'2023-08-30 00:54:29','2024-01-19 17:53:32',NULL,NULL,NULL,1,NULL,'#','https://player.vimeo.com/video/858894632?background=1&autoplay=1&loop=1&byline=0&title=0&muted=1',NULL),(24,'arcade-cocktail-arcades','COCKTAIL ARCADES','gallery/','COCKTAIL ARCADES','COCKTAIL ARCADES','COCKTAIL ARCADES','COCKTAIL ARCADES',0,'2023-08-30 00:56:30','2024-01-19 17:54:03',NULL,NULL,NULL,1,NULL,'#','https://player.vimeo.com/video/858894632?background=1&autoplay=1&loop=1&byline=0&title=0&muted=1',NULL),(25,'arcade-gaming-consoles','GAMING CONSOLES','gallery/','GAMING CONSOLES','GAMING CONSOLES','GAMING CONSOLES','GAMING CONSOLES',0,'2023-08-30 00:58:17','2024-01-19 17:54:29',NULL,NULL,NULL,1,NULL,'#','https://player.vimeo.com/video/858894632?background=1&autoplay=1&loop=1&byline=0&title=0&muted=1',NULL),(26,'arcade-boxing-machines','BOXING MACHINES','gallery/','BOXING MACHINES','BOXING MACHINES','BOXING MACHINES','BOXING MACHINES',0,'2023-08-30 00:59:45','2024-01-19 17:55:13',NULL,NULL,NULL,1,NULL,'#','https://player.vimeo.com/video/858894632?background=1&autoplay=1&loop=1&byline=0&title=0&muted=1',NULL),(27,'arcade-air-hockey','AIR HOCKEY','gallery/','AIR HOCKEY','AIR HOCKEY','AIR HOCKEY','AIR HOCKEY',0,'2023-08-30 01:01:13','2024-01-19 17:55:37',NULL,NULL,NULL,1,NULL,'#','https://player.vimeo.com/video/858894632?background=1&autoplay=1&loop=1&byline=0&title=0&muted=1',NULL),(28,'arcades-beer-pong','BEER PONG','gallery/','BEER PONG','BEER PONG','BEER PONG','BEER PONG',0,'2023-08-30 01:03:25','2024-01-19 17:56:04',NULL,NULL,NULL,1,NULL,'#','https://player.vimeo.com/video/858894632?background=1&autoplay=1&loop=1&byline=0&title=0&muted=1',NULL),(29,'ss-golf-simulator','GOLF SIMULATOR',NULL,'AN EVOLUTION IN FAMILY ENTERTAINMENT','GOLF SIMULATOR','GOLF SIMULATOR','GOLF SIMULATOR',1,'2023-08-30 01:35:22','2023-08-30 01:35:22',NULL,NULL,NULL,1,NULL,'#','https://player.vimeo.com/video/858894632?background=1&autoplay=1&loop=1&byline=0&title=0&muted=1',NULL),(32,'range','Range','gallery///RangeBanner.webp',NULL,'Range','Range Page','Range',1,'2023-09-21 05:43:10','2024-02-27 09:43:51',NULL,NULL,NULL,0,NULL,NULL,NULL,NULL),(33,'competitive-socializing','Competitive Socializing','/uploads/banner/CompSoc_Banner_2-1699612844.webp',NULL,'Competitive Socializing','Competitive Socializing','Competitive Socializing',1,'2023-09-21 06:07:59','2023-11-10 10:40:45',NULL,NULL,NULL,0,NULL,NULL,NULL,NULL),(51,'kids-zone','Kids zone','gallery/Defaultbanner copy.webp',NULL,NULL,NULL,NULL,1,'2023-11-08 00:45:15','2024-01-24 15:05:19',NULL,NULL,NULL,0,NULL,NULL,NULL,NULL),(55,'rotating-climbing-wall','Climbing Wall','gallery//////////////////////////uploads/banner/Defaultbanner-1692348998.webp','Vertical Limit','Rotating Climbing Wall','Rotating Climbing Wall','Rotating Climbing Wall',1,'2023-11-13 13:08:52','2023-12-19 09:00:33',NULL,NULL,'EXPLORE OUR COLLECTION',1,'/uploads/banner/XClimbPro-1698297663.mp4','/#',NULL,NULL),(57,'test-page','Test Page','gallery/',NULL,NULL,NULL,NULL,1,'2023-11-15 15:07:25','2023-12-28 10:33:16',NULL,NULL,NULL,0,NULL,NULL,NULL,NULL),(61,'test-page-1','Test Page 1','gallery/////////////////',NULL,NULL,NULL,NULL,1,'2023-12-01 15:59:38','2023-12-01 18:27:02',NULL,NULL,NULL,0,NULL,NULL,NULL,NULL),(62,'climbing-wall2','Climbing Wall2','gallery/////','Vertical Limit','Rotating Climbing Wall','Rotating Climbing Wall','Rotating Climbing Wall',1,'2023-12-18 10:47:02','2023-12-18 10:50:13',NULL,NULL,NULL,1,NULL,'#','https://www.youtube.com/embed/72bkDYedjfU',NULL),(63,'coming-soon','Coming Soon','gallery/360-f-207647730-bwqfgdbaz9mwtndhjnpy437ieuf5kpqm-1_c11361c3-4202-4553-b275-2f786fc557f9.jpg',NULL,NULL,NULL,NULL,1,'2024-01-24 16:45:30','2024-01-24 17:21:22',NULL,NULL,NULL,0,NULL,NULL,NULL,NULL),(64,'test001','test001','gallery/',NULL,NULL,NULL,NULL,1,'2024-02-19 14:28:17','2024-03-06 16:46:14',NULL,NULL,NULL,1,NULL,NULL,'https://www.youtube.com/embed/lTxn2BuqyzU?si=JxF8ff0USDK1orF-','2024-03-06 16:46:14'),(65,'hjughgjh','hjughgjh','gallery/',NULL,NULL,NULL,NULL,0,'2024-02-21 16:49:05','2024-03-06 16:46:26',NULL,NULL,NULL,0,NULL,NULL,NULL,'2024-03-06 16:46:26'),(66,'hjghjyghjghg','hjghjyghjghg','gallery///////////',NULL,NULL,NULL,NULL,1,'2024-02-21 16:55:48','2024-03-06 16:46:43',NULL,NULL,NULL,1,NULL,NULL,'https://www.youtube.com/embed/aqz-KE-bpKQ?si=HgkzsgOCP7j0EhSg','2024-03-06 16:46:43');

--
-- Table structure for table `permissions`
--

CREATE TABLE `permissions` (
  `id` bigint unsigned NOT NULL AUTO_INCREMENT,
  `name` varchar(125) CHARACTER SET utf8mb4 COLLATE utf8mb4_unicode_ci NOT NULL,
  `guard_name` varchar(125) CHARACTER SET utf8mb4 COLLATE utf8mb4_unicode_ci NOT NULL,
  `created_at` timestamp NULL DEFAULT NULL,
  `updated_at` timestamp NULL DEFAULT NULL,
  PRIMARY KEY (`id`),
  UNIQUE KEY `permissions_name_guard_name_unique` (`name`,`guard_name`)
) ENGINE=InnoDB AUTO_INCREMENT=21 DEFAULT CHARSET=utf8mb4 COLLATE=utf8mb4_unicode_ci;

--
-- Dumping data for table `permissions`
--

INSERT INTO `permissions` VALUES (1,'View Roles','web','2023-05-17 01:41:43','2023-05-17 01:41:43'),(2,'Create Roles','web','2023-05-17 01:41:43','2023-05-17 01:41:43'),(3,'Edit Roles','web','2023-05-17 01:41:43','2023-05-17 01:41:43'),(4,'Delete Roles','web','2023-05-17 01:41:43','2023-05-17 01:41:43'),(5,'View Users','web','2023-05-17 01:41:43','2023-05-17 01:41:43'),(6,'Create Users','web','2023-05-17 01:41:43','2023-05-17 01:41:43'),(7,'Edit Users','web','2023-05-17 01:41:43','2023-05-17 01:41:43'),(8,'Delete Users','web','2023-05-17 01:41:43','2023-05-17 01:41:43'),(9,'View Settings','web','2023-05-17 01:41:43','2023-05-17 01:41:43'),(10,'Create Settings','web','2023-05-17 01:41:43','2023-05-17 01:41:43'),(11,'Edit Settings','web','2023-05-17 01:41:43','2023-05-17 01:41:43'),(12,'Delete Settings','web','2023-05-17 01:41:43','2023-05-17 01:41:43'),(13,'View Blogs','web','2023-05-17 01:41:43','2023-05-17 01:41:43'),(14,'Create Blogs','web','2023-05-17 01:41:43','2023-05-17 01:41:43'),(15,'Edit Blogs','web','2023-05-17 01:41:43','2023-05-17 01:41:43'),(16,'Delete Blogs','web','2023-05-17 01:41:43','2023-05-17 01:41:43'),(17,'View Pages','web','2023-05-17 01:41:43','2023-05-17 01:41:43'),(18,'Create Pages','web','2023-05-17 01:41:43','2023-05-17 01:41:43'),(19,'Edit Pages','web','2023-05-17 01:41:43','2023-05-17 01:41:43'),(20,'Delete Pages','web','2023-05-17 01:41:43','2023-05-17 01:41:43');

--
-- Table structure for table `product_categories`
--

CREATE TABLE `product_categories` (
  `id` int unsigned NOT NULL AUTO_INCREMENT,
  `product_type_id` int NOT NULL,
  `name` varchar(255) CHARACTER SET utf8mb4 COLLATE utf8mb4_unicode_ci NOT NULL,
  `img_path` longtext CHARACTER SET utf8mb4 COLLATE utf8mb4_unicode_ci NOT NULL,
  `created_at` timestamp NULL DEFAULT NULL,
  `updated_at` timestamp NULL DEFAULT NULL,
  PRIMARY KEY (`id`)
) ENGINE=InnoDB AUTO_INCREMENT=60 DEFAULT CHARSET=utf8mb4 COLLATE=utf8mb4_unicode_ci;

--
-- Dumping data for table `product_categories`
--

INSERT INTO `product_categories` VALUES (1,1,'Music Format','/uploads/banner/jukebox-1686211265.jpg','2023-06-08 02:31:05','2023-06-08 02:31:05'),(2,2,'Availability','/uploads/banner/white-chatavatar2-1692609199.webp','2023-08-21 03:43:19','2023-09-19 06:25:06'),(5,1,'Style','/uploads/banner/Placeholder-1694698513.webp','2023-09-14 08:05:13','2023-09-14 08:05:13'),(6,1,'Cabinet Size','/uploads/banner/Placeholder-1694698607.webp','2023-09-14 08:06:47','2023-09-14 08:06:47'),(7,1,'Features','/uploads/banner/Placeholder-1694698624.webp','2023-09-14 08:07:04','2023-09-14 08:07:04'),(8,1,'Avalibility','/uploads/banner/Placeholder-1694699188.webp','2023-09-14 08:16:28','2023-09-14 08:16:28'),(9,1,'Misc','/uploads/banner/Placeholder-1694699238.webp','2023-09-14 08:17:18','2023-09-14 08:17:18'),(10,2,'Arcades','/uploads/banner/Placeholder-1695124562.webp','2023-09-19 06:26:02','2023-09-19 06:26:02'),(11,2,'Cabinet Size','/uploads/banner/Placeholder-1695124743.webp','2023-09-19 06:29:03','2023-09-19 06:29:03'),(12,2,'Extras','/uploads/banner/Placeholder-1695124875.webp','2023-09-19 06:31:15','2023-09-19 06:31:15'),(19,5,'Seats, Cushions, and Tables','/uploads/banner/Placeholder-1695895411.webp','2023-09-28 04:33:31','2023-09-28 04:36:40'),(22,5,'Beanbags','/uploads/banner/Placeholder-1695897458.webp','2023-09-28 05:07:38','2023-09-28 05:07:38'),(23,5,'Bean Beds','/uploads/banner/Placeholder-1695897495.webp','2023-09-28 05:08:16','2023-09-28 05:11:39'),(25,5,'Lighting','/uploads/banner/Placeholder-1695897533.webp','2023-09-28 05:08:53','2023-09-28 05:29:05'),(26,5,'Accessories','/uploads/banner/Placeholder-1695898765.webp','2023-09-28 05:29:25','2023-09-28 05:29:25'),(27,5,'Outdoor','/uploads/banner/Placeholder-1695898971.webp','2023-09-28 05:32:51','2023-09-28 05:32:51'),(38,7,'Adventure Golf','-','2023-12-13 06:40:30','2023-12-13 06:40:30'),(39,7,'Mini Golf','-','2023-12-13 06:40:42','2023-12-13 06:40:42'),(40,7,'Complete Golf Course Packages','-','2023-12-13 06:41:07','2023-12-13 06:41:07'),(41,7,'Golf Equipment','-','2023-12-13 06:41:20','2023-12-13 06:41:20'),(42,7,'Garden Games','-','2023-12-13 06:41:39','2023-12-13 06:41:39'),(43,7,'Accessories','-','2023-12-13 06:41:50','2023-12-13 06:41:50'),(44,5,'Tabletop Games','-','2023-12-13 09:12:34','2023-12-13 09:12:34'),(49,3,'Simulator Type','-','2023-12-13 10:55:33','2023-12-13 10:55:33'),(50,4,'Climbing Wall Models','-','2023-12-13 10:57:42','2023-12-13 10:57:42'),(52,13,'Bean Bag Chairs','-','2024-03-07 16:39:31','2024-03-07 16:39:31'),(53,13,'Bean Bag Loungers','-','2024-03-07 16:40:02','2024-03-07 16:40:02'),(54,13,'Bean Bag Ottomans','-','2024-03-07 16:40:21','2024-03-07 16:40:21'),(55,14,'Bean Bag Chairs.','-','2024-03-07 17:20:46','2024-03-07 17:20:46'),(56,17,'Arcade Cabinets','-','2024-03-11 11:47:29','2024-03-11 11:47:29'),(57,17,'Virtual Reality (VR) Games','-','2024-03-11 11:47:41','2024-03-11 11:47:41'),(58,17,'Redemption Games','-','2024-03-11 11:47:49','2024-03-11 11:47:49'),(59,17,'Classic Arcade Games','-','2024-03-11 11:47:57','2024-03-11 11:47:57');

--
-- Table structure for table `product_sectors`
--

CREATE TABLE `product_sectors` (
  `id` int unsigned NOT NULL AUTO_INCREMENT,
  `name` varchar(255) CHARACTER SET utf8mb4 COLLATE utf8mb4_unicode_ci NOT NULL,
  `status` int NOT NULL DEFAULT '0' COMMENT '0 = Inactive, 1 = Active',
  `order` int DEFAULT NULL,
  `created_at` timestamp NULL DEFAULT NULL,
  `updated_at` timestamp NULL DEFAULT NULL,
  PRIMARY KEY (`id`)
) ENGINE=InnoDB AUTO_INCREMENT=7 DEFAULT CHARSET=utf8mb4 COLLATE=utf8mb4_unicode_ci;

--
-- Dumping data for table `product_sectors`
--

INSERT INTO `product_sectors` VALUES (1,'Range',1,NULL,'2023-10-04 00:00:07','2023-10-04 00:00:07'),(2,'Competitive Socializing',1,NULL,'2023-10-04 00:00:27','2023-10-04 00:00:27'),(3,'Kids Zone',1,NULL,'2023-10-04 00:00:39','2023-10-04 00:00:39'),(5,'Furniture',1,NULL,'2023-11-07 07:59:17','2024-03-07 16:38:40'),(6,'Entertainment',1,NULL,'2024-03-11 11:47:03','2024-03-11 11:47:03');

--
-- Table structure for table `product_sub_categories`
--

CREATE TABLE `product_sub_categories` (
  `id` int unsigned NOT NULL AUTO_INCREMENT,
  `product_category_id` int NOT NULL,
  `name` varchar(255) CHARACTER SET utf8mb4 COLLATE utf8mb4_unicode_ci NOT NULL,
  `priority` int DEFAULT NULL,
  `created_at` timestamp NULL DEFAULT NULL,
  `updated_at` timestamp NULL DEFAULT NULL,
  PRIMARY KEY (`id`)
) ENGINE=InnoDB AUTO_INCREMENT=169 DEFAULT CHARSET=utf8mb4 COLLATE=utf8mb4_unicode_ci;

--
-- Dumping data for table `product_sub_categories`
--

INSERT INTO `product_sub_categories` VALUES (1,1,'CD',NULL,'2023-06-08 02:32:03','2023-06-08 02:32:03'),(2,1,'Digital',NULL,'2023-06-08 02:32:07','2023-06-08 02:32:07'),(3,1,'Vinyl',NULL,'2023-06-08 02:32:12','2023-06-08 02:32:12'),(4,2,'In Stock',NULL,'2023-08-21 03:44:01','2023-09-19 06:24:17'),(5,2,'Built to Order',NULL,'2023-08-21 03:44:13','2023-09-19 06:24:36'),(6,5,'Golden Age - 40\'s Dome Top',NULL,'2023-09-19 06:13:25','2023-09-19 06:13:25'),(7,5,'Silver Age - 50\'s Flat Top',NULL,'2023-09-19 06:13:43','2023-09-19 06:13:43'),(8,5,'Wall Mounted',NULL,'2023-09-19 06:13:56','2023-09-19 06:13:56'),(9,5,'Contemporary Consoles',NULL,'2023-09-19 06:14:14','2023-09-19 06:14:14'),(10,5,'Marshall Jukeboxes',NULL,'2023-09-19 06:14:40','2023-09-19 06:14:40'),(11,6,'Standard',NULL,'2023-09-19 06:15:03','2023-09-19 06:15:03'),(12,6,'Slim Line',NULL,'2023-09-19 06:15:20','2023-09-19 06:15:20'),(13,7,'Bluetooth',NULL,'2023-09-19 06:16:10','2023-09-19 06:16:10'),(14,7,'Bubble Tubes',NULL,'2023-09-19 06:16:31','2023-09-19 06:16:31'),(15,7,'Customisable',NULL,'2023-09-19 06:17:07','2023-09-19 06:17:07'),(16,7,'Diamond Pack LED Lighting',NULL,'2023-09-19 06:17:24','2023-09-19 06:17:24'),(17,7,'Ext. Speaker Connection',NULL,'2023-09-19 06:17:41','2023-09-19 06:17:41'),(18,7,'Coin Mechanism',NULL,'2023-09-19 06:17:53','2023-09-19 06:17:53'),(19,7,'Limited Edition',NULL,'2023-09-19 06:18:09','2023-09-19 06:18:09'),(20,7,'Microphone Input',NULL,'2023-09-19 06:18:23','2023-09-19 06:18:23'),(21,8,'In Stock',NULL,'2023-09-19 06:18:50','2023-09-19 06:18:50'),(22,8,'Built to Order',NULL,'2023-09-19 06:19:09','2023-09-19 06:19:09'),(23,8,'Pre-Loved',NULL,'2023-09-19 06:19:23','2023-09-19 06:19:23'),(24,8,'Rentable',NULL,'2023-09-19 06:19:34','2023-09-19 06:19:34'),(25,9,'Accessories',NULL,'2023-09-19 06:20:16','2023-09-19 06:20:16'),(26,9,'Spare Parts',NULL,'2023-09-19 06:20:27','2023-09-19 06:20:27'),(27,2,'Pre-Loved',NULL,'2023-09-19 06:24:52','2023-09-19 06:24:52'),(28,10,'Claw Machines',NULL,'2023-09-19 06:26:24','2023-09-19 06:26:24'),(29,10,'Pinball',NULL,'2023-09-19 06:26:32','2023-09-19 06:26:32'),(30,10,'Upright Retro Arcades',NULL,'2023-09-19 06:26:43','2023-09-19 06:26:43'),(31,10,'Bar Top Arcades',NULL,'2023-09-19 06:26:55','2023-09-19 06:26:55'),(32,10,'Cocktail Arcades',NULL,'2023-09-19 06:27:10','2023-09-19 06:27:10'),(33,10,'Gaming Consoles',NULL,'2023-09-19 06:27:29','2023-09-19 06:27:29'),(34,10,'Boxing Machines',NULL,'2023-09-19 06:27:40','2023-09-19 06:27:40'),(35,10,'Air Hockey',NULL,'2023-09-19 06:27:51','2023-09-19 06:27:51'),(36,10,'Beer Pong',NULL,'2023-09-19 06:28:02','2023-09-19 06:28:02'),(37,11,'Upright Retro Arcade Classic Body',NULL,'2023-09-19 06:29:54','2023-09-19 06:29:54'),(38,11,'Upright Retro Arcade Original Body',NULL,'2023-09-19 06:30:06','2023-09-19 06:30:06'),(39,11,'Cocktail Table Arcades 2-Sided Original',NULL,'2023-09-19 06:30:24','2023-09-19 06:30:24'),(40,11,'Cocktail Table Arcades 2-Sided Retro',NULL,'2023-09-19 06:30:34','2023-09-19 06:30:34'),(41,11,'Cocktail Table Arcades 3-Sided Retro',NULL,'2023-09-19 06:30:42','2023-09-19 06:30:42'),(42,12,'Spare Parts',NULL,'2023-09-19 06:31:38','2023-09-19 06:31:38'),(43,12,'Accessories',NULL,'2023-09-19 06:31:49','2023-09-19 06:31:49'),(44,12,'Upgrades',NULL,'2023-09-19 06:32:00','2023-09-19 06:32:00'),(45,12,'Custom Shop',NULL,'2023-09-19 06:32:11','2023-09-19 06:32:11'),(46,22,'Indoor Bean Bags',NULL,'2023-09-28 05:09:23','2023-09-28 05:09:23'),(47,22,'Fur Bean Bags',NULL,'2023-09-28 05:09:37','2023-09-28 05:09:37'),(48,22,'Luxury Bean Bags',NULL,'2023-09-28 05:09:48','2023-09-28 05:09:48'),(49,22,'Outdoor Bean Bags',NULL,'2023-09-28 05:10:05','2023-09-28 05:10:05'),(52,22,'Suede Bean Bags',NULL,'2023-09-28 05:10:39','2023-09-28 05:10:39'),(53,22,'Teddy Bean Bags',NULL,'2023-09-28 05:10:49','2023-09-28 05:10:49'),(54,23,'Outdoor Bean Beds',NULL,'2023-09-28 05:11:51','2023-09-28 05:11:51'),(55,23,'Pastel Bean Beds',NULL,'2023-09-28 05:12:05','2023-09-28 05:12:05'),(72,19,'Luxury Cushions',0,'2023-09-28 05:18:28','2023-12-13 10:40:26'),(76,20,'B - Hammock',NULL,'2023-09-28 05:30:31','2023-09-28 05:30:31'),(77,20,'B - Hammock Cushion',NULL,'2023-09-28 05:30:56','2023-09-28 05:30:56'),(78,20,'B - Hammock Frame',NULL,'2023-09-28 05:31:08','2023-09-28 05:31:08'),(79,20,'B - Hammock Sling',NULL,'2023-09-28 05:31:19','2023-09-28 05:31:19'),(80,20,'B - Hammock Cover',NULL,'2023-09-28 05:33:15','2023-09-28 05:33:15'),(81,25,'B - Bulb',NULL,'2023-09-28 05:33:51','2023-09-28 05:33:51'),(82,25,'B - Bulb +',NULL,'2023-09-28 05:34:01','2023-09-28 05:34:01'),(83,25,'B - Bulb Connect',NULL,'2023-09-28 05:34:18','2023-09-28 05:34:18'),(84,26,'B - Bag',0,'2023-09-28 05:35:04','2023-12-13 10:35:15'),(92,3,'Sport Simulator',NULL,'2023-12-12 11:09:13','2023-12-12 11:09:13'),(93,3,'Golf Simulator',NULL,'2023-12-12 11:09:26','2023-12-12 11:09:26'),(94,3,'Racing Simulator',NULL,'2023-12-12 11:09:35','2023-12-12 11:09:35'),(95,3,'Shooting Simulator',NULL,'2023-12-12 11:09:41','2023-12-12 11:09:41'),(96,27,'Foosball Tables',0,'2023-12-13 05:42:13','2023-12-13 10:42:51'),(97,27,'Ping Pong Tables',1,'2023-12-13 05:42:33','2023-12-13 10:44:05'),(98,27,'Pool Tables',2,'2023-12-13 05:42:44','2023-12-13 10:44:12'),(99,27,'Shuffleboard',3,'2023-12-13 05:43:08','2023-12-13 10:44:17'),(100,27,'Seats, Cushions, and Tables',4,'2023-12-13 05:43:56','2023-12-13 10:44:26'),(102,27,'Beanbags',5,'2023-12-13 05:44:21','2023-12-13 10:44:33'),(103,27,'Bean Beds',6,'2023-12-13 05:45:09','2023-12-13 10:44:38'),(104,34,'Multi Sport Simulator',NULL,'2023-12-13 05:52:14','2023-12-13 05:52:14'),(105,34,'Golf Simulator',NULL,'2023-12-13 05:52:30','2023-12-13 05:52:30'),(106,34,'Shooting Simulator',NULL,'2023-12-13 05:52:56','2023-12-13 05:52:56'),(107,34,'Racing Simulator',NULL,'2023-12-13 05:53:07','2023-12-13 05:53:07'),(108,35,'Multi Sport Simulator',NULL,'2023-12-13 05:57:47','2023-12-13 05:57:47'),(109,35,'Golf Simulator',NULL,'2023-12-13 05:57:55','2023-12-13 05:57:55'),(110,35,'Shooting Simulator',NULL,'2023-12-13 05:58:38','2023-12-13 05:58:38'),(111,35,'Racing Simulator',NULL,'2023-12-13 06:05:13','2023-12-13 06:05:13'),(113,39,'Mini Golf Courses',NULL,'2023-12-13 06:43:13','2023-12-13 06:43:13'),(114,39,'Crazy Golf Courses',NULL,'2023-12-13 06:43:25','2023-12-13 06:43:25'),(115,39,'Hobby Golf Courses',NULL,'2023-12-13 07:05:43','2023-12-13 07:05:43'),(116,39,'Mix Golf Courses',NULL,'2023-12-13 07:05:57','2023-12-13 07:05:57'),(117,39,'Kinder Golf Courses',NULL,'2023-12-13 07:06:38','2023-12-13 07:06:38'),(118,39,'Pool Golf',NULL,'2023-12-13 07:06:54','2023-12-13 07:06:54'),(119,39,'Rainbow Golf',NULL,'2023-12-13 07:07:06','2023-12-13 07:07:06'),(120,39,'Basket Golf',NULL,'2023-12-13 07:07:23','2023-12-13 07:07:23'),(121,40,'18 Hole MiniGolf',NULL,'2023-12-13 07:08:29','2023-12-13 07:08:29'),(122,40,'9 Hole MiniGolf',NULL,'2023-12-13 07:08:40','2023-12-13 07:08:40'),(123,40,'6 Hole MiniGolf',NULL,'2023-12-13 07:08:51','2023-12-13 07:08:51'),(124,40,'9 Hole CrazyGolf',NULL,'2023-12-13 07:09:09','2023-12-13 07:09:09'),(125,40,'6 Hole CrazyGolf',NULL,'2023-12-13 07:09:28','2023-12-13 07:09:28'),(127,40,'6 Hole MixGolf',NULL,'2023-12-13 07:10:21','2023-12-13 07:10:21'),(128,40,'6 Hole HobbyGolf',NULL,'2023-12-13 07:10:47','2023-12-13 07:10:47'),(129,40,'3 Hole KinderGolf',NULL,'2023-12-13 07:11:19','2023-12-13 07:11:19'),(130,40,'9 Hole Garden Games',NULL,'2023-12-13 07:11:37','2023-12-13 07:11:37'),(132,44,'Football Tables',NULL,'2023-12-13 09:14:17','2023-12-13 09:14:17'),(133,44,'Ping Pong Tables',NULL,'2023-12-13 09:14:31','2023-12-13 09:14:31'),(134,44,'Pool Tables',NULL,'2023-12-13 09:14:37','2023-12-13 09:14:37'),(135,44,'Shuffleboard',NULL,'2023-12-13 09:14:46','2023-12-13 09:14:46'),(136,19,'Cushions',1,'2023-12-13 10:32:46','2023-12-13 10:40:32'),(137,19,'Seats',2,'2023-12-13 10:32:53','2023-12-13 10:40:39'),(138,19,'Tables',3,'2023-12-13 10:33:00','2023-12-13 10:40:45'),(139,26,'Foosball',2,'2023-12-13 10:34:15','2023-12-13 10:41:26'),(140,26,'Pool Table',1,'2023-12-13 10:34:21','2023-12-13 10:41:20'),(141,26,'Ping Pong',3,'2023-12-13 10:34:38','2023-12-13 10:41:31'),(142,26,'Shuffleboard',4,'2023-12-13 10:39:20','2023-12-13 10:41:35'),(143,49,'Sport Simulator',NULL,'2023-12-13 10:56:08','2023-12-13 10:56:08'),(144,49,'Golf Simulator',NULL,'2023-12-13 10:56:15','2023-12-13 10:56:15'),(145,49,'Racing Simulator',NULL,'2023-12-13 10:56:23','2023-12-13 10:56:23'),(146,49,'Shooting Simulator',NULL,'2023-12-13 10:56:28','2023-12-13 10:56:28'),(147,50,'X-Climb Pro',NULL,'2023-12-13 11:00:23','2023-12-13 11:00:23'),(148,50,'Ladder Station',NULL,'2023-12-13 11:00:31','2023-12-13 11:00:31'),(150,52,'Classic Bean Bag Chairs',NULL,'2024-03-07 16:40:53','2024-03-07 16:40:53'),(151,52,'Gaming Bean Bag Chairs',NULL,'2024-03-07 16:41:08','2024-03-07 16:41:08'),(152,52,'Bean Bag Chairs with Back Support',NULL,'2024-03-07 16:41:17','2024-03-07 16:41:17'),(153,53,'Giant Bean Bag Loungers',NULL,'2024-03-07 16:41:45','2024-03-07 16:41:45'),(154,53,'Outdoor Bean Bag Loungers',NULL,'2024-03-07 16:42:00','2024-03-07 16:42:00'),(155,53,'Convertible Bean Bag Loungers (can transform into beds)',NULL,'2024-03-07 16:42:05','2024-03-07 16:42:05'),(156,54,'Round Bean Bag Ottomans',NULL,'2024-03-07 16:42:48','2024-03-07 16:42:48'),(157,54,'Square Bean Bag Ottomans',NULL,'2024-03-07 16:42:57','2024-03-07 16:42:57'),(158,54,'Bean Bag Ottomans with Storage',NULL,'2024-03-07 16:43:02','2024-03-07 16:43:02'),(159,56,'Racing Simulators',NULL,'2024-03-11 11:48:11','2024-03-11 11:48:11'),(160,56,'Fighting Games',NULL,'2024-03-11 11:48:21','2024-03-11 11:48:21'),(161,56,'Shooting Games',NULL,'2024-03-11 11:48:32','2024-03-11 11:48:32'),(162,56,'Sports Games',NULL,'2024-03-11 11:48:41','2024-03-11 11:48:41'),(163,56,'Music and Dance Games',NULL,'2024-03-11 11:48:48','2024-03-11 11:48:48'),(164,57,'First-Person Shooters (FPS)',NULL,'2024-03-11 11:49:16','2024-03-11 11:49:32'),(165,57,'Adventure Games',NULL,'2024-03-11 11:49:56','2024-03-11 11:49:56'),(166,57,'Puzzle Games',NULL,'2024-03-11 11:50:07','2024-03-11 11:50:07'),(167,57,'Racing Games',NULL,'2024-03-11 11:50:14','2024-03-11 11:50:14'),(168,57,'Horror Games',NULL,'2024-03-11 11:50:21','2024-03-11 11:50:21');

--
-- Table structure for table `product_to_categories`
--

CREATE TABLE `product_to_categories` (
  `id` int unsigned NOT NULL AUTO_INCREMENT,
  `ranges_id` int NOT NULL,
  `product_category_id` int NOT NULL,
  `created_at` timestamp NULL DEFAULT NULL,
  `updated_at` timestamp NULL DEFAULT NULL,
  PRIMARY KEY (`id`)
) ENGINE=InnoDB AUTO_INCREMENT=51 DEFAULT CHARSET=utf8mb4 COLLATE=utf8mb4_unicode_ci;

--
-- Dumping data for table `product_to_categories`
--

INSERT INTO `product_to_categories` VALUES (1,1,1,NULL,NULL),(6,6,2,NULL,NULL),(7,7,4,NULL,NULL),(8,8,5,NULL,NULL),(10,9,5,NULL,NULL),(11,11,5,NULL,NULL),(12,12,6,NULL,NULL),(13,2,5,NULL,NULL),(14,2,7,NULL,NULL),(15,3,6,NULL,NULL),(16,4,10,NULL,NULL),(17,5,10,NULL,NULL),(18,5,11,NULL,NULL),(19,13,1,NULL,NULL),(20,13,5,NULL,NULL),(21,13,6,NULL,NULL),(22,13,7,NULL,NULL),(23,13,8,NULL,NULL),(24,14,1,NULL,NULL),(25,15,1,'2023-12-21 18:03:19','2023-12-21 18:03:19'),(26,15,5,'2023-12-21 18:03:19','2023-12-21 18:03:19'),(27,15,6,'2023-12-21 18:03:19','2023-12-21 18:03:19'),(28,15,7,'2023-12-21 18:03:19','2023-12-21 18:03:19'),(29,15,8,'2023-12-21 18:03:19','2023-12-21 18:03:19'),(30,16,5,NULL,NULL),(31,17,1,'2023-12-28 12:25:11','2023-12-28 12:25:11'),(32,17,5,'2023-12-28 12:25:11','2023-12-28 12:25:11'),(33,17,6,'2023-12-28 12:25:11','2023-12-28 12:25:11'),(34,17,7,'2023-12-28 12:25:11','2023-12-28 12:25:11'),(35,17,8,'2023-12-28 12:25:11','2023-12-28 12:25:11'),(36,1,5,NULL,NULL),(37,1,6,NULL,NULL),(38,1,7,NULL,NULL),(39,1,8,NULL,NULL),(40,18,44,NULL,NULL),(41,19,1,NULL,NULL),(42,19,5,NULL,NULL),(43,19,6,NULL,NULL),(44,19,7,NULL,NULL),(45,19,8,NULL,NULL),(46,20,5,NULL,NULL),(47,20,6,NULL,NULL),(48,20,7,NULL,NULL),(49,20,8,NULL,NULL),(50,21,52,NULL,NULL);

--
-- Table structure for table `product_to_sectors`
--

CREATE TABLE `product_to_sectors` (
  `id` int unsigned NOT NULL AUTO_INCREMENT,
  `ranges_id` int NOT NULL,
  `product_sector_id` int NOT NULL,
  `created_at` timestamp NULL DEFAULT NULL,
  `updated_at` timestamp NULL DEFAULT NULL,
  PRIMARY KEY (`id`)
) ENGINE=InnoDB AUTO_INCREMENT=19 DEFAULT CHARSET=utf8mb4 COLLATE=utf8mb4_unicode_ci;

--
-- Dumping data for table `product_to_sectors`
--

INSERT INTO `product_to_sectors` VALUES (1,1,1,NULL,NULL),(2,8,1,NULL,NULL),(3,9,1,NULL,NULL),(4,11,1,NULL,NULL),(5,12,1,NULL,NULL),(6,2,1,NULL,NULL),(7,3,1,NULL,NULL),(8,4,1,NULL,NULL),(9,5,1,NULL,NULL),(10,13,1,NULL,NULL),(11,14,1,NULL,NULL),(12,15,1,'2023-12-21 18:03:19','2023-12-21 18:03:19'),(13,16,1,NULL,NULL),(14,17,1,'2023-12-28 12:25:11','2023-12-28 12:25:11'),(15,18,1,NULL,NULL),(16,19,1,NULL,NULL),(17,20,1,NULL,NULL),(18,21,5,NULL,NULL);

--
-- Table structure for table `product_to_sub_categories`
--

CREATE TABLE `product_to_sub_categories` (
  `id` int unsigned NOT NULL AUTO_INCREMENT,
  `ranges_id` int NOT NULL,
  `product_sub_category_id` int NOT NULL,
  `created_at` timestamp NULL DEFAULT NULL,
  `updated_at` timestamp NULL DEFAULT NULL,
  PRIMARY KEY (`id`)
) ENGINE=InnoDB AUTO_INCREMENT=61 DEFAULT CHARSET=utf8mb4 COLLATE=utf8mb4_unicode_ci;

--
-- Dumping data for table `product_to_sub_categories`
--

INSERT INTO `product_to_sub_categories` VALUES (1,4,2,NULL,NULL),(3,3,1,NULL,NULL),(4,6,4,NULL,NULL),(5,2,6,NULL,NULL),(6,13,3,NULL,NULL),(7,13,6,NULL,NULL),(8,13,11,NULL,NULL),(9,13,14,NULL,NULL),(10,13,18,NULL,NULL),(11,13,17,NULL,NULL),(12,13,16,NULL,NULL),(13,13,15,NULL,NULL),(14,13,13,NULL,NULL),(15,13,22,NULL,NULL),(17,14,1,NULL,NULL),(18,15,3,'2023-12-21 18:03:19','2023-12-21 18:03:19'),(19,15,6,'2023-12-21 18:03:19','2023-12-21 18:03:19'),(20,15,11,'2023-12-21 18:03:19','2023-12-21 18:03:19'),(21,15,14,'2023-12-21 18:03:19','2023-12-21 18:03:19'),(22,15,18,'2023-12-21 18:03:19','2023-12-21 18:03:19'),(23,15,17,'2023-12-21 18:03:19','2023-12-21 18:03:19'),(24,15,16,'2023-12-21 18:03:19','2023-12-21 18:03:19'),(25,15,15,'2023-12-21 18:03:19','2023-12-21 18:03:19'),(26,15,13,'2023-12-21 18:03:19','2023-12-21 18:03:19'),(27,15,22,'2023-12-21 18:03:19','2023-12-21 18:03:19'),(28,16,7,NULL,NULL),(29,17,3,'2023-12-28 12:25:11','2023-12-28 12:25:11'),(30,17,6,'2023-12-28 12:25:11','2023-12-28 12:25:11'),(31,17,11,'2023-12-28 12:25:11','2023-12-28 12:25:11'),(32,17,14,'2023-12-28 12:25:11','2023-12-28 12:25:11'),(33,17,18,'2023-12-28 12:25:11','2023-12-28 12:25:11'),(34,17,17,'2023-12-28 12:25:11','2023-12-28 12:25:11'),(35,17,16,'2023-12-28 12:25:11','2023-12-28 12:25:11'),(36,17,15,'2023-12-28 12:25:11','2023-12-28 12:25:11'),(37,17,13,'2023-12-28 12:25:11','2023-12-28 12:25:11'),(38,17,22,'2023-12-28 12:25:11','2023-12-28 12:25:11'),(39,1,3,NULL,NULL),(40,1,6,NULL,NULL),(41,1,11,NULL,NULL),(42,1,14,NULL,NULL),(43,1,18,NULL,NULL),(44,1,17,NULL,NULL),(45,1,16,NULL,NULL),(46,1,15,NULL,NULL),(47,1,13,NULL,NULL),(48,1,22,NULL,NULL),(49,18,134,NULL,NULL),(50,19,3,NULL,NULL),(51,19,7,NULL,NULL),(52,19,11,NULL,NULL),(53,19,17,NULL,NULL),(54,19,15,NULL,NULL),(55,19,13,NULL,NULL),(56,19,22,NULL,NULL),(57,20,10,NULL,NULL),(58,20,9,NULL,NULL),(59,20,8,NULL,NULL),(60,21,150,NULL,NULL);

--
-- Table structure for table `product_to_types`
--

CREATE TABLE `product_to_types` (
  `id` int unsigned NOT NULL AUTO_INCREMENT,
  `ranges_id` int NOT NULL,
  `product_type_id` int NOT NULL,
  `created_at` timestamp NULL DEFAULT NULL,
  `updated_at` timestamp NULL DEFAULT NULL,
  PRIMARY KEY (`id`)
) ENGINE=InnoDB AUTO_INCREMENT=21 DEFAULT CHARSET=utf8mb4 COLLATE=utf8mb4_unicode_ci;

--
-- Dumping data for table `product_to_types`
--

INSERT INTO `product_to_types` VALUES (1,1,1,NULL,NULL),(2,4,2,NULL,NULL),(3,5,2,NULL,NULL),(4,2,1,NULL,NULL),(5,3,1,NULL,NULL),(6,6,2,NULL,NULL),(7,7,3,NULL,NULL),(8,8,1,NULL,NULL),(9,9,1,NULL,NULL),(10,11,1,NULL,NULL),(11,12,1,NULL,NULL),(12,13,1,NULL,NULL),(13,14,1,NULL,NULL),(14,15,1,'2023-12-21 18:03:19','2023-12-21 18:03:19'),(15,16,1,NULL,NULL),(16,17,1,'2023-12-28 12:25:11','2023-12-28 12:25:11'),(17,18,5,NULL,NULL),(18,19,1,NULL,NULL),(19,20,1,NULL,NULL),(20,21,13,NULL,NULL);

--
-- Table structure for table `product_types`
--

CREATE TABLE `product_types` (
  `id` int unsigned NOT NULL AUTO_INCREMENT,
  `product_sector_id` int DEFAULT NULL,
  `name` varchar(255) CHARACTER SET utf8mb4 COLLATE utf8mb4_unicode_ci NOT NULL,
  `bg_color` varchar(255) CHARACTER SET utf8mb4 COLLATE utf8mb4_unicode_ci NOT NULL,
  `description` longtext CHARACTER SET utf8mb4 COLLATE utf8mb4_unicode_ci NOT NULL,
  `icon_path` longtext CHARACTER SET utf8mb4 COLLATE utf8mb4_unicode_ci NOT NULL,
  `banner_path` longtext CHARACTER SET utf8mb4 COLLATE utf8mb4_unicode_ci NOT NULL,
  `order` int DEFAULT NULL,
  `status` int NOT NULL DEFAULT '0' COMMENT '1 = Active, 0 = Inactive/Draft',
  `created_at` timestamp NULL DEFAULT NULL,
  `updated_at` timestamp NULL DEFAULT NULL,
  PRIMARY KEY (`id`)
) ENGINE=InnoDB AUTO_INCREMENT=18 DEFAULT CHARSET=utf8mb4 COLLATE=utf8mb4_unicode_ci;

--
-- Dumping data for table `product_types`
--

INSERT INTO `product_types` VALUES (1,1,'Jukeboxes','#8e43ad','Lorem Ipsum is simply dummy text of the printing and typesetting industry. Lorem Ipsum has been the industry\'s standard dummy text ever since the 1500s, when an unknown printer took a galley of type and scrambled it to make a type specimen book. It has survived not only five centuries, but also the leap into electronic typesetting, remaining essentially unchanged. It was popularised in the 1960s with the release of Letraset sheets containing Lorem Ipsum passages, and more recently with desktop publishing software like Aldus PageMaker including versions of Lorem Ipsum.','/uploads/icon/jukeboxicon-1686201395.svg','/uploads/banner/jukebox-1686201395.jpg',1,1,'2023-06-07 23:46:35','2023-06-08 01:23:05'),(2,1,'Arcades','#e74b3c','Lorem Ipsum is simply dummy text of the printing and typesetting industry. Lorem Ipsum has been the industry\'s standard dummy text ever since the 1500s, when an unknown printer took a galley of type and scrambled it to make a type specimen book. It has survived not only five centuries, but also the leap into electronic typesetting, remaining essentially unchanged. It was popularised in the 1960s with the release of Letraset sheets containing Lorem Ipsum passages, and more recently with desktop publishing software like Aldus PageMaker including versions of Lorem Ipsum','/uploads/icon/arcadesicon-1686201715.svg','/uploads/banner/arcade-1686201715.jpg',2,1,'2023-06-07 23:51:55','2023-06-08 01:23:11'),(3,2,'Sports Simulators','#399ddb','Lorem Ipsum is simply dummy text of the printing and typesetting industry. Lorem Ipsum has been the industry\'s standard dummy text ever since the 1500s, when an unknown printer took a galley of type and scrambled it to make a type specimen book. It has survived not only five centuries, but also the leap into electronic typesetting, remaining essentially unchanged. It was popularised in the 1960s with the release of Letraset sheets containing Lorem Ipsum passages, and more recently with desktop publishing software like Aldus PageMaker including versions of Lorem Ipsum','/uploads/icon/sportssimulators-1686201787.svg','/uploads/banner/sports-1686201787.jpg',5,1,'2023-06-07 23:53:07','2023-09-22 06:41:09'),(4,2,'Rotating Climbing Walls','#e67d21','Lorem Ipsum is simply dummy text of the printing and typesetting industry. Lorem Ipsum has been the industry\'s standard dummy text ever since the 1500s, when an unknown printer took a galley of type and scrambled it to make a type specimen book. It has survived not only five centuries, but also the leap into electronic typesetting, remaining essentially unchanged. It was popularised in the 1960s with the release of Letraset sheets containing Lorem Ipsum passages, and more recently with desktop publishing software like Aldus PageMaker including versions of Lorem Ipsum','/uploads/icon/rotatingclimbingwallsicon-1686201956.svg','/uploads/banner/cliemb-1686201956.jpg',4,1,'2023-06-07 23:55:56','2023-06-08 01:12:13'),(5,1,'Lifestyle','#3bbf44','Lorem Ipsum is simply dummy text of the printing and typesetting industry. Lorem Ipsum has been the industry\'s standard dummy text ever since the 1500s, when an unknown printer took a galley of type and scrambled it to make a type specimen book. It has survived not only five centuries, but also the leap into electronic typesetting, remaining essentially unchanged. It was popularised in the 1960s with the release of Letraset sheets containing Lorem Ipsum passages, and more recently with desktop publishing software like Aldus PageMaker including versions of Lorem Ipsum','/uploads/icon/lifestylesicon-1686202031.svg','/uploads/banner/lifestyle-1686202031.jpg',3,1,'2023-06-07 23:57:11','2023-09-22 06:40:24'),(7,2,'Mini Golf','#aeb913','Lorem Ipsum is simply dummy text of the printing and typesetting industry. Lorem Ipsum has been the industry\'s standard dummy text ever since the 1500s, when an unknown printer took a galley of type and scrambled it to make a type specimen book. It has survived not only five centuries.','/uploads/icon/golficon-1687336380.svg','/uploads/banner/golf-1687336380.jpg',6,1,'2023-06-21 03:03:00','2023-09-22 06:41:17'),(9,3,'Ready To Play','-','-','-','-',NULL,1,'2023-10-05 07:29:49','2023-10-05 07:29:49'),(10,3,'Elements','-','-','-','-',NULL,1,'2023-10-05 07:33:16','2023-10-05 07:33:16'),(11,3,'Furniture','-','-','-','-',NULL,1,'2023-10-05 07:33:28','2023-10-05 07:33:28'),(13,5,'Bean Bags','-','-','-','-',NULL,1,'2024-03-07 16:38:59','2024-03-07 16:38:59'),(14,5,'Bean Bag sofas','-','-','-','-',NULL,1,'2024-03-07 17:19:01','2024-03-07 17:19:01'),(15,5,'test','-','-','-','-',4,0,'2024-03-08 09:45:33','2024-03-08 09:45:33'),(16,5,'test12','-','-','-','-',NULL,0,'2024-03-08 16:32:31','2024-03-08 16:32:31'),(17,6,'Gaming Arcades','-','-','-','-',NULL,1,'2024-03-11 11:47:17','2024-03-11 11:47:17');

--
-- Table structure for table `project_categories`
--

CREATE TABLE `project_categories` (
  `id` int unsigned NOT NULL AUTO_INCREMENT,
  `name` varchar(255) CHARACTER SET utf8mb4 COLLATE utf8mb4_unicode_ci NOT NULL,
  `display_image` varchar(255) CHARACTER SET utf8mb4 COLLATE utf8mb4_unicode_ci NOT NULL,
  `created_at` timestamp NULL DEFAULT NULL,
  `updated_at` timestamp NULL DEFAULT NULL,
  PRIMARY KEY (`id`)
) ENGINE=InnoDB AUTO_INCREMENT=8 DEFAULT CHARSET=utf8mb4 COLLATE=utf8mb4_unicode_ci;

--
-- Dumping data for table `project_categories`
--

INSERT INTO `project_categories` VALUES (2,'Kids Zone','img/images/projects/comercial-01.jpg','2023-05-30 08:24:52','2023-06-14 06:11:51'),(3,'Activations','img/images/projects/comercial-02.jpg','2023-05-30 08:24:52','2023-05-30 08:24:52'),(4,'Corporate Events','img/images/projects/comercial-03.jpg','2023-05-30 08:24:52','2023-05-30 08:24:52'),(5,'Private Events','img/images/projects/comercial-04.jpg','2023-05-30 08:24:52','2023-05-30 08:24:52'),(6,'commercial Spaces','img/images/projects/comercial-05.jpg','2023-05-30 08:24:52','2023-05-30 08:24:52');

--
-- Table structure for table `project_sliders`
--

CREATE TABLE `project_sliders` (
  `id` bigint unsigned NOT NULL AUTO_INCREMENT,
  `projects_id` int DEFAULT NULL,
  `project_image` varchar(191) COLLATE utf8mb4_unicode_ci DEFAULT NULL,
  `created_at` timestamp NULL DEFAULT NULL,
  `updated_at` timestamp NULL DEFAULT NULL,
  PRIMARY KEY (`id`)
) ENGINE=InnoDB AUTO_INCREMENT=2 DEFAULT CHARSET=utf8mb4 COLLATE=utf8mb4_unicode_ci;

--
-- Dumping data for table `project_sliders`
--

INSERT INTO `project_sliders` VALUES (1,5,'gallery/Advertising&Branding.jpg','2023-12-08 12:54:15','2023-12-08 12:54:15');

--
-- Table structure for table `project_sub_categories`
--

CREATE TABLE `project_sub_categories` (
  `id` int unsigned NOT NULL AUTO_INCREMENT,
  `name` varchar(255) CHARACTER SET utf8mb4 COLLATE utf8mb4_unicode_ci NOT NULL,
  `category_id` int NOT NULL,
  `created_at` timestamp NULL DEFAULT NULL,
  `updated_at` timestamp NULL DEFAULT NULL,
  PRIMARY KEY (`id`)
) ENGINE=InnoDB AUTO_INCREMENT=14 DEFAULT CHARSET=utf8mb4 COLLATE=utf8mb4_unicode_ci;

--
-- Dumping data for table `project_sub_categories`
--

INSERT INTO `project_sub_categories` VALUES (1,'Retail',2,'2023-05-29 08:22:02','2023-05-29 08:22:02'),(2,'Public Spaces',2,'2023-05-30 08:24:52','2023-05-30 08:24:52'),(3,' Heathcare',2,'2023-05-30 08:24:52','2023-05-30 08:24:52'),(4,'Interior Designers',2,'2023-05-30 08:24:52','2023-05-30 08:24:52'),(5,'Daycare',2,'2023-05-30 08:24:52','2023-05-30 08:24:52'),(6,'Hospitality',2,'2023-05-30 08:24:52','2023-05-30 08:24:52'),(7,'Leisure',2,'2023-05-30 08:24:52','2023-05-30 08:24:52'),(10,'Amiri',3,'2023-06-14 06:12:40','2023-06-14 06:12:40'),(11,'Victoria Secret',3,'2023-06-14 06:12:47','2023-06-14 06:12:47'),(12,'Abu Dhabi F1',4,'2023-06-14 06:13:09','2023-06-14 06:13:09'),(13,'Bar & Restaurants',6,'2023-06-14 06:13:44','2023-06-14 06:13:44');

--
-- Table structure for table `project_to_categories`
--

CREATE TABLE `project_to_categories` (
  `id` int unsigned NOT NULL AUTO_INCREMENT,
  `category_id` int NOT NULL,
  `project_id` int NOT NULL,
  `created_at` timestamp NULL DEFAULT NULL,
  `updated_at` timestamp NULL DEFAULT NULL,
  PRIMARY KEY (`id`)
) ENGINE=InnoDB AUTO_INCREMENT=6 DEFAULT CHARSET=utf8mb4 COLLATE=utf8mb4_unicode_ci;

--
-- Dumping data for table `project_to_categories`
--

INSERT INTO `project_to_categories` VALUES (1,2,1,NULL,NULL),(2,2,2,'2023-06-05 06:29:16','2023-06-05 06:29:16'),(3,2,3,'2023-06-21 04:33:25','2023-06-21 04:33:25'),(4,2,4,'2023-11-03 06:46:59','2023-11-03 06:46:59'),(5,2,5,'2023-12-08 12:54:15','2023-12-08 12:54:15');

--
-- Table structure for table `project_to_sub_categories`
--

CREATE TABLE `project_to_sub_categories` (
  `id` int unsigned NOT NULL AUTO_INCREMENT,
  `subcategory_id` int NOT NULL,
  `project_id` int NOT NULL,
  `created_at` timestamp NULL DEFAULT NULL,
  `updated_at` timestamp NULL DEFAULT NULL,
  PRIMARY KEY (`id`)
) ENGINE=InnoDB AUTO_INCREMENT=6 DEFAULT CHARSET=utf8mb4 COLLATE=utf8mb4_unicode_ci;

--
-- Dumping data for table `project_to_sub_categories`
--

INSERT INTO `project_to_sub_categories` VALUES (1,1,1,NULL,NULL),(2,1,2,'2023-06-05 06:29:16','2023-06-05 06:29:16'),(3,2,3,'2023-06-21 04:33:25','2023-06-21 04:33:25'),(4,5,4,'2023-11-03 06:46:59','2023-11-03 06:46:59'),(5,1,5,'2023-12-08 12:54:15','2023-12-08 12:54:15');

--
-- Table structure for table `projects`
--

CREATE TABLE `projects` (
  `id` int unsigned NOT NULL AUTO_INCREMENT,
  `title` varchar(255) CHARACTER SET utf8mb4 COLLATE utf8mb4_unicode_ci NOT NULL,
  `content` longtext CHARACTER SET utf8mb4 COLLATE utf8mb4_unicode_ci NOT NULL,
  `location` varchar(255) CHARACTER SET utf8mb4 COLLATE utf8mb4_unicode_ci NOT NULL,
  `display_date` date NOT NULL,
  `display_image` longtext CHARACTER SET utf8mb4 COLLATE utf8mb4_unicode_ci,
  `created_at` timestamp NULL DEFAULT NULL,
  `updated_at` timestamp NULL DEFAULT NULL,
  `status` int DEFAULT '0',
  `meta_title` varchar(255) CHARACTER SET utf8mb4 COLLATE utf8mb4_unicode_ci DEFAULT NULL,
  `meta_keywords` longtext CHARACTER SET utf8mb4 COLLATE utf8mb4_unicode_ci,
  `meta_description` longtext CHARACTER SET utf8mb4 COLLATE utf8mb4_unicode_ci,
  PRIMARY KEY (`id`)
) ENGINE=InnoDB AUTO_INCREMENT=6 DEFAULT CHARSET=utf8mb4 COLLATE=utf8mb4_unicode_ci;

--
-- Dumping data for table `projects`
--

INSERT INTO `projects` VALUES (1,'Mauris vitae felis orci Centara Mirage Beach Resort','<p>Lorem ipsum dolor sit amet, consectetur adipiscing elit. Quisque vel nulla id lectus consequat imperdiet id eu dui. Mauris vitae felis orci. Vivamus sollicitudin ullamcorper rutrum. Aenean laoreet lobortis odio, rhoncus hendrerit ligula sagittis id. Proin elit ante, mollis vel interdum et, blandit rhoncus lacus. Aliquam commodo, ipsum nec viverra convallis.</p><p>Orci elit imperdiet augue, quis malesuada magna massa sit amet est. Mauris et luctus risus. Phasellus suscipit viverra nibh, nec vestibulum sem pharetra a. Phasellus tincidunt laoreet tortor sit amet finibus. Cras vestibulum bibendum massa eu eleifend.</p>','Rove La Mer - Dubai','2022-10-12','gallery/uploads/projects/main-1685531208.jpg','2023-05-31 05:36:48','2024-01-19 17:46:33',0,'Mauris vitae felis orci Centara Mirage Beach Resort','Mauris vitae felis orci Centara Mirage Beach Resort,Mauris vitae,felis orci Centara,Beach Resort','Lorem ipsum dolor sit amet, consectetur adipiscing elit. Quisque vel nulla id lectus consequat imperdiet id eu dui. Mauris vitae felis orci. Vivamus sollicitudin ullamcorper rutrum. Aenean laoreet lobortis odio, rhoncus hendrerit ligula sagittis id. Proin elit ante, mollis vel interdum et, blandit rhoncus lacus. Aliquam commodo, ipsum nec viverra convallis.'),(2,'Test Project Name','<p>test content only</p>','Test Location - Dubai','2023-06-04','gallery/uploads/projects/01-1685966356.jpg','2023-06-05 06:29:16','2024-01-19 17:44:28',0,NULL,NULL,NULL),(3,'Kids Zone Project','<p><span style=\"margin: 0px; padding: 0px; font-family: \"Open Sans\", Arial, sans-serif; text-align: justify;\">Lorem Ipsum</span><span style=\"font-family: \"Open Sans\", Arial, sans-serif; text-align: justify;\"> is simply dummy text of the printing and typesetting industry. Lorem Ipsum has been the industry\'s standard dummy text ever since the 1500s, when an unknown printer took a galley of type and scrambled it to make a type specimen book. It has survived not only five centuries.</span><br></p>','Dubai - Test Location','2023-06-19','gallery/uploads/projects/retail-main2-1687341805.jpg','2023-06-21 04:33:25','2024-01-19 17:46:04',0,'Kids Zone Project','Dubai - Test Location','Lorem Ipsum is simply dummy text of the printing and typesetting industry. Lorem Ipsum has been the industry\'s standard dummy text ever since the 1500s, when an unknown printer took a galley of type and scrambled it to make a type specimen book. It has survived not only five centuries.');

--
-- Table structure for table `quotations`
--

CREATE TABLE `quotations` (
  `id` int unsigned NOT NULL AUTO_INCREMENT,
  `users_id` varchar(255) CHARACTER SET utf8mb4 COLLATE utf8mb4_unicode_ci NOT NULL,
  `carts_id` int NOT NULL,
  `name` varchar(255) CHARACTER SET utf8mb4 COLLATE utf8mb4_unicode_ci NOT NULL,
  `email` varchar(255) CHARACTER SET utf8mb4 COLLATE utf8mb4_unicode_ci NOT NULL,
  `contact_num` varchar(255) CHARACTER SET utf8mb4 COLLATE utf8mb4_unicode_ci NOT NULL,
  `company_name` varchar(255) CHARACTER SET utf8mb4 COLLATE utf8mb4_unicode_ci NOT NULL,
  `message_content` longtext CHARACTER SET utf8mb4 COLLATE utf8mb4_unicode_ci NOT NULL,
  `status` int NOT NULL DEFAULT '0' COMMENT '0 - Pending | 1 - On-Going | 2 - Completed',
  `created_at` timestamp NULL DEFAULT NULL,
  `updated_at` timestamp NULL DEFAULT NULL,
  PRIMARY KEY (`id`)
) ENGINE=InnoDB AUTO_INCREMENT=12 DEFAULT CHARSET=utf8mb4 COLLATE=utf8mb4_unicode_ci;

--
-- Dumping data for table `quotations`
--


--
-- Table structure for table `range_categories`
--

CREATE TABLE `range_categories` (
  `id` int unsigned NOT NULL AUTO_INCREMENT,
  `name` varchar(255) CHARACTER SET utf8mb4 COLLATE utf8mb4_unicode_ci DEFAULT NULL,
  `icon` longtext CHARACTER SET utf8mb4 COLLATE utf8mb4_unicode_ci,
  `bg_color` varchar(255) CHARACTER SET utf8mb4 COLLATE utf8mb4_unicode_ci DEFAULT NULL,
  `img_path` longtext CHARACTER SET utf8mb4 COLLATE utf8mb4_unicode_ci,
  `description` longtext CHARACTER SET utf8mb4 COLLATE utf8mb4_unicode_ci,
  `created_at` timestamp NULL DEFAULT NULL,
  `updated_at` timestamp NULL DEFAULT NULL,
  PRIMARY KEY (`id`)
) ENGINE=InnoDB AUTO_INCREMENT=3 DEFAULT CHARSET=utf8mb4 COLLATE=utf8mb4_unicode_ci;

--
-- Dumping data for table `range_categories`
--

INSERT INTO `range_categories` VALUES (1,'Jukeboxes','/uploads/icons/rm-jukebox-1684307938.svg','#8e43ad','/uploads/banner/jukebox-1684307938.jpg','<p>Our jukeboxes reflect the iconic retro styling of the original 1940s and 50s models but we give them a contemporary twist to ensure they fit seamlessly with modern homes and lifestyles. Choose your favourite cabinet style and finish, pick from CD, vinyl or digital technologies, then select Add-Ons and \'Custom Shop\' options to make your jukebox unique. Our team of highly skilled craftsmen and women will then hand-build a dream machine, just for you.<br></p>','2023-05-17 01:48:58','2023-05-17 01:48:58'),(2,'Arcades','/uploads/icons/rm-arcade-1684308813.svg','#e74b3c','/uploads/banner/arcade-1684308813.jpg','<p><span style=\"font-size: 14.4px;\">Lorem ipsum dolor sit amet, consectetur adipiscing elit, sed do eiusmod tempor incididunt ut labore et dolore magna aliqua. Ut enim ad minim veniam, quis nostrud exercitation ullamco laboris nisi ut aliquip ex ea commodo consequat.</span><br></p>','2023-05-17 02:03:33','2023-05-17 02:03:33');

--
-- Table structure for table `range_features`
--

CREATE TABLE `range_features` (
  `id` int unsigned NOT NULL AUTO_INCREMENT,
  `range_id` int NOT NULL,
  `feature_id` int NOT NULL,
  `created_at` timestamp NULL DEFAULT NULL,
  `updated_at` timestamp NULL DEFAULT NULL,
  PRIMARY KEY (`id`)
) ENGINE=InnoDB AUTO_INCREMENT=88 DEFAULT CHARSET=utf8mb4 COLLATE=utf8mb4_unicode_ci;

--
-- Dumping data for table `range_features`
--

INSERT INTO `range_features` VALUES (19,1,6,NULL,NULL),(20,1,7,NULL,NULL),(21,1,8,NULL,NULL),(22,1,9,NULL,NULL),(23,1,10,NULL,NULL),(53,14,1,'2023-12-21 12:42:14','2023-12-21 12:42:14'),(54,14,2,'2023-12-21 12:42:14','2023-12-21 12:42:14'),(55,14,3,'2023-12-21 12:42:14','2023-12-21 12:42:14'),(58,16,3,'2023-12-21 18:04:23','2023-12-21 18:04:23'),(59,16,4,'2023-12-21 18:04:23','2023-12-21 18:04:23'),(60,16,6,'2023-12-21 18:04:23','2023-12-21 18:04:23'),(62,13,4,NULL,NULL),(63,13,6,NULL,NULL),(64,13,7,NULL,NULL),(65,13,8,NULL,NULL),(66,13,9,NULL,NULL),(67,13,10,NULL,NULL),(68,13,13,NULL,NULL),(69,13,14,NULL,NULL),(70,13,17,NULL,NULL),(71,1,3,NULL,NULL),(72,1,14,NULL,NULL),(73,1,17,NULL,NULL),(74,19,4,'2024-01-02 14:11:08','2024-01-02 14:11:08'),(75,19,6,'2024-01-02 14:11:08','2024-01-02 14:11:08'),(76,19,7,'2024-01-02 14:11:08','2024-01-02 14:11:08'),(77,19,8,'2024-01-02 14:11:08','2024-01-02 14:11:08'),(78,19,9,'2024-01-02 14:11:08','2024-01-02 14:11:08'),(79,19,10,'2024-01-02 14:11:08','2024-01-02 14:11:08'),(80,19,13,'2024-01-02 14:11:08','2024-01-02 14:11:08'),(81,19,14,'2024-01-02 14:11:08','2024-01-02 14:11:08'),(82,19,15,'2024-01-02 14:11:08','2024-01-02 14:11:08'),(83,20,1,'2024-03-06 16:59:56','2024-03-06 16:59:56'),(84,20,2,'2024-03-06 16:59:56','2024-03-06 16:59:56'),(85,20,3,'2024-03-06 16:59:56','2024-03-06 16:59:56'),(86,21,19,'2024-03-07 17:10:28','2024-03-07 17:10:28'),(87,21,20,'2024-03-07 17:10:28','2024-03-07 17:10:28');

--
-- Table structure for table `range_main_categories`
--

CREATE TABLE `range_main_categories` (
  `id` int unsigned NOT NULL AUTO_INCREMENT,
  `range_id` int NOT NULL,
  `category_id` int NOT NULL,
  `created_at` timestamp NULL DEFAULT NULL,
  `updated_at` timestamp NULL DEFAULT NULL,
  PRIMARY KEY (`id`)
) ENGINE=InnoDB AUTO_INCREMENT=6 DEFAULT CHARSET=utf8mb4 COLLATE=utf8mb4_unicode_ci;

--
-- Dumping data for table `range_main_categories`
--

INSERT INTO `range_main_categories` VALUES (1,1,1,NULL,NULL),(2,2,2,NULL,NULL),(3,3,2,NULL,NULL),(4,4,1,'2023-05-25 08:15:35','2023-05-25 08:15:35'),(5,5,1,'2023-06-06 07:17:21','2023-06-06 07:17:21');

--
-- Table structure for table `range_sub_categories`
--

CREATE TABLE `range_sub_categories` (
  `id` int unsigned NOT NULL AUTO_INCREMENT,
  `category_id` int NOT NULL,
  `name` varchar(255) CHARACTER SET utf8mb4 COLLATE utf8mb4_unicode_ci NOT NULL,
  `img_path` longtext CHARACTER SET utf8mb4 COLLATE utf8mb4_unicode_ci NOT NULL,
  `created_at` timestamp NULL DEFAULT NULL,
  `updated_at` timestamp NULL DEFAULT NULL,
  PRIMARY KEY (`id`)
) ENGINE=InnoDB AUTO_INCREMENT=6 DEFAULT CHARSET=utf8mb4 COLLATE=utf8mb4_unicode_ci;

--
-- Dumping data for table `range_sub_categories`
--

INSERT INTO `range_sub_categories` VALUES (1,1,'Golden Age Dome Topped Jukeboxes','/uploads/banner/product-2-1684308012.jpg','2023-05-17 01:50:12','2023-05-17 01:50:12'),(2,1,'Silver Age Flat Topped Jukeboxes','/uploads/banner/product-1-1684308026.jpg','2023-05-17 01:50:26','2023-05-17 01:50:26'),(3,1,'Wall Mounted Jukeboxes','/uploads/banner/product-12-1684308039.jpg','2023-05-17 01:50:39','2023-05-17 01:50:39'),(5,2,'Claw Machines','/uploads/banner/arcade-1684308906.jpg','2023-05-17 02:05:06','2023-05-17 02:05:06');

--
-- Table structure for table `range_to_categories`
--

CREATE TABLE `range_to_categories` (
  `id` int unsigned NOT NULL AUTO_INCREMENT,
  `ranges_id` int NOT NULL,
  `category_id` int NOT NULL,
  `subcategory_id` int NOT NULL,
  `created_at` timestamp NULL DEFAULT NULL,
  `updated_at` timestamp NULL DEFAULT NULL,
  PRIMARY KEY (`id`)
) ENGINE=InnoDB AUTO_INCREMENT=18 DEFAULT CHARSET=utf8mb4 COLLATE=utf8mb4_unicode_ci;

--
-- Dumping data for table `range_to_categories`
--

INSERT INTO `range_to_categories` VALUES (10,1,1,1,NULL,NULL),(13,2,2,5,NULL,NULL),(15,4,1,3,NULL,NULL),(16,5,1,1,NULL,NULL),(17,3,2,5,NULL,NULL);

--
-- Table structure for table `ranges`
--

CREATE TABLE `ranges` (
  `id` int unsigned NOT NULL AUTO_INCREMENT,
  `name` varchar(255) CHARACTER SET utf8mb4 COLLATE utf8mb4_unicode_ci NOT NULL,
  `created_at` timestamp NULL DEFAULT NULL,
  `updated_at` timestamp NULL DEFAULT NULL,
  `slug` varchar(255) CHARACTER SET utf8mb4 COLLATE utf8mb4_unicode_ci NOT NULL,
  `product_sku` varchar(255) CHARACTER SET utf8mb4 COLLATE utf8mb4_unicode_ci DEFAULT NULL,
  `status` int NOT NULL DEFAULT '0',
  `product_price` int NOT NULL,
  `product_qty` int DEFAULT NULL,
  `short_description` longtext CHARACTER SET utf8mb4 COLLATE utf8mb4_unicode_ci,
  `long_description` longtext CHARACTER SET utf8mb4 COLLATE utf8mb4_unicode_ci,
  `product_specification` longtext CHARACTER SET utf8mb4 COLLATE utf8mb4_unicode_ci,
  `product_note` longtext CHARACTER SET utf8mb4 COLLATE utf8mb4_unicode_ci,
  `delivery_note` longtext CHARACTER SET utf8mb4 COLLATE utf8mb4_unicode_ci,
  `meta_title` varchar(255) CHARACTER SET utf8mb4 COLLATE utf8mb4_unicode_ci DEFAULT NULL,
  `meta_keywords` varchar(255) CHARACTER SET utf8mb4 COLLATE utf8mb4_unicode_ci DEFAULT NULL,
  `meta_description` longtext CHARACTER SET utf8mb4 COLLATE utf8mb4_unicode_ci,
  `is_rentable` int NOT NULL DEFAULT '0' COMMENT '0 = false, 1 = true',
  `deleted_at` timestamp NULL DEFAULT NULL,
  `product_image` varchar(191) COLLATE utf8mb4_unicode_ci DEFAULT NULL,
  `product_brochure` varchar(191) COLLATE utf8mb4_unicode_ci DEFAULT NULL,
  PRIMARY KEY (`id`)
) ENGINE=InnoDB AUTO_INCREMENT=22 DEFAULT CHARSET=utf8mb4 COLLATE=utf8mb4_unicode_ci;

--
-- Dumping data for table `ranges`
--

INSERT INTO `ranges` VALUES (1,'Sl33 Vinyl Lp Jukebox','2023-05-23 00:19:40','2024-03-06 17:08:51','sl33-vinyl-lp-jukebox','SKU1',1,1969,1,'The SL33’s mesmerizing, patented “auto flip” Vinyl LP mechanism holds 20 records, plays both A and B sides and can handle any combination of LP records or 12” singles with each playing at the appropriate speed. Our jukeboxes provide a multi-sensory experience like no other for music enthusiasts, as you watch the transfer arm carefully select the vinyl of choice and deliver it to the turntable, then ‘flip’ it over to present the desired side to the platter. With a truly unique combination of retro styling and captivating technology, the SL33 is guaranteed to always be the Centre of attention.','<p style=\"font-size: 14.4px;\">Honouring the iconic 1940’s Wurlitzer 1015 jukebox, this beautiful SL33 LP playing Jukebox features a hand-formed, single piece wooden cabinet, cast and chromed speaker grille and cabinet adornments, champagne dancing bubble tubes and, rotating title card display which enables you to quickly see track details for each of the 20 LP’s.</p><p style=\"font-size: 14.4px;\">The mesmerising, patented “autoflip” Vinyl LP mechanism holds 20 records, plays both A and B sides and can handle any combination of LP records or 12” singles with each playing at the appropriate speed. Watching the lift arm gently collect a record from the storage rack then elevate and flip it to ensure the correct side is presented to the turntable is a fascinating experience which never fails to draw the attention of onlookers. The tone arm then automatically moves the high quality Audio Technica cartridge and stylus into the groove and after a short but tantalising pause, the performance begins.</p><p style=\"font-size: 14.4px;\">The ‘Direct Play’ option makes it quick and easy to also play records which have not been loaded into the storage rack. Simply place your record on the turntable, choose the playback speed then select the A, B or both A &amp; B sides to utilise the ‘AutoFlip’ feature. Playback then begins immediately.</p><p style=\"font-size: 14.4px;\">Record Selections can be quickly and easily made using the buttons on the jukebox or via the infra-red remote control, which also facilitates full control of all aspects of the jukebox from volume levels, input source, lighting control, shuffle modes and standby.</p><p style=\"font-size: 14.4px;\">Inside the jukebox, Sound Leisure’s proprietary S3 UNITY jukebox platform ticks away keeping everything in order and working smoothly, while our custom designed SL-D4 amplifier and bespoke speaker setup work in tandem to provide a warm, solid, unmistakable jukebox sound which is widely regarded as the finest of any jukebox currently in production. SL-D4 amplifier also features an integrated Bluetooth receiver and auxiliary inputs and outputs so you can stream music to your jukebox from a compatible device and also connect smart devices such as Sonos and Alexa directly to the jukebox.</p><p style=\"font-size: 14.4px;\">Fitted as standard with Sound Leisure’s low energy LED ‘Diamond Pack’ lighting solution, users can choose from a wide range of lighting styles and themes to suit their mood. Choose from traditional or modern themes, or from relaxing to invigorating patterns. Then adjust the brightness setting across individual illuminated areas of the cabinet to find your perfect mood.</p><p style=\"font-size: 14.4px;\">All in all this is one truly impressive vinyl jukebox!</p><p style=\"font-size: 14.4px;\">IMPORTANT NOTE: This product is custom built to order. This may affect your rights as a consumer. Please consult our Terms and Conditions for more information.</p><p style=\"font-size: 14.4px;\">Sound Leisure is the world’s leading Classic Jukebox manufacturer, producing unique, hand-built jukeboxes from our UK base. We have put over 40 years’ dedication, passion and experience into making every Sound Leisure Classic Jukebox and we’re happy to stand behind the claim, these are the best jukeboxes made anywhere in the world. As well as supplying a selection of games room products and accessories we also offer the only Custom jukebox build service in the world, producing ‘one off’ or low volume customised jukeboxes based on our extensive range of cabinets, models and Custom Shop options. Pick from our wide range of customisations to really make your jukebox unique, from a simple custom Name Plate through to an entirely bespoke jukebox design. Look out for the Custom Shop options when configuring any of our jukeboxes.</p>','<p style=\"margin-right: 0px; margin-bottom: 1.5em; margin-left: 0px; font-size: 14.4px; padding: 0px; transition: all 0.3s ease-out 0s; line-height: 1.5; transform: translateY(-5px);\"><font face=\"Commuters Sans, sans-serif\">Height 155cm, Width 83cm, Depth 70cm, Weight 130kg</font></p><ul style=\"font-size: 14.4px;\"><li style=\"margin: 0px; padding: 0px; list-style-type: initial; transition: all 0.3s ease-out 0s;\">Handmade, single piece solid wood cabinet</li><li style=\"margin: 0px; padding: 0px; list-style-type: initial; transition: all 0.3s ease-out 0s;\">Aluminium/zinc cast and chromed cabinet adornments</li><li style=\"margin: 0px; padding: 0px; list-style-type: initial; transition: all 0.3s ease-out 0s;\">Polycarbonate bubble tube covers (riot shield material)</li><li style=\"margin: 0px; padding: 0px; list-style-type: initial; transition: all 0.3s ease-out 0s;\">Choose from our wide range of finishes and veneers</li><li style=\"margin: 0px; padding: 0px; list-style-type: initial; transition: all 0.3s ease-out 0s;\">Self-contained jukebox – Plug in… add records… play!</li><li style=\"margin: 0px; padding: 0px; list-style-type: initial; transition: all 0.3s ease-out 0s;\">20 x vinyl LP/12″ records + Bluetooth</li><li style=\"margin: 0px; padding: 0px; list-style-type: initial; transition: all 0.3s ease-out 0s;\">Select A side, B side, or A and B sides with Auto Flip technology</li><li style=\"margin: 0px; padding: 0px; list-style-type: initial; transition: all 0.3s ease-out 0s;\">Full title card display – view full album details for all 20 records on the jukebox</li><li style=\"margin: 0px; padding: 0px; list-style-type: initial; transition: all 0.3s ease-out 0s;\">Enter multiple selections to build a playlist</li><li style=\"margin: 0px; padding: 0px; list-style-type: initial; transition: all 0.3s ease-out 0s;\">Shuffle Play: A/B sides</li><li style=\"margin: 0px; padding: 0px; list-style-type: initial; transition: all 0.3s ease-out 0s;\">Direct play mode – play records as you would on a standard record player</li><li style=\"margin: 0px; padding: 0px; list-style-type: initial; transition: all 0.3s ease-out 0s;\">Bluetooth receiver, stream music to your jukebox from your phone or mobile device</li><li style=\"margin: 0px; padding: 0px; list-style-type: initial; transition: all 0.3s ease-out 0s;\">Purpose-built SL-D4 jukebox amplifier</li><li style=\"margin: 0px; padding: 0px; list-style-type: initial; transition: all 0.3s ease-out 0s;\">Dual, independent stereo speaker channels – control jukebox volume and auxiliary speaker volume independently</li><li style=\"margin: 0px; padding: 0px; list-style-type: initial; transition: all 0.3s ease-out 0s;\">60 watt RMS per channel</li><li style=\"margin: 0px; padding: 0px; list-style-type: initial; transition: all 0.3s ease-out 0s;\">Bass, treble and mid EQ</li><li style=\"margin: 0px; padding: 0px; list-style-type: initial; transition: all 0.3s ease-out 0s;\">Switchable Loudness settings (low volume bass boost)</li><li style=\"margin: 0px; padding: 0px; list-style-type: initial; transition: all 0.3s ease-out 0s;\">Microphone Input with selectable ‘Karaoke’ or ‘Voice Over’ mode</li><li style=\"margin: 0px; padding: 0px; list-style-type: initial; transition: all 0.3s ease-out 0s;\">Aux input – connect Sonos, Alexa or other smart devices for playback through your jukebox</li><li style=\"margin: 0px; padding: 0px; list-style-type: initial; transition: all 0.3s ease-out 0s;\">Aux output – connect to external audio systems</li><li style=\"margin: 0px; padding: 0px; list-style-type: initial; transition: all 0.3s ease-out 0s;\">Custom speaker configuration with 2 x ported 5″ bass sub + Focal full range twin channel high quality drivers</li><li style=\"margin: 0px; padding: 0px; list-style-type: initial; transition: all 0.3s ease-out 0s;\">Sound Leisure S3-UNITY jukebox platform – the simplest jukebox technology in the word</li><li style=\"margin: 0px; padding: 0px; list-style-type: initial; transition: all 0.3s ease-out 0s;\">Infra-red remote control</li><li style=\"margin: 0px; padding: 0px; list-style-type: initial; transition: all 0.3s ease-out 0s;\">Diamond Pack LED Lighting</li><li style=\"margin: 0px; padding: 0px; list-style-type: initial; transition: all 0.3s ease-out 0s;\">Auto dim LCD display (default 10s)</li><li style=\"margin: 0px; padding: 0px; list-style-type: initial; transition: all 0.3s ease-out 0s;\">Low power ‘sleep mode’</li><li style=\"margin: 0px; padding: 0px; list-style-type: initial; transition: all 0.3s ease-out 0s;\">Auto ‘sleep mode’ option (1 to 12 hours)</li><li style=\"margin: 0px; padding: 0px; list-style-type: initial; transition: all 0.3s ease-out 0s;\">Free 12-month subscription to Sound Leisure’s Label Magic Title Card printing software</li><li style=\"margin: 0px; padding: 0px; list-style-type: initial; transition: all 0.3s ease-out 0s;\">12-month standard warranty</li><li style=\"margin: 0px; padding: 0px; list-style-type: initial; transition: all 0.3s ease-out 0s;\">Optional 3 year extended warranty also available</li></ul>','This product is custom built to order. This may affect your rights as a consumer. Please consult our Terms and Conditions for more information.','<div style=\"font-size: 14.4px;\"><span style=\"font-weight: bolder;\">* FREE UAE ‘STANDARD DELIVERY’</span></div><div style=\"font-size: 14.4px;\"><br></div><div style=\"font-size: 14.4px;\">Every jukebox purchase includes free ‘Standard Delivery’ to a UK Mainland residence. (Terms &amp; Conditions apply.) Following confirmation of your order, customers seeking a UK delivery will be asked to complete on online ‘Delivery Questionnaire’ to allow us to establish your specific delivery requirements. If your jukebox delivery does not qualify for free ‘Standard Delivery’ it is likely we will still be able to complete your delivery but additional charges may apply.</div><div style=\"font-size: 14.4px;\"><br></div><div style=\"font-size: 14.4px;\">For deliveries outside the UK mainland, shipping costs to your desired location will be determined once your order has been received.</div><div style=\"font-size: 14.4px;\"><br></div><div style=\"font-size: 14.4px;\">Please refer to our Shipping &amp; Delivery page for more information.</div><div style=\"font-size: 14.4px;\"><br></div><div style=\"font-size: 14.4px;\">If you would like to obtain a delivery quote for any of our products before making a purchase, please Contact Us</div>','Sl33 Vinyl Lp Jukebox','Jukebox,Bluetooth Jukebox,Jukebox made to order','The SL33’s mesmerizing, patented “auto flip” Vinyl LP mechanism holds 20 records, plays both A and B sides and can handle any combination of LP records or 12” singles with each playing at the appropriate speed. Our jukeboxes provide a multi-sensory experience like no other for music enthusiasts, as you watch the transfer arm carefully select the vinyl of choice and deliver it to the turntable, then ‘flip’ it over to present the desired side to the platter. With a truly unique combination of retro styling and captivating technology, the SL33 is guaranteed to always be the Centre of attention.',0,NULL,'gallery/1.webp','gallery/gemm-test-scenarios-site-map.pdf'),(2,'Sl34 Vinyl Lp Jukebox 1','2023-05-23 01:14:17','2023-12-20 15:01:34','sl34-vinyl-lp-jukebox','SKU2',1,2699,1,'The SL33’s mesmerizing, patented “auto flip” Vinyl LP mechanism holds 20 records, plays both A and B sides and can handle any combination of LP records or 12” singles with each playing at the appropriate speed. Our jukeboxes provide a multi-sensory experience like no other for music enthusiasts, as you watch the transfer arm carefully select the vinyl of choice and deliver it to the turntable, then ‘flip’ it over to present the desired side to the platter. With a truly unique combination of retro styling and captivating technology, the SL33 is guaranteed to always be the Centre of attention.','<p>Honouring the iconic 1940’s Wurlitzer 1015 jukebox, this beautiful SL33 LP playing Jukebox features a hand-formed, single piece wooden cabinet, cast and chromed speaker grille and cabinet adornments, champagne dancing bubble tubes and, rotating title card display which enables you to quickly see track details for each of the 20 LP’s.\r\n\r\nThe mesmerising, patented “autoflip” Vinyl LP mechanism holds 20 records, plays both A and B sides and can handle any combination of LP records or 12” singles with each playing at the appropriate speed. Watching the lift arm gently collect a record from the storage rack then elevate and flip it to ensure the correct side is presented to the turntable is a fascinating experience which never fails to draw the attention of onlookers. The tone arm then automatically moves the high quality Audio Technica cartridge and stylus into the groove and after a short but tantalising pause, the performance begins.\r\n\r\nThe ‘Direct Play’ option makes it quick and easy to also play records which have not been loaded into the storage rack. Simply place your record on the turntable, choose the playback speed then select the A, B or both A &amp; B sides to utilise the ‘AutoFlip’ feature. Playback then begins immediately.\r\n\r\nRecord Selections can be quickly and easily made using the buttons on the jukebox or via the infra-red remote control, which also facilitates full control of all aspects of the jukebox from volume levels, input source, lighting control, shuffle modes and standby.\r\n\r\nInside the jukebox, Sound Leisure’s proprietary S3 UNITY jukebox platform ticks away keeping everything in order and working smoothly, while our custom designed SL-D4 amplifier and bespoke speaker setup work in tandem to provide a warm, solid, unmistakable jukebox sound which is widely regarded as the finest of any jukebox currently in production. SL-D4 amplifier also features an integrated Bluetooth receiver and auxiliary inputs and outputs so you can stream music to your jukebox from a compatible device and also connect smart devices such as Sonos and Alexa directly to the jukebox.\r\n\r\nFitted as standard with Sound Leisure’s low energy LED ‘Diamond Pack’ lighting solution, users can choose from a wide range of lighting styles and themes to suit their mood. Choose from traditional or modern themes, or from relaxing to invigorating patterns. Then adjust the brightness setting across individual illuminated areas of the cabinet to find your perfect mood.\r\n\r\nAll in all this is one truly impressive vinyl jukebox!\r\n\r\nIMPORTANT NOTE: This product is custom built to order. This may affect your rights as a consumer. Please consult our Terms and Conditions for more information.\r\n\r\nSound Leisure is the world’s leading Classic Jukebox manufacturer, producing unique, hand-built jukeboxes from our UK base. We have put over 40 years’ dedication, passion and experience into making every Sound Leisure Classic Jukebox and we’re happy to stand behind the claim, these are the best jukeboxes made anywhere in the world. As well as supplying a selection of games room products and accessories we also offer the only Custom jukebox build service in the world, producing ‘one off’ or low volume customised jukeboxes based on our extensive range of cabinets, models and Custom Shop options. Pick from our wide range of customisations to really make your jukebox unique, from a simple custom Name Plate through to an entirely bespoke jukebox design. Look out for the Custom Shop options when configuring any of our jukeboxes.</p>','Height 155cm, Width 83cm, Depth 70cm, Weight 130kg\r\n\r\nHandmade, single piece solid wood cabinet\r\nAluminium/zinc cast and chromed cabinet adornments\r\nPolycarbonate bubble tube covers (riot shield material)\r\nChoose from our wide range of finishes and veneers\r\nSelf-contained jukebox – Plug in… add records… play!\r\n20 x vinyl LP/12″ records + Bluetooth\r\nSelect A side, B side, or A and B sides with Auto Flip technology\r\nFull title card display – view full album details for all 20 records on the jukebox\r\nEnter multiple selections to build a playlist\r\nShuffle Play: A/B sides\r\nDirect play mode – play records as you would on a standard record player\r\nBluetooth receiver, stream music to your jukebox from your phone or mobile device\r\nPurpose-built SL-D4 jukebox amplifier\r\nDual, independent stereo speaker channels – control jukebox volume and auxiliary speaker volume independently\r\n60 watt RMS per channel\r\nBass, treble and mid EQ\r\nSwitchable Loudness settings (low volume bass boost)\r\nMicrophone Input with selectable ‘Karaoke’ or ‘Voice Over’ mode\r\nAux input – connect Sonos, Alexa or other smart devices for playback through your jukebox\r\nAux output – connect to external audio systems\r\nCustom speaker configuration with 2 x ported 5″ bass sub + Focal full range twin channel high quality drivers\r\nSound Leisure S3-UNITY jukebox platform – the simplest jukebox technology in the word\r\nInfra-red remote control\r\nDiamond Pack LED Lighting\r\nAuto dim LCD display (default 10s)\r\nLow power ‘sleep mode’\r\nAuto ‘sleep mode’ option (1 to 12 hours)\r\nFree 12-month subscription to Sound Leisure’s Label Magic Title Card printing software\r\n12-month standard warranty\r\nOptional 3 year extended warranty also available','This product is custom built to order. This may affect your rights as a consumer. Please consult our Terms and Conditions for more information.','* FREE UAE ‘STANDARD DELIVERY’\r\n\r\nEvery jukebox purchase includes free ‘Standard Delivery’ to a UK Mainland residence. (Terms &amp; Conditions apply.) Following confirmation of your order, customers seeking a UK delivery will be asked to complete on online ‘Delivery Questionnaire’ to allow us to establish your specific delivery requirements. If your jukebox delivery does not qualify for free ‘Standard Delivery’ it is likely we will still be able to complete your delivery but additional charges may apply.\r\n\r\nFor deliveries outside the UK mainland, shipping costs to your desired location will be determined once your order has been received.\r\n\r\nPlease refer to our Shipping &amp; Delivery page for more information.\r\n\r\nIf you would like to obtain a delivery quote for any of our products before making a purchase, please Contact Us','Sl34 Vinyl Lp Jukebox','Bluetooth Jukebox,Test Keyword','The SL33’s mesmerizing, patented “auto flip” Vinyl LP mechanism holds 20 records, plays both A and B sides and can handle any combination of LP records or 12” singles with each playing at the appropriate speed. Our jukeboxes provide a multi-sensory experience like no other for music enthusiasts, as you watch the transfer arm carefully select the vinyl of choice and deliver it to the turntable, then ‘flip’ it over to present the desired side to the platter. With a truly unique combination of retro styling and captivating technology, the SL33 is guaranteed to always be the Centre of attention.',0,'2023-12-20 15:01:34','gallery/2.jpeg','gallery/demo-pdf.png'),(3,'Sl35 Vinyl Lp Jukebox','2023-05-23 01:17:19','2023-12-20 15:01:37','sl35-vinyl-lp-jukebox','SKU3',1,1699,1,'The SL33’s mesmerizing, patented “auto flip” Vinyl LP mechanism holds 20 records, plays both A and B sides and can handle any combination of LP records or 12” singles with each playing at the appropriate speed. Our jukeboxes provide a multi-sensory experience like no other for music enthusiasts, as you watch the transfer arm carefully select the vinyl of choice and deliver it to the turntable, then ‘flip’ it over to present the desired side to the platter. With a truly unique combination of retro styling and captivating technology, the SL33 is guaranteed to always be the Centre of attention.','<p>Honouring the iconic 1940’s Wurlitzer 1015 jukebox, this beautiful SL33 LP playing Jukebox features a hand-formed, single piece wooden cabinet, cast and chromed speaker grille and cabinet adornments, champagne dancing bubble tubes and, rotating title card display which enables you to quickly see track details for each of the 20 LP’s.\r\n\r\nThe mesmerising, patented “autoflip” Vinyl LP mechanism holds 20 records, plays both A and B sides and can handle any combination of LP records or 12” singles with each playing at the appropriate speed. Watching the lift arm gently collect a record from the storage rack then elevate and flip it to ensure the correct side is presented to the turntable is a fascinating experience which never fails to draw the attention of onlookers. The tone arm then automatically moves the high quality Audio Technica cartridge and stylus into the groove and after a short but tantalising pause, the performance begins.\r\n\r\nThe ‘Direct Play’ option makes it quick and easy to also play records which have not been loaded into the storage rack. Simply place your record on the turntable, choose the playback speed then select the A, B or both A &amp; B sides to utilise the ‘AutoFlip’ feature. Playback then begins immediately.\r\n\r\nRecord Selections can be quickly and easily made using the buttons on the jukebox or via the infra-red remote control, which also facilitates full control of all aspects of the jukebox from volume levels, input source, lighting control, shuffle modes and standby.\r\n\r\nInside the jukebox, Sound Leisure’s proprietary S3 UNITY jukebox platform ticks away keeping everything in order and working smoothly, while our custom designed SL-D4 amplifier and bespoke speaker setup work in tandem to provide a warm, solid, unmistakable jukebox sound which is widely regarded as the finest of any jukebox currently in production. SL-D4 amplifier also features an integrated Bluetooth receiver and auxiliary inputs and outputs so you can stream music to your jukebox from a compatible device and also connect smart devices such as Sonos and Alexa directly to the jukebox.\r\n\r\nFitted as standard with Sound Leisure’s low energy LED ‘Diamond Pack’ lighting solution, users can choose from a wide range of lighting styles and themes to suit their mood. Choose from traditional or modern themes, or from relaxing to invigorating patterns. Then adjust the brightness setting across individual illuminated areas of the cabinet to find your perfect mood.\r\n\r\nAll in all this is one truly impressive vinyl jukebox!\r\n\r\nIMPORTANT NOTE: This product is custom built to order. This may affect your rights as a consumer. Please consult our Terms and Conditions for more information.\r\n\r\nSound Leisure is the world’s leading Classic Jukebox manufacturer, producing unique, hand-built jukeboxes from our UK base. We have put over 40 years’ dedication, passion and experience into making every Sound Leisure Classic Jukebox and we’re happy to stand behind the claim, these are the best jukeboxes made anywhere in the world. As well as supplying a selection of games room products and accessories we also offer the only Custom jukebox build service in the world, producing ‘one off’ or low volume customised jukeboxes based on our extensive range of cabinets, models and Custom Shop options. Pick from our wide range of customisations to really make your jukebox unique, from a simple custom Name Plate through to an entirely bespoke jukebox design. Look out for the Custom Shop options when configuring any of our jukeboxes.</p>','Height 155cm, Width 83cm, Depth 70cm, Weight 130kg\r\n\r\nHandmade, single piece solid wood cabinet\r\nAluminium/zinc cast and chromed cabinet adornments\r\nPolycarbonate bubble tube covers (riot shield material)\r\nChoose from our wide range of finishes and veneers\r\nSelf-contained jukebox – Plug in… add records… play!\r\n20 x vinyl LP/12″ records + Bluetooth\r\nSelect A side, B side, or A and B sides with Auto Flip technology\r\nFull title card display – view full album details for all 20 records on the jukebox\r\nEnter multiple selections to build a playlist\r\nShuffle Play: A/B sides\r\nDirect play mode – play records as you would on a standard record player\r\nBluetooth receiver, stream music to your jukebox from your phone or mobile device\r\nPurpose-built SL-D4 jukebox amplifier\r\nDual, independent stereo speaker channels – control jukebox volume and auxiliary speaker volume independently\r\n60 watt RMS per channel\r\nBass, treble and mid EQ\r\nSwitchable Loudness settings (low volume bass boost)\r\nMicrophone Input with selectable ‘Karaoke’ or ‘Voice Over’ mode\r\nAux input – connect Sonos, Alexa or other smart devices for playback through your jukebox\r\nAux output – connect to external audio systems\r\nCustom speaker configuration with 2 x ported 5″ bass sub + Focal full range twin channel high quality drivers\r\nSound Leisure S3-UNITY jukebox platform – the simplest jukebox technology in the word\r\nInfra-red remote control\r\nDiamond Pack LED Lighting\r\nAuto dim LCD display (default 10s)\r\nLow power ‘sleep mode’\r\nAuto ‘sleep mode’ option (1 to 12 hours)\r\nFree 12-month subscription to Sound Leisure’s Label Magic Title Card printing software\r\n12-month standard warranty\r\nOptional 3 year extended warranty also available','This product is custom built to order. This may affect your rights as a consumer. Please consult our Terms and Conditions for more information.','* FREE UAE ‘STANDARD DELIVERY’\r\n\r\nEvery jukebox purchase includes free ‘Standard Delivery’ to a UK Mainland residence. (Terms &amp; Conditions apply.) Following confirmation of your order, customers seeking a UK delivery will be asked to complete on online ‘Delivery Questionnaire’ to allow us to establish your specific delivery requirements. If your jukebox delivery does not qualify for free ‘Standard Delivery’ it is likely we will still be able to complete your delivery but additional charges may apply.\r\n\r\nFor deliveries outside the UK mainland, shipping costs to your desired location will be determined once your order has been received.\r\n\r\nPlease refer to our Shipping &amp; Delivery page for more information.\r\n\r\nIf you would like to obtain a delivery quote for any of our products before making a purchase, please Contact Us','Sl35 Vinyl Lp Jukebox','Bluetooth Jukebox,Keyword 2,Keyword 3','The SL33’s mesmerizing, patented “auto flip” Vinyl LP mechanism holds 20 records, plays both A and B sides and can handle any combination of LP records or 12” singles with each playing at the appropriate speed. Our jukeboxes provide a multi-sensory experience like no other for music enthusiasts, as you watch the transfer arm carefully select the vinyl of choice and deliver it to the turntable, then ‘flip’ it over to present the desired side to the platter. With a truly unique combination of retro styling and captivating technology, the SL33 is guaranteed to always be the Centre of attention.',0,'2023-12-20 15:01:37','gallery/3.jpeg','gallery/demo-pdf.png'),(4,'Sl36 Vinyl Lp Jukebox','2023-05-25 08:15:35','2023-12-20 12:25:30','sl36-vinyl-lp-jukebox-646f667f87fb5','SKU4',1,1696,1,'Lorem Ipsum is simply dummy text of the printing and typesetting industry. Lorem Ipsum has been the industry\'s standard dummy text ever since the 1500s, when an unknown printer took a galley of type and scrambled it to make a type specimen book. It has survived not only five centuries, but also the leap into electronic typesetting, remaining essentially unchanged. It was popularised in the 1960s with the release of Letraset sheets containing Lorem Ipsum passages, and more recently with desktop publishing software like Aldus PageMaker including versions of Lorem Ipsum','<p><strong style=\"margin: 0px; padding: 0px; font-family: \" open=\"\" sans\",=\"\" arial,=\"\" sans-serif;=\"\" font-size:=\"\" 14px;=\"\" text-align:=\"\" justify;\"=\"\">Lorem Ipsum</strong><span style=\"font-family: \" open=\"\" sans\",=\"\" arial,=\"\" sans-serif;=\"\" font-size:=\"\" 14px;=\"\" text-align:=\"\" justify;\"=\"\">&nbsp;is simply dummy text of the printing and typesetting industry. Lorem Ipsum has been the industry\'s standard dummy text ever since the 1500s, when an unknown printer took a galley of type and scrambled it to make a type specimen book. It has survived not only five centuries, but also the leap into electronic typesetting, remaining essentially unchanged. It was popularised in the 1960s with the release of Letraset sheets containing Lorem Ipsum passages, and more recently with desktop publishing software like Aldus PageMaker including versions of Lorem Ipsum</span><br></p>','<p><strong style=\"margin: 0px; padding: 0px; font-family: \" open=\"\" sans\",=\"\" arial,=\"\" sans-serif;=\"\" font-size:=\"\" 14px;=\"\" text-align:=\"\" justify;\"=\"\">Lorem Ipsum</strong><span style=\"font-family: \" open=\"\" sans\",=\"\" arial,=\"\" sans-serif;=\"\" font-size:=\"\" 14px;=\"\" text-align:=\"\" justify;\"=\"\">&nbsp;is simply dummy text of the printing and typesetting industry. Lorem Ipsum has been the industry\'s standard dummy text ever since the 1500s, when an unknown printer took a galley of type and scrambled it to make a type specimen book. It has survived not only five centuries, but also the leap into electronic typesetting, remaining essentially unchanged. It was popularised in the 1960s with the release of Letraset sheets containing Lorem Ipsum passages, and more recently with desktop publishing software like Aldus PageMaker including versions of Lorem Ipsum</span><br></p>','This is a test product note','<p><strong style=\"margin: 0px; padding: 0px; font-family: \" open=\"\" sans\",=\"\" arial,=\"\" sans-serif;=\"\" font-size:=\"\" 14px;=\"\" text-align:=\"\" justify;\"=\"\">Lorem Ipsum</strong><span style=\"font-family: \" open=\"\" sans\",=\"\" arial,=\"\" sans-serif;=\"\" font-size:=\"\" 14px;=\"\" text-align:=\"\" justify;\"=\"\">&nbsp;is simply dummy text of the printing and typesetting industry. Lorem Ipsum has been the industry\'s standard dummy text ever since the 1500s, when an unknown printer took a galley of type and scrambled it to make a type specimen book. It has survived not only five centuries, but also the leap into electronic typesetting, remaining essentially unchanged. It was popularised in the 1960s with the release of Letraset sheets containing Lorem Ipsum passages, and more recently with desktop publishing software like Aldus PageMaker including versions of Lorem Ipsum</span><br></p>','Sl36 Vinyl Lp Jukebox','keyword 1,keyword 2,keyword 3','Lorem Ipsum is simply dummy text of the printing and typesetting industry. Lorem Ipsum has been the industry\'s standard dummy text ever since the 1500s, when an unknown printer took a galley of type and scrambled it to make a type specimen book. It has survived not only five centuries, but also the leap into electronic typesetting, remaining essentially unchanged.',0,'2023-12-20 12:25:30','gallery/4.jpeg','gallery/demo-pdf.png'),(5,'Test Demo Product','2023-06-06 07:17:21','2023-12-20 12:25:35','test-demo-product-647f2ad94b400','SKU5',1,1699,1,'This is a test description','<p>This is a test description<br></p>','<p>This is a test description<br></p>','This is a test description','<p>This is a test description<br></p>','Test Seo Title','keyword 1,keyword 2,keyword 3','This is a test description',0,'2023-12-20 12:25:35','gallery/5.jpeg','gallery/demo-pdf.png'),(13,'Peacock SL45 Vinyl Jukebox','2023-12-20 14:51:12','2024-03-06 17:09:14','peacock-sl45-vinyl-jukebox',NULL,1,1,1,'Paying homage to the classic jukeboxes of the 1940s, the Vinyl SL45 Jukebox has been lovingly created by our dedicated team. Honing the skills that come with a heritage of hand building jukeboxes for more than 40 years, our standards for quality are high to ensure that any Sound Leisure jukebox is a sound investment that rewards you for a lifetime.','<p style=\"box-sizing: inherit; margin-bottom: 1.5em; font-family: \" gill=\"\" sans\",=\"\" sans-serif;=\"\" font-size:=\"\" 16px;\"=\"\">Honouring the iconic 1940’s Wurlitzer 1015 jukebox, this beautiful SL45 Vinyl Jukebox features a hand-formed, single piece wooden cabinet, cast and chromed speaker grille and cabinet adornments, champagne dancing bubble tubes and our compact, rotating title card display which allow you to quickly see every single one of the 140 track selection at the jukebox, for easy and convenient track selections.</p><p style=\"box-sizing: inherit; margin-bottom: 1.5em; font-family: \" gill=\"\" sans\",=\"\" sans-serif;=\"\" font-size:=\"\" 16px;\"=\"\">Fitted as standard with Sound Leisure’s low energy LED ‘Diamond Pack’ lighting solution, users can choose from a wide range of lighting styles and themes to suit their mood. Choose from traditional or modern themes, or from relaxing to invigorating patterns. Then adjust the brightness setting across individual illuminated areas of the cabinet to find your perfect mood.</p><p style=\"box-sizing: inherit; margin-bottom: 1.5em; font-family: \" gill=\"\" sans\",=\"\" sans-serif;=\"\" font-size:=\"\" 16px;\"=\"\">Track selections can be quickly and easily made using the buttons on the jukebox or via the infra-red remote control. The remote also facilitates full control of all aspects of the jukebox, from the audio volume, input source, shuffle mode and standby.</p><p style=\"box-sizing: inherit; margin-bottom: 1.5em; font-family: \" gill=\"\" sans\",=\"\" sans-serif;=\"\" font-size:=\"\" 16px;\"=\"\">Inside the jukebox, Sound Leisure’s proprietary S3 UNITY jukebox platform ticks away keeping everything in order. The S3 UNITY Vinyl mechanism holds 70 x 7″ vinyl records, can independently play A or B sides (140 selections), can handle a mix of both small hole and large hole (dinked) vinyl and features track playback monitoring to auto skip scratched or skipping selections.</p><p style=\"box-sizing: inherit; margin-bottom: 1.5em; font-family: \" gill=\"\" sans\",=\"\" sans-serif;=\"\" font-size:=\"\" 16px;\"=\"\">Combined with the purpose built, SL-D4 jukebox amplifier, Sound Leisure jukeboxes create a warm, solid, unmistakably jukebox sound which our customers say is the best in the world. Add the Bluetooth receiver which allows you to stream music through your jukebox from any compatible device along with both auxiliary inputs and outputs for connecting smart devices such as Sonos and Alexa, and this is one truly impressive vinyl jukebox!</p><p></p><p style=\"box-sizing: inherit; margin-bottom: 1.5em; font-family: \" gill=\"\" sans\",=\"\" sans-serif;=\"\" font-size:=\"\" 16px;\"=\"\">Sound Leisure is the world’s leading Classic Jukebox manufacturer, producing unique, hand-built jukeboxes from their UK base. We put 40 years’ dedication, passion and experience into making every Sound Leisure Classic Jukebox and we’re happy to stand behind the claim these are the best jukeboxes made anywhere in the world.&nbsp;As well as supplying a selection of games room products and accessories we also offer the only bespoke jukebox build service in the world, producing one off or low volume customised jukeboxes based on our extensive range of cabinets, models and Custom Shop options.&nbsp;<span data-ogsc=\"rgb(0, 0, 0)\" data-ogsb=\"rgb(255, 255, 255)\" style=\"box-sizing: inherit;\">Pick from our wide range of customisations&nbsp;</span><span data-ogsc=\"rgb(0, 0, 0)\" data-ogsb=\"rgb(255, 255, 255)\" style=\"box-sizing: inherit;\">to really make your jukebox unique, from a simple custom Name Plate through to an entirely bespoke jukebox design.&nbsp;</span><span data-ogsc=\"rgb(0, 0, 0)\" data-ogsb=\"rgb(255, 255, 255)\" style=\"box-sizing: inherit;\">Look out for the Custom Shop options when configuring any of our jukeboxes.&nbsp;</span></p>','<p style=\"box-sizing: inherit; margin-bottom: 1.5em; font-family: \" gill=\"\" sans\",=\"\" sans-serif;=\"\" font-size:=\"\" 16px;\"=\"\">Height 155cm, Width 83cm, Depth 70cm, Weight 130kg</p><ul style=\"box-sizing: inherit; margin-right: 0px; margin-bottom: 1.5em; margin-left: 0px; list-style-position: initial; list-style-image: initial; padding-left: 20px; font-family: \" gill=\"\" sans\",=\"\" sans-serif;=\"\" font-size:=\"\" 16px;\"=\"\"><li style=\"box-sizing: inherit;\">Handmade, single piece solid wooden cabinet</li><li style=\"box-sizing: inherit;\">Aluminium / zinc cast decorative cabinet adornments finished in brushed gold</li><li style=\"box-sizing: inherit;\">Unique ‘Peacock’ artwork in jukebox pilasters and internal areas, only available on this model</li><li style=\"box-sizing: inherit;\">Polycarbonate bubble tube covers (riot shield material)</li><li style=\"box-sizing: inherit;\">Self-contained jukebox – Plug in… add records… play!</li><li style=\"box-sizing: inherit;\">70 x vinyl singles capacity, 140 selections + Bluetooth.</li><li style=\"box-sizing: inherit;\">Mix and match small hole and large hole (dinked) vinyl records. Our mechanism plays them both!</li><li style=\"box-sizing: inherit;\">Full title card display – view all 140 selections on the jukebox</li><li style=\"box-sizing: inherit;\">Enter multiple selections to build a playlist</li><li style=\"box-sizing: inherit;\">Shuffle play: (a) A side only (b) A and B side (c) Sequential</li><li style=\"box-sizing: inherit;\">Bluetooth receiver, stream music to your jukebox from your phone or mobile device</li><li style=\"box-sizing: inherit;\">Purpose-built SL-D4 jukebox amplifier</li><li style=\"box-sizing: inherit;\">Dual, independent stereo speaker channels – control jukebox volume and auxiliary speaker volume independently</li><li style=\"box-sizing: inherit;\">60watt RMS per change</li><li style=\"box-sizing: inherit;\">Bass, treble and mid EQ</li><li style=\"box-sizing: inherit;\">Switchable Loudness settings (low volume bass boost)</li><li style=\"box-sizing: inherit;\">Microphone Input with selectable ‘Karaoke’ or ‘Voice Over’ mode</li><li style=\"box-sizing: inherit;\">Aux input – connect Sonos, Alexa or other smart devices for playback through your jukebox</li><li style=\"box-sizing: inherit;\">Aux output – connect to external audio systems</li><li style=\"box-sizing: inherit;\">5 way tuned speaker enclosure with 1x (ported) bass and 2x mid-range speakers and 2x integrated cabinet tweeters</li><li style=\"box-sizing: inherit;\">Sound Leisure S3-UNITY jukebox platform – the simplest jukebox technology in the world.</li><li style=\"box-sizing: inherit;\">Infra-red remote control</li><li style=\"box-sizing: inherit;\">Fully functioning UK (£) coin mechanism fitted as standard (other currencies available at additional cost.)</li><li style=\"box-sizing: inherit;\">Diamond Pack LED lighting</li><li style=\"box-sizing: inherit;\">Auto dim LCD display (default 10s)</li><li style=\"box-sizing: inherit;\">Low power ‘sleep mode’</li><li style=\"box-sizing: inherit;\">Auto ‘sleep mode’ option (1 to 12 hours)</li><li style=\"box-sizing: inherit;\">Free 12-month subscription to Sound Leisure’s Label Magic Title Card printing software</li><li style=\"box-sizing: inherit;\">12-month standard warranty</li><li style=\"box-sizing: inherit;\">Optional 3 year extended warranty also available</li></ul>','This product is custom built to order.  This may affect your rights as a consumer. Please consult our Terms and Conditions for more information.','<p style=\"box-sizing: inherit; margin-bottom: 1.5em; font-family: \" gill=\"\" sans\",=\"\" sans-serif;=\"\" font-size:=\"\" 16px;\"=\"\">Every jukebox purchase includes free ‘Standard Delivery’ to a UK Mainland residence. (<em style=\"box-sizing: inherit;\">Terms &amp; Conditions apply.)</em>&nbsp;Following confirmation of your order, customers seeking a UK delivery will be asked to complete on online ‘Delivery Questionnaire’ to allow us to establish your specific delivery requirements. If your jukebox delivery does not qualify for free ‘Standard Delivery’ it is likely we will still be able to complete your delivery but additional charges may apply.</p><p style=\"box-sizing: inherit; margin-bottom: 1.5em; font-family: \" gill=\"\" sans\",=\"\" sans-serif;=\"\" font-size:=\"\" 16px;\"=\"\">For deliveries outside the UK mainland, shipping costs to your desired location will be determined once your order has been received.</p>',NULL,NULL,NULL,0,NULL,'gallery/peacock-sl-quartershot.jpg','gallery/'),(14,'Developer BWC','2023-12-21 12:42:14','2023-12-21 12:42:37','developer-bwc-6583fa6610594',NULL,0,1,1,'Developer BWC  Developer BWC Developer BWC Developer BWC Developer BWC Developer BWC Developer BWC','<p>&nbsp;Developer BWC&nbsp; Developer BWC Developer BWC Developer BWC Developer BWC Developer BWC Developer BWC&nbsp;</p>','<p>&nbsp;Developer BWC&nbsp; Developer BWC Developer BWC Developer BWC Developer BWC Developer BWC Developer BWC&nbsp;</p>','Developer BWC  Developer BWC Developer BWC Developer BWC Developer BWC Developer BWC Developer BWC','<p>&nbsp;Developer BWC&nbsp; Developer BWC Developer BWC Developer BWC Developer BWC Developer BWC Developer BWC&nbsp;</p>',NULL,NULL,NULL,0,'2023-12-21 12:42:37','gallery/peacock-sl-quartershot.jpg','gallery/delta-21-nitro-dash.webp'),(15,'Peacock SL45 Vinyl Jukebox - Copy','2023-12-21 18:03:19','2023-12-21 18:03:45','peacock-sl45-vinyl-jukebox-6582c72035f64 - Copy',NULL,1,1,1,'Paying homage to the classic jukeboxes of the 1940s, the Vinyl SL45 Jukebox has been lovingly created by our dedicated team. Honing the skills that come with a heritage of hand building jukeboxes for more than 40 years, our standards for quality are high to ensure that any Sound Leisure jukebox is a sound investment that rewards you for a lifetime.','<p style=\"box-sizing: inherit; margin-bottom: 1.5em; font-family: \" gill=\"\" sans\",=\"\" sans-serif;=\"\" font-size:=\"\" 16px;\"=\"\">Honouring the iconic 1940’s Wurlitzer 1015 jukebox, this beautiful SL45 Vinyl Jukebox features a hand-formed, single piece wooden cabinet, cast and chromed speaker grille and cabinet adornments, champagne dancing bubble tubes and our compact, rotating title card display which allow you to quickly see every single one of the 140 track selection at the jukebox, for easy and convenient track selections.</p><p style=\"box-sizing: inherit; margin-bottom: 1.5em; font-family: \" gill=\"\" sans\",=\"\" sans-serif;=\"\" font-size:=\"\" 16px;\"=\"\">Fitted as standard with Sound Leisure’s low energy LED ‘Diamond Pack’ lighting solution, users can choose from a wide range of lighting styles and themes to suit their mood. Choose from traditional or modern themes, or from relaxing to invigorating patterns. Then adjust the brightness setting across individual illuminated areas of the cabinet to find your perfect mood.</p><p style=\"box-sizing: inherit; margin-bottom: 1.5em; font-family: \" gill=\"\" sans\",=\"\" sans-serif;=\"\" font-size:=\"\" 16px;\"=\"\">Track selections can be quickly and easily made using the buttons on the jukebox or via the infra-red remote control. The remote also facilitates full control of all aspects of the jukebox, from the audio volume, input source, shuffle mode and standby.</p><p style=\"box-sizing: inherit; margin-bottom: 1.5em; font-family: \" gill=\"\" sans\",=\"\" sans-serif;=\"\" font-size:=\"\" 16px;\"=\"\">Inside the jukebox, Sound Leisure’s proprietary S3 UNITY jukebox platform ticks away keeping everything in order. The S3 UNITY Vinyl mechanism holds 70 x 7″ vinyl records, can independently play A or B sides (140 selections), can handle a mix of both small hole and large hole (dinked) vinyl and features track playback monitoring to auto skip scratched or skipping selections.</p><p style=\"box-sizing: inherit; margin-bottom: 1.5em; font-family: \" gill=\"\" sans\",=\"\" sans-serif;=\"\" font-size:=\"\" 16px;\"=\"\">Combined with the purpose built, SL-D4 jukebox amplifier, Sound Leisure jukeboxes create a warm, solid, unmistakably jukebox sound which our customers say is the best in the world. Add the Bluetooth receiver which allows you to stream music through your jukebox from any compatible device along with both auxiliary inputs and outputs for connecting smart devices such as Sonos and Alexa, and this is one truly impressive vinyl jukebox!</p><p></p><p style=\"box-sizing: inherit; margin-bottom: 1.5em; font-family: \" gill=\"\" sans\",=\"\" sans-serif;=\"\" font-size:=\"\" 16px;\"=\"\">Sound Leisure is the world’s leading Classic Jukebox manufacturer, producing unique, hand-built jukeboxes from their UK base. We put 40 years’ dedication, passion and experience into making every Sound Leisure Classic Jukebox and we’re happy to stand behind the claim these are the best jukeboxes made anywhere in the world.&nbsp;As well as supplying a selection of games room products and accessories we also offer the only bespoke jukebox build service in the world, producing one off or low volume customised jukeboxes based on our extensive range of cabinets, models and Custom Shop options.&nbsp;<span data-ogsc=\"rgb(0, 0, 0)\" data-ogsb=\"rgb(255, 255, 255)\" style=\"box-sizing: inherit;\">Pick from our wide range of customisations&nbsp;</span><span data-ogsc=\"rgb(0, 0, 0)\" data-ogsb=\"rgb(255, 255, 255)\" style=\"box-sizing: inherit;\">to really make your jukebox unique, from a simple custom Name Plate through to an entirely bespoke jukebox design.&nbsp;</span><span data-ogsc=\"rgb(0, 0, 0)\" data-ogsb=\"rgb(255, 255, 255)\" style=\"box-sizing: inherit;\">Look out for the Custom Shop options when configuring any of our jukeboxes.&nbsp;</span></p>','<p style=\"box-sizing: inherit; margin-bottom: 1.5em; font-family: \" gill=\"\" sans\",=\"\" sans-serif;=\"\" font-size:=\"\" 16px;\"=\"\">Height 155cm, Width 83cm, Depth 70cm, Weight 130kg</p><ul style=\"box-sizing: inherit; margin-right: 0px; margin-bottom: 1.5em; margin-left: 0px; list-style-position: initial; list-style-image: initial; padding-left: 20px; font-family: \" gill=\"\" sans\",=\"\" sans-serif;=\"\" font-size:=\"\" 16px;\"=\"\"><li style=\"box-sizing: inherit;\">Handmade, single piece solid wooden cabinet</li><li style=\"box-sizing: inherit;\">Aluminium / zinc cast decorative cabinet adornments finished in brushed gold</li><li style=\"box-sizing: inherit;\">Unique ‘Peacock’ artwork in jukebox pilasters and internal areas, only available on this model</li><li style=\"box-sizing: inherit;\">Polycarbonate bubble tube covers (riot shield material)</li><li style=\"box-sizing: inherit;\">Self-contained jukebox – Plug in… add records… play!</li><li style=\"box-sizing: inherit;\">70 x vinyl singles capacity, 140 selections + Bluetooth.</li><li style=\"box-sizing: inherit;\">Mix and match small hole and large hole (dinked) vinyl records. Our mechanism plays them both!</li><li style=\"box-sizing: inherit;\">Full title card display – view all 140 selections on the jukebox</li><li style=\"box-sizing: inherit;\">Enter multiple selections to build a playlist</li><li style=\"box-sizing: inherit;\">Shuffle play: (a) A side only (b) A and B side (c) Sequential</li><li style=\"box-sizing: inherit;\">Bluetooth receiver, stream music to your jukebox from your phone or mobile device</li><li style=\"box-sizing: inherit;\">Purpose-built SL-D4 jukebox amplifier</li><li style=\"box-sizing: inherit;\">Dual, independent stereo speaker channels – control jukebox volume and auxiliary speaker volume independently</li><li style=\"box-sizing: inherit;\">60watt RMS per change</li><li style=\"box-sizing: inherit;\">Bass, treble and mid EQ</li><li style=\"box-sizing: inherit;\">Switchable Loudness settings (low volume bass boost)</li><li style=\"box-sizing: inherit;\">Microphone Input with selectable ‘Karaoke’ or ‘Voice Over’ mode</li><li style=\"box-sizing: inherit;\">Aux input – connect Sonos, Alexa or other smart devices for playback through your jukebox</li><li style=\"box-sizing: inherit;\">Aux output – connect to external audio systems</li><li style=\"box-sizing: inherit;\">5 way tuned speaker enclosure with 1x (ported) bass and 2x mid-range speakers and 2x integrated cabinet tweeters</li><li style=\"box-sizing: inherit;\">Sound Leisure S3-UNITY jukebox platform – the simplest jukebox technology in the world.</li><li style=\"box-sizing: inherit;\">Infra-red remote control</li><li style=\"box-sizing: inherit;\">Fully functioning UK (£) coin mechanism fitted as standard (other currencies available at additional cost.)</li><li style=\"box-sizing: inherit;\">Diamond Pack LED lighting</li><li style=\"box-sizing: inherit;\">Auto dim LCD display (default 10s)</li><li style=\"box-sizing: inherit;\">Low power ‘sleep mode’</li><li style=\"box-sizing: inherit;\">Auto ‘sleep mode’ option (1 to 12 hours)</li><li style=\"box-sizing: inherit;\">Free 12-month subscription to Sound Leisure’s Label Magic Title Card printing software</li><li style=\"box-sizing: inherit;\">12-month standard warranty</li><li style=\"box-sizing: inherit;\">Optional 3 year extended warranty also available</li></ul>','This product is custom built to order.  This may affect your rights as a consumer. Please consult our Terms and Conditions for more information.','<p style=\"box-sizing: inherit; margin-bottom: 1.5em; font-family: \" gill=\"\" sans\",=\"\" sans-serif;=\"\" font-size:=\"\" 16px;\"=\"\">Every jukebox purchase includes free ‘Standard Delivery’ to a UK Mainland residence. (<em style=\"box-sizing: inherit;\">Terms &amp; Conditions apply.)</em>&nbsp;Following confirmation of your order, customers seeking a UK delivery will be asked to complete on online ‘Delivery Questionnaire’ to allow us to establish your specific delivery requirements. If your jukebox delivery does not qualify for free ‘Standard Delivery’ it is likely we will still be able to complete your delivery but additional charges may apply.</p><p style=\"box-sizing: inherit; margin-bottom: 1.5em; font-family: \" gill=\"\" sans\",=\"\" sans-serif;=\"\" font-size:=\"\" 16px;\"=\"\">For deliveries outside the UK mainland, shipping costs to your desired location will be determined once your order has been received.</p>',NULL,NULL,NULL,0,'2023-12-21 18:03:45','gallery/peacock-sl-quartershot.jpg','gallery/'),(16,'Jackson Carpenter','2023-12-21 18:04:23','2023-12-21 18:04:35','jackson-carpenter-658445e711e9d','Perferendis illo opt',0,1,1,'Aperiam corporis dolAperiam corporis dol','Cumque quis ut repel.Aperiam corporis dol','<p><br></p>','Ut ut ipsa rerum eaAperiam corporis dol','<p><br></p>',NULL,NULL,NULL,0,'2023-12-21 18:04:35','gallery/peacock-sl-quartershot.jpg','gallery/delta-10-inch.webp'),(17,'Peacock SL45 Vinyl Jukebox - Copy','2023-12-28 12:25:10','2023-12-28 12:58:50','peacock-sl45-vinyl-jukebox - Copy',NULL,1,1,1,'Paying homage to the classic jukeboxes of the 1940s, the Vinyl SL45 Jukebox has been lovingly created by our dedicated team. Honing the skills that come with a heritage of hand building jukeboxes for more than 40 years, our standards for quality are high to ensure that any Sound Leisure jukebox is a sound investment that rewards you for a lifetime.','<p style=\"box-sizing: inherit; margin-bottom: 1.5em; font-family: \" gill=\"\" sans\",=\"\" sans-serif;=\"\" font-size:=\"\" 16px;\"=\"\">Honouring the iconic 1940’s Wurlitzer 1015 jukebox, this beautiful SL45 Vinyl Jukebox features a hand-formed, single piece wooden cabinet, cast and chromed speaker grille and cabinet adornments, champagne dancing bubble tubes and our compact, rotating title card display which allow you to quickly see every single one of the 140 track selection at the jukebox, for easy and convenient track selections.</p><p style=\"box-sizing: inherit; margin-bottom: 1.5em; font-family: \" gill=\"\" sans\",=\"\" sans-serif;=\"\" font-size:=\"\" 16px;\"=\"\">Fitted as standard with Sound Leisure’s low energy LED ‘Diamond Pack’ lighting solution, users can choose from a wide range of lighting styles and themes to suit their mood. Choose from traditional or modern themes, or from relaxing to invigorating patterns. Then adjust the brightness setting across individual illuminated areas of the cabinet to find your perfect mood.</p><p style=\"box-sizing: inherit; margin-bottom: 1.5em; font-family: \" gill=\"\" sans\",=\"\" sans-serif;=\"\" font-size:=\"\" 16px;\"=\"\">Track selections can be quickly and easily made using the buttons on the jukebox or via the infra-red remote control. The remote also facilitates full control of all aspects of the jukebox, from the audio volume, input source, shuffle mode and standby.</p><p style=\"box-sizing: inherit; margin-bottom: 1.5em; font-family: \" gill=\"\" sans\",=\"\" sans-serif;=\"\" font-size:=\"\" 16px;\"=\"\">Inside the jukebox, Sound Leisure’s proprietary S3 UNITY jukebox platform ticks away keeping everything in order. The S3 UNITY Vinyl mechanism holds 70 x 7″ vinyl records, can independently play A or B sides (140 selections), can handle a mix of both small hole and large hole (dinked) vinyl and features track playback monitoring to auto skip scratched or skipping selections.</p><p style=\"box-sizing: inherit; margin-bottom: 1.5em; font-family: \" gill=\"\" sans\",=\"\" sans-serif;=\"\" font-size:=\"\" 16px;\"=\"\">Combined with the purpose built, SL-D4 jukebox amplifier, Sound Leisure jukeboxes create a warm, solid, unmistakably jukebox sound which our customers say is the best in the world. Add the Bluetooth receiver which allows you to stream music through your jukebox from any compatible device along with both auxiliary inputs and outputs for connecting smart devices such as Sonos and Alexa, and this is one truly impressive vinyl jukebox!</p><p></p><p style=\"box-sizing: inherit; margin-bottom: 1.5em; font-family: \" gill=\"\" sans\",=\"\" sans-serif;=\"\" font-size:=\"\" 16px;\"=\"\">Sound Leisure is the world’s leading Classic Jukebox manufacturer, producing unique, hand-built jukeboxes from their UK base. We put 40 years’ dedication, passion and experience into making every Sound Leisure Classic Jukebox and we’re happy to stand behind the claim these are the best jukeboxes made anywhere in the world.&nbsp;As well as supplying a selection of games room products and accessories we also offer the only bespoke jukebox build service in the world, producing one off or low volume customised jukeboxes based on our extensive range of cabinets, models and Custom Shop options.&nbsp;<span data-ogsc=\"rgb(0, 0, 0)\" data-ogsb=\"rgb(255, 255, 255)\" style=\"box-sizing: inherit;\">Pick from our wide range of customisations&nbsp;</span><span data-ogsc=\"rgb(0, 0, 0)\" data-ogsb=\"rgb(255, 255, 255)\" style=\"box-sizing: inherit;\">to really make your jukebox unique, from a simple custom Name Plate through to an entirely bespoke jukebox design.&nbsp;</span><span data-ogsc=\"rgb(0, 0, 0)\" data-ogsb=\"rgb(255, 255, 255)\" style=\"box-sizing: inherit;\">Look out for the Custom Shop options when configuring any of our jukeboxes.&nbsp;</span></p>','<p style=\"box-sizing: inherit; margin-bottom: 1.5em; font-family: \" gill=\"\" sans\",=\"\" sans-serif;=\"\" font-size:=\"\" 16px;\"=\"\">Height 155cm, Width 83cm, Depth 70cm, Weight 130kg</p><ul style=\"box-sizing: inherit; margin-right: 0px; margin-bottom: 1.5em; margin-left: 0px; list-style-position: initial; list-style-image: initial; padding-left: 20px; font-family: \" gill=\"\" sans\",=\"\" sans-serif;=\"\" font-size:=\"\" 16px;\"=\"\"><li style=\"box-sizing: inherit;\">Handmade, single piece solid wooden cabinet</li><li style=\"box-sizing: inherit;\">Aluminium / zinc cast decorative cabinet adornments finished in brushed gold</li><li style=\"box-sizing: inherit;\">Unique ‘Peacock’ artwork in jukebox pilasters and internal areas, only available on this model</li><li style=\"box-sizing: inherit;\">Polycarbonate bubble tube covers (riot shield material)</li><li style=\"box-sizing: inherit;\">Self-contained jukebox – Plug in… add records… play!</li><li style=\"box-sizing: inherit;\">70 x vinyl singles capacity, 140 selections + Bluetooth.</li><li style=\"box-sizing: inherit;\">Mix and match small hole and large hole (dinked) vinyl records. Our mechanism plays them both!</li><li style=\"box-sizing: inherit;\">Full title card display – view all 140 selections on the jukebox</li><li style=\"box-sizing: inherit;\">Enter multiple selections to build a playlist</li><li style=\"box-sizing: inherit;\">Shuffle play: (a) A side only (b) A and B side (c) Sequential</li><li style=\"box-sizing: inherit;\">Bluetooth receiver, stream music to your jukebox from your phone or mobile device</li><li style=\"box-sizing: inherit;\">Purpose-built SL-D4 jukebox amplifier</li><li style=\"box-sizing: inherit;\">Dual, independent stereo speaker channels – control jukebox volume and auxiliary speaker volume independently</li><li style=\"box-sizing: inherit;\">60watt RMS per change</li><li style=\"box-sizing: inherit;\">Bass, treble and mid EQ</li><li style=\"box-sizing: inherit;\">Switchable Loudness settings (low volume bass boost)</li><li style=\"box-sizing: inherit;\">Microphone Input with selectable ‘Karaoke’ or ‘Voice Over’ mode</li><li style=\"box-sizing: inherit;\">Aux input – connect Sonos, Alexa or other smart devices for playback through your jukebox</li><li style=\"box-sizing: inherit;\">Aux output – connect to external audio systems</li><li style=\"box-sizing: inherit;\">5 way tuned speaker enclosure with 1x (ported) bass and 2x mid-range speakers and 2x integrated cabinet tweeters</li><li style=\"box-sizing: inherit;\">Sound Leisure S3-UNITY jukebox platform – the simplest jukebox technology in the world.</li><li style=\"box-sizing: inherit;\">Infra-red remote control</li><li style=\"box-sizing: inherit;\">Fully functioning UK (£) coin mechanism fitted as standard (other currencies available at additional cost.)</li><li style=\"box-sizing: inherit;\">Diamond Pack LED lighting</li><li style=\"box-sizing: inherit;\">Auto dim LCD display (default 10s)</li><li style=\"box-sizing: inherit;\">Low power ‘sleep mode’</li><li style=\"box-sizing: inherit;\">Auto ‘sleep mode’ option (1 to 12 hours)</li><li style=\"box-sizing: inherit;\">Free 12-month subscription to Sound Leisure’s Label Magic Title Card printing software</li><li style=\"box-sizing: inherit;\">12-month standard warranty</li><li style=\"box-sizing: inherit;\">Optional 3 year extended warranty also available</li></ul>','This product is custom built to order.  This may affect your rights as a consumer. Please consult our Terms and Conditions for more information.','<p style=\"box-sizing: inherit; margin-bottom: 1.5em; font-family: \" gill=\"\" sans\",=\"\" sans-serif;=\"\" font-size:=\"\" 16px;\"=\"\">Every jukebox purchase includes free ‘Standard Delivery’ to a UK Mainland residence. (<em style=\"box-sizing: inherit;\">Terms &amp; Conditions apply.)</em>&nbsp;Following confirmation of your order, customers seeking a UK delivery will be asked to complete on online ‘Delivery Questionnaire’ to allow us to establish your specific delivery requirements. If your jukebox delivery does not qualify for free ‘Standard Delivery’ it is likely we will still be able to complete your delivery but additional charges may apply.</p><p style=\"box-sizing: inherit; margin-bottom: 1.5em; font-family: \" gill=\"\" sans\",=\"\" sans-serif;=\"\" font-size:=\"\" 16px;\"=\"\">For deliveries outside the UK mainland, shipping costs to your desired location will be determined once your order has been received.</p>',NULL,NULL,NULL,0,'2023-12-28 12:58:50','gallery/peacock-sl-quartershot.jpg','gallery/'),(18,'Diagonal Indoor Pool Table','2023-12-28 15:46:16','2024-01-22 08:55:06','diagonal-indoor-pool-table-658d60086e122',NULL,0,1,1,'A pleasant setting. Great company. Good music. And perfect lighting. Fancy a drink? This moment of quiet downtime has your name and that of the Diagonal pool table all over it.','<p style=\"margin-bottom: 0.9rem; font-family: Montserrat, sans-serif;\">Just as a diagonal line crosses a space from end to end, RS Barcelona’s designer pool table imbues any room with design, elegance and playful attitude. Diagonal is inspired by the perfect lines of this game and by one of the main thoroughfares of Barcelona, the city where it’s manufactured.</p><p style=\"margin-bottom: 0.9rem; font-family: Montserrat, sans-serif;\">And this is reflected in its design, in the simple forms and ingenious lines that give it a unique, timeless quality. Diagonal strikes the perfect balance between design and playability. With its sleek, modern lines and its range of high-quality finishes, it graces any setting, whether standing alone or together with one of our football tables or ping-pong tables.</p><p style=\"margin-bottom: 0.9rem; font-family: Montserrat, sans-serif;\">You can choose from a variety of colours ranging from sedate black to bright white, striking red, casually elegant green or navy blue.</p><p style=\"margin-bottom: 0.9rem; font-family: Montserrat, sans-serif;\">The Diagonal pool table comes in two sizes, 8 ft American and 7 ft American, in order to meet different space requirements.</p><p style=\"margin-bottom: 0.9rem; font-family: Montserrat, sans-serif;\">It has a steel structure with a polyester paint finish. For the board we’ve opted for a single compact fibre cement slab, which is tougher and more sustainable than slate. Finally, the iroko, walnut or oak wood details can be combined with the colour of the structure and cloth in order to create a unique item.</p><p style=\"margin-bottom: 0.9rem; font-family: Montserrat, sans-serif;\">The table is designed to be easily assembled, so there’s no need to hire a team of specialists to set it up for you.</p><p style=\"margin-bottom: 0.9rem; font-family: Montserrat, sans-serif;\">Enjoy the game without compromising on design.</p><p style=\"margin-bottom: 0.9rem; font-family: Montserrat, sans-serif;\">You can store all your pool accessories in our&nbsp;<a href=\"https://rsbarcelona.com/en/producto/diagonal-floor-cue-rack-indoor/\" style=\"text-decoration: none; color: rgb(0, 0, 0); box-shadow: none;\"><span style=\"font-weight: bolder;\">Diagonal floor cue rack</span></a>&nbsp;version. And if you’d also like to use the pool table as a dining table, our&nbsp;<a href=\"https://rsbarcelona.com/en/producto/diagonal-pool-table-dining-top/\" style=\"text-decoration: none; color: rgb(0, 0, 0); box-shadow: none;\"><span style=\"font-weight: bolder;\">dining top</span></a>&nbsp;offers you this double functionality.</p><p></p><p style=\"margin-bottom: 0.9rem; font-family: Montserrat, sans-serif;\">Also available in&nbsp;<a href=\"https://rsbarcelona.com/en/producto/diagonal-pool-table-outdoor/\" style=\"text-decoration: none; color: rgb(0, 0, 0); box-shadow: none;\"><span style=\"font-weight: bolder;\">outdoor</span></a>&nbsp;use version.</p>','<p><br></p>',NULL,'<p><br></p>',NULL,NULL,NULL,0,NULL,'gallery/tileimage.jpg','gallery/'),(19,'Rocket Vinyl Jukebox','2024-01-02 14:11:08','2024-01-22 08:54:32','rocket-vinyl-jukebox-6593e13c58098',NULL,0,1,1,'In 1951, Ohio disc jockey Alan Freed first coined the phrase ‘rock & roll’ to describe an emerging style of music which mixed gospel, rhythm and blues and country music in a hard driving, dynamic blend. Over the next decade ‘rock & roll’ was adopted by suburban teenagers across the globe and went on to influence significant cultural and social change. Our Rocket jukebox transports you back in time to the frenzied mid 50s and the sound that transformed everything. A true jewel in Sound Leisure’s crown, we were the first manufacturer in the world to release a tribute to what is known as the ‘Silver Age’ of jukeboxes. Adorned with chromed-cast furniture reminiscent of the Detroit automobiles of the era, the Rocket oozes 1950s cool and offers a mind-blowing blast of nostalgia, while Sound Leisure’s industry-leading S3 Unity jukebox platform and vinyl mechanism brings the machine bang up-to-date with modern technology and features.','<p style=\"box-sizing: inherit; margin-bottom: 1.5em; font-family: \" gill=\"\" sans\",=\"\" sans-serif;=\"\" font-size:=\"\" 16px;\"=\"\">This stunning 50s styled jukebox takes its name from the song, ‘Rocket 88’ by Jackie Brenston and the Delta Cats. The 1951 song has been hailed as the first true ‘rock &amp; roll’ record and our Rocket jukebox certainly has the sound and looks to live up to the notoriety. Featuring graceful, sweeping cabinet chrome-work and a combination of shaped glass and subtle lighting, the Rocket jukebox draws attention but retains an air of elegance ensuring it look amazing in any location. Finished as standard in natural, warm medium oak the cabinet can also be specified in a wide range of finishes or colours.</p><p style=\"box-sizing: inherit; margin-bottom: 1.5em; font-family: \" gill=\"\" sans\",=\"\" sans-serif;=\"\" font-size:=\"\" 16px;\"=\"\">How about elegant Turquoise or bold Red to really rock the 50’s look, or Anthracite Grey to add a smart, contemporary edge, the choice is entirely yours! The Rocket is also our go to model for many of our ‘Custom Shop’ creations, so if you’re aiming for a unique, one off jukebox that’s got your own twist, it’s a great place to start. Many of our best known Custom Shop models are based on this flexible cabinet, including the Marshall jukebox and The Beatles, Sgt Peppers Jukebox.</p><p style=\"box-sizing: inherit; margin-bottom: 1.5em; font-family: \" gill=\"\" sans\",=\"\" sans-serif;=\"\" font-size:=\"\" 16px;\"=\"\">The unique rotating vinyl mechanism was developed in house by Sound Leisure and was launched in 2016, making the Rocket the first production vinyl jukebox manufactured anywhere in the world for over 20 years. It holds 70 records and can play both the A and B side of ‘dinked’ or ‘undinked’ records. The revolving title rack allows you to easily view and make selections from every track held on the jukebox and our popular Label Magic software enables you to create your very own record labels, so you can mix up the music selection whenever you choose. Records are selected directly from the buttons on the jukebox or via the infra-red remote, which also controls all the other jukebox features such as shuffle play, lighting, record reject and volume.</p><p style=\"box-sizing: inherit; margin-bottom: 1.5em; font-family: \" gill=\"\" sans\",=\"\" sans-serif;=\"\" font-size:=\"\" 16px;\"=\"\">A Bluetooth receiver allows music to be streamed through the jukebox from any compatible device and the purpose made SL-D4 jukebox amplifier includes auxiliary inputs and outputs to connect with other smart technologies such as Alexa and Sonos. External speakers can also be connected and controlled independently from the jukebox.</p><p style=\"box-sizing: inherit; margin-bottom: 1.5em; font-family: \" gill=\"\" sans\",=\"\" sans-serif;=\"\" font-size:=\"\" 16px;\"=\"\">F<span data-sheets-formula-bar-text-style=\"font-size:11px;color:#00b050;font-weight:normal;text-decoration:none;font-family:\'\'docs-Calibri\'\';font-style:normal;text-decoration-skip-ink:none;\" style=\"box-sizing: inherit;\">itted as standard with our low energy efficient LED lighting, this model can also be upgraded with our amazing ‘Diamond Pack’ add-on which takes the Rocket’s lighting to the next level!&nbsp;</span><span data-sheets-formula-bar-text-style=\"font-size:11px;color:#00b050;font-weight:normal;text-decoration:none;font-family:\'\'docs-Calibri\'\';font-style:normal;text-decoration-skip-ink:none;\" style=\"box-sizing: inherit;\">F</span>eaturing 10 pre-set lighting patterns you can independently alter the illumination settings of each area of the cabinet, from the grille to the mechanism display area, then hold a desired pattern or adjust the individual brightness levels for each area.</p><p style=\"box-sizing: inherit; margin-bottom: 1.5em; font-family: \" gill=\"\" sans\",=\"\" sans-serif;=\"\" font-size:=\"\" 16px;\"=\"\">The stunning vinyl Rocket jukebox has been a tremendously popular model with customers across the world since its launch in 2016 and is now also available with Sound Leisure’s CD, Vinyl LP or Digital jukebox technologies. With an extensive list of cabinet finishes, add-ons and Custom Shop options this versatile model can be tailored to look stylish and traditional, or bold and contemporary. If you have any questions about any of our jukebox cabinets or options, please just get in touch, we’re happy to walk you through all the details.</p><p></p><p style=\"box-sizing: inherit; font-family: \" gill=\"\" sans\",=\"\" sans-serif;=\"\" font-size:=\"\" 16px;=\"\" margin-bottom:=\"\" 0px=\"\" !important;\"=\"\">Sound Leisure is the world’s leading Classic Jukebox manufacturer, producing unique, hand-built jukeboxes from its UK base while also supplying a selection of games room products and accessories. Sound Leisure refines and refreshes the legendary designs of the 1940s and 50s to create jukeboxes of uncompromising quality that are contemporary, full of soul and the real deal.&nbsp;We also offer the only bespoke jukebox build service in the world, producing one off or low volume customised jukeboxes based on our extensive range of cabinets, models and Custom Shop options.&nbsp;<span data-ogsc=\"rgb(0, 0, 0)\" data-ogsb=\"rgb(255, 255, 255)\" style=\"box-sizing: inherit;\">Pick from our wide range of customisations&nbsp;</span><span data-ogsc=\"rgb(0, 0, 0)\" data-ogsb=\"rgb(255, 255, 255)\" style=\"box-sizing: inherit;\">to really make your jukebox unique, from a simple custom Name Plate through to an entirely bespoke jukebox design.&nbsp;</span><span data-ogsc=\"rgb(0, 0, 0)\" data-ogsb=\"rgb(255, 255, 255)\" style=\"box-sizing: inherit;\">Look out for the Custom Shop options when configuring any of our jukeboxes.&nbsp;</span></p>','<p><br></p>','This product is custom built to order.  This may affect your rights as a consumer. Please consult our Terms and Conditions for more information.','<p><br></p>',NULL,NULL,NULL,0,NULL,'gallery/rocket-vinyl-45s-jukebox-displayimage_308cb2f0-2ffa-4472-a21a-c3ea11fb1332.jpg','gallery/'),(20,'Faux Leather Bean Bag Chair','2024-03-06 16:59:56','2024-03-06 17:02:56','faux-leather-bean-bag-chair-65e868cc3d4c1',NULL,1,1,1,'Add a fun spot in your living room or bedroom with this bean bag chair. It\'s comfortably filled with polystyrene balls and features a luxurious faux leather exterior in a beautiful colour. The triangular bean bag is a delight to sink into while watching movies or chatting with your family. Spot clean it for upkeep.','<p id=\"product-summary-v2\" style=\"margin-right: 0px; margin-bottom: 4px; margin-left: 0px; line-height: 20px; color: rgb(93, 94, 92); font-family: FrutigerStd, \" helvetica=\"\" neue\",=\"\" helvetica,=\"\" arial,=\"\" sans-serif;\"=\"\">Add a fun spot in your living room or bedroom with this bean bag chair. It\'s comfortably filled with polystyrene balls and features a luxurious faux leather exterior in a beautiful colour. The triangular bean bag is a delight to sink into while watching movies or chatting with your family. Spot clean it for upkeep.<br><br><b style=\"font-weight: bold;\">The product images have props used for illustrative purposes.</b></p><div class=\"attribute-group-v2\" style=\"margin-top: 16px; color: rgb(61, 70, 77); font-family: FrutigerStd, \" helvetica=\"\" neue\",=\"\" helvetica,=\"\" arial,=\"\" sans-serif;\"=\"\"><p class=\"attribute-group-title\" style=\"margin-right: 0px; margin-bottom: 0px; margin-left: 0px; font-weight: 700; font-size: 16px; line-height: 24px; color: rgb(33, 33, 33); padding-bottom: 5px;\">Weight &amp; Dimensions</p><div class=\"attribute-group-desc-horizontal1\" style=\"display: grid; grid-template-columns: 1fr 1fr 1fr;\"><div class=\"attribute-v2 long-attribute-name\" style=\"padding-bottom: 8px; grid-column: span 2;\"><p class=\"attribute-v2-name\" style=\"margin-right: 0px; margin-bottom: 0px; margin-left: 0px; line-height: 18px; color: rgb(146, 147, 145);\">Filling Weight (GSM)</p><p class=\"attribute-v2-value\" style=\"margin-right: 0px; margin-bottom: 0px; margin-left: 0px; font-size: 20px; line-height: 28px; color: rgb(33, 33, 33);\">2500</p></div><div class=\"attribute-v2 \" style=\"padding-bottom: 8px;\"><p class=\"attribute-v2-name\" style=\"margin-right: 0px; margin-bottom: 0px; margin-left: 0px; line-height: 18px; color: rgb(146, 147, 145);\">Height (cm)</p><p class=\"attribute-v2-value\" style=\"margin-right: 0px; margin-bottom: 0px; margin-left: 0px; font-size: 20px; line-height: 28px; color: rgb(33, 33, 33);\">74</p></div><div class=\"attribute-v2 \" style=\"padding-bottom: 8px;\"><p class=\"attribute-v2-name\" style=\"margin-right: 0px; margin-bottom: 0px; margin-left: 0px; line-height: 18px; color: rgb(146, 147, 145);\">Width (cm)</p><p class=\"attribute-v2-value\" style=\"margin-right: 0px; margin-bottom: 0px; margin-left: 0px; font-size: 20px; line-height: 28px; color: rgb(33, 33, 33);\">81</p></div><div class=\"attribute-v2 \" style=\"padding-bottom: 8px;\"><p class=\"attribute-v2-name\" style=\"margin-right: 0px; margin-bottom: 0px; margin-left: 0px; line-height: 18px; color: rgb(146, 147, 145);\">Length (cm)</p><p class=\"attribute-v2-value\" style=\"margin-right: 0px; margin-bottom: 0px; margin-left: 0px; font-size: 20px; line-height: 28px; color: rgb(33, 33, 33);\">78</p></div><div class=\"attribute-v2 \" style=\"padding-bottom: 8px;\"><p class=\"attribute-v2-name\" style=\"margin-right: 0px; margin-bottom: 0px; margin-left: 0px; line-height: 18px; color: rgb(146, 147, 145);\">Weight (kg)</p><p class=\"attribute-v2-value\" style=\"margin-right: 0px; margin-bottom: 0px; margin-left: 0px; font-size: 20px; line-height: 28px; color: rgb(33, 33, 33);\">3.5</p></div></div></div><div class=\"attribute-group-v2\" style=\"margin-top: 16px; color: rgb(61, 70, 77); font-family: FrutigerStd, \" helvetica=\"\" neue\",=\"\" helvetica,=\"\" arial,=\"\" sans-serif;\"=\"\"><p class=\"attribute-group-title\" style=\"margin-right: 0px; margin-bottom: 0px; margin-left: 0px; font-weight: 700; font-size: 16px; line-height: 24px; color: rgb(33, 33, 33); padding-bottom: 5px;\">Material</p><div class=\"attribute-group-desc-table\" style=\"position: relative;\"><div class=\"row\" style=\"margin-left: -6px; margin-right: -6px; background: rgb(250, 250, 250);\"><div class=\"attribute-table-col attribute-table-key\" style=\"width: 244.663px; float: left; padding: 8px 0px 8px 12px; line-height: 20px; overflow-wrap: break-word; color: rgb(146, 147, 145);\">Primary Material</div><div class=\"attribute-table-col attribute-table-value\" style=\"width: 244.663px; float: left; padding: 8px 0px 8px 12px; line-height: 20px; overflow-wrap: break-word; color: rgb(33, 33, 33);\">Faux Leather</div></div><div class=\"row\" style=\"margin-left: -6px; margin-right: -6px; background-image: initial; background-position: initial; background-size: initial; background-repeat: initial; background-attachment: initial; background-origin: initial; background-clip: initial;\"><div class=\"attribute-table-col attribute-table-key\" style=\"width: 244.663px; float: left; padding: 8px 0px 8px 12px; line-height: 20px; overflow-wrap: break-word; color: rgb(146, 147, 145);\">Filling Material</div><div class=\"attribute-table-col attribute-table-value\" style=\"width: 244.663px; float: left; padding: 8px 0px 8px 12px; line-height: 20px; overflow-wrap: break-word; color: rgb(33, 33, 33);\">Poly Plorine Beans Ball</div></div></div></div><div class=\"attribute-group-v2\" style=\"margin-top: 16px; color: rgb(61, 70, 77); font-family: FrutigerStd, \" helvetica=\"\" neue\",=\"\" helvetica,=\"\" arial,=\"\" sans-serif;\"=\"\"><p class=\"attribute-group-title\" style=\"margin-right: 0px; margin-bottom: 0px; margin-left: 0px; font-weight: 700; font-size: 16px; line-height: 24px; color: rgb(33, 33, 33); padding-bottom: 5px;\">General Specifications</p><div class=\"attribute-group-desc-table\" style=\"position: relative;\"><div class=\"row\" style=\"margin-left: -6px; margin-right: -6px; background: rgb(250, 250, 250);\"><div class=\"attribute-table-col attribute-table-key\" style=\"width: 244.663px; float: left; padding: 8px 0px 8px 12px; line-height: 20px; overflow-wrap: break-word; color: rgb(146, 147, 145);\">Print</div><div class=\"attribute-table-col attribute-table-value\" style=\"width: 244.663px; float: left; padding: 8px 0px 8px 12px; line-height: 20px; overflow-wrap: break-word; color: rgb(33, 33, 33);\">Plain</div></div><div class=\"row\" style=\"margin-left: -6px; margin-right: -6px; background-image: initial; background-position: initial; background-size: initial; background-repeat: initial; background-attachment: initial; background-origin: initial; background-clip: initial;\"><div class=\"attribute-table-col attribute-table-key\" style=\"width: 244.663px; float: left; padding: 8px 0px 8px 12px; line-height: 20px; overflow-wrap: break-word; color: rgb(146, 147, 145);\">Shape</div><div class=\"attribute-table-col attribute-table-value\" style=\"width: 244.663px; float: left; padding: 8px 0px 8px 12px; line-height: 20px; overflow-wrap: break-word; color: rgb(33, 33, 33);\">Triangle</div></div><div class=\"row\" style=\"margin-left: -6px; margin-right: -6px; background: rgb(250, 250, 250);\"><div class=\"attribute-table-col attribute-table-key\" style=\"width: 244.663px; float: left; padding: 8px 0px 8px 12px; line-height: 20px; overflow-wrap: break-word; color: rgb(146, 147, 145);\">Filling Included</div><div class=\"attribute-table-col attribute-table-value\" style=\"width: 244.663px; float: left; padding: 8px 0px 8px 12px; line-height: 20px; overflow-wrap: break-word; color: rgb(33, 33, 33);\">Yes</div></div></div></div><p></p><div class=\"attribute-group-v2\" style=\"margin-top: 16px; color: rgb(61, 70, 77); font-family: FrutigerStd, \" helvetica=\"\" neue\",=\"\" helvetica,=\"\" arial,=\"\" sans-serif;\"=\"\"><p class=\"attribute-group-title\" style=\"margin-right: 0px; margin-bottom: 0px; margin-left: 0px; font-weight: 700; font-size: 16px; line-height: 24px; color: rgb(33, 33, 33); padding-bottom: 5px;\">Warranty &amp; Care</p><div class=\"attribute-group-desc-table\" style=\"position: relative;\"><div class=\"row\" style=\"margin-left: -6px; margin-right: -6px; background: rgb(250, 250, 250);\"><div class=\"attribute-table-col attribute-table-key\" style=\"width: 244.663px; float: left; padding: 8px 0px 8px 12px; line-height: 20px; overflow-wrap: break-word; color: rgb(146, 147, 145);\">Care Instructions</div><div class=\"attribute-table-col attribute-table-value\" style=\"width: 244.663px; float: left; padding: 8px 0px 8px 12px; line-height: 20px; overflow-wrap: break-word; color: rgb(33, 33, 33);\">Spot Clean</div></div></div></div>','<p><br></p>','Order this product now and collect it from a store of your choice','<p>within 7 days</p>',NULL,NULL,NULL,0,'2024-03-06 17:02:56','gallery/162537358-162537357-hc100520-01-2100_22707902-2660-403c-bc69-68d1de6f872a.webp','gallery/'),(21,'Dorsey Large Bean Bag Cover - 74x74x112 cm','2024-03-07 17:10:28','2024-03-07 17:11:20','dorsey-large-bean-bag-cover-74x74x112-cm-65e9bcc498b2b',NULL,1,1,1,'Maximize your lounging experience with this bean bag cover. Crafted from PVC and boasting a minimalist design, this bean bag cover adds a stylish yet cozy touch to any room. It has a colurfast design with spot-cleaning care instructions, so you can enjoy it for years to come. This bean bag cover requires 1.8 kgs approx. of the filling.','<p id=\"product-summary-v2\" class=\"trim-summary\" style=\"margin-right: 0px; margin-bottom: 4px; margin-left: 0px; line-height: 20px; color: rgb(93, 94, 92); font-family: Lato, \" helvetica=\"\" neue\",=\"\" helvetica,=\"\" arial,=\"\" sans-serif;\"=\"\"><b style=\"font-weight: bold;\">The product images have props used for illustrative purposes.</b></p><p style=\"margin-right: 0px; margin-bottom: 0px; margin-left: 0px; font-family: Lato, \" helvetica=\"\" neue\",=\"\" helvetica,=\"\" arial,=\"\" sans-serif;=\"\" color:=\"\" blue;\"=\"\"><b style=\"font-weight: bold;\">Product Colour may vary slightly due to photographic lighting sources or your monitor/screen settings.</b></p><p style=\"margin-right: 0px; margin-bottom: 0px; margin-left: 0px; color: rgb(61, 70, 77); font-family: Lato, \" helvetica=\"\" neue\",=\"\" helvetica,=\"\" arial,=\"\" sans-serif;\"=\"\"></p><div class=\"attribute-group-v2\" style=\"margin-top: 16px; color: rgb(61, 70, 77); font-family: Lato, \" helvetica=\"\" neue\",=\"\" helvetica,=\"\" arial,=\"\" sans-serif;\"=\"\"><p class=\"attribute-group-title\" style=\"margin-right: 0px; margin-bottom: 0px; margin-left: 0px; font-weight: 700; font-size: 16px; line-height: 24px; color: rgb(33, 33, 33); padding-bottom: 5px;\">Weight &amp; Dimensions</p><div class=\"attribute-group-desc-horizontal1\" style=\"display: grid; grid-template-columns: 1fr 1fr 1fr;\"><div class=\"attribute-v2 \" style=\"padding-bottom: 8px;\"><p class=\"attribute-v2-name\" style=\"margin-right: 0px; margin-bottom: 0px; margin-left: 0px; line-height: 18px; color: rgb(146, 147, 145);\">Height (cm)</p><p class=\"attribute-v2-value\" style=\"margin-right: 0px; margin-bottom: 0px; margin-left: 0px; font-size: 20px; line-height: 28px; color: rgb(33, 33, 33);\">112</p></div><div class=\"attribute-v2 \" style=\"padding-bottom: 8px;\"><p class=\"attribute-v2-name\" style=\"margin-right: 0px; margin-bottom: 0px; margin-left: 0px; line-height: 18px; color: rgb(146, 147, 145);\">Width (cm)</p><p class=\"attribute-v2-value\" style=\"margin-right: 0px; margin-bottom: 0px; margin-left: 0px; font-size: 20px; line-height: 28px; color: rgb(33, 33, 33);\">74</p></div><div class=\"attribute-v2 \" style=\"padding-bottom: 8px;\"><p class=\"attribute-v2-name\" style=\"margin-right: 0px; margin-bottom: 0px; margin-left: 0px; line-height: 18px; color: rgb(146, 147, 145);\">Length (cm)</p><p class=\"attribute-v2-value\" style=\"margin-right: 0px; margin-bottom: 0px; margin-left: 0px; font-size: 20px; line-height: 28px; color: rgb(33, 33, 33);\">74</p></div></div></div><div class=\"attribute-group-v2\" style=\"margin-top: 16px; color: rgb(61, 70, 77); font-family: Lato, \" helvetica=\"\" neue\",=\"\" helvetica,=\"\" arial,=\"\" sans-serif;\"=\"\"><p class=\"attribute-group-title\" style=\"margin-right: 0px; margin-bottom: 0px; margin-left: 0px; font-weight: 700; font-size: 16px; line-height: 24px; color: rgb(33, 33, 33); padding-bottom: 5px;\">Material</p><div class=\"attribute-group-desc-table\" style=\"position: relative;\"><div class=\"row\" style=\"margin-left: -6px; margin-right: -6px; background: rgb(250, 250, 250);\"><div class=\"attribute-table-col attribute-table-key\" style=\"width: 242.325px; float: left; padding: 8px 0px 8px 12px; line-height: 20px; overflow-wrap: break-word; color: rgb(146, 147, 145);\">Primary Material</div><div class=\"attribute-table-col attribute-table-value\" style=\"width: 242.325px; float: left; padding: 8px 0px 8px 12px; line-height: 20px; overflow-wrap: break-word; color: rgb(33, 33, 33);\">PVC</div></div></div></div><div class=\"attribute-group-v2\" style=\"margin-top: 16px; color: rgb(61, 70, 77); font-family: Lato, \" helvetica=\"\" neue\",=\"\" helvetica,=\"\" arial,=\"\" sans-serif;\"=\"\"><p class=\"attribute-group-title\" style=\"margin-right: 0px; margin-bottom: 0px; margin-left: 0px; font-weight: 700; font-size: 16px; line-height: 24px; color: rgb(33, 33, 33); padding-bottom: 5px;\">General Specifications</p><div class=\"attribute-group-desc-table\" style=\"position: relative;\"><div class=\"row\" style=\"margin-left: -6px; margin-right: -6px; background: rgb(250, 250, 250);\"><div class=\"attribute-table-col attribute-table-key\" style=\"width: 242.325px; float: left; padding: 8px 0px 8px 12px; line-height: 20px; overflow-wrap: break-word; color: rgb(146, 147, 145);\">Unit Components</div><div class=\"attribute-table-col attribute-table-value\" style=\"width: 242.325px; float: left; padding: 8px 0px 8px 12px; line-height: 20px; overflow-wrap: break-word; color: rgb(33, 33, 33);\">1-pc</div></div><div class=\"row\" style=\"margin-left: -6px; margin-right: -6px; background-image: initial; background-position: initial; background-size: initial; background-repeat: initial; background-attachment: initial; background-origin: initial; background-clip: initial;\"><div class=\"attribute-table-col attribute-table-key\" style=\"width: 242.325px; float: left; padding: 8px 0px 8px 12px; line-height: 20px; overflow-wrap: break-word; color: rgb(146, 147, 145);\">Type</div><div class=\"attribute-table-col attribute-table-value\" style=\"width: 242.325px; float: left; padding: 8px 0px 8px 12px; line-height: 20px; overflow-wrap: break-word; color: rgb(33, 33, 33);\">Bean Bag Covers</div></div><div class=\"row\" style=\"margin-left: -6px; margin-right: -6px; background: rgb(250, 250, 250);\"><div class=\"attribute-table-col attribute-table-key\" style=\"width: 242.325px; float: left; padding: 8px 0px 8px 12px; line-height: 20px; overflow-wrap: break-word; color: rgb(146, 147, 145);\">Features</div><div class=\"attribute-table-col attribute-table-value\" style=\"width: 242.325px; float: left; padding: 8px 0px 8px 12px; line-height: 20px; overflow-wrap: break-word; color: rgb(33, 33, 33);\">Colour-Fast</div></div><div class=\"row\" style=\"margin-left: -6px; margin-right: -6px; background-image: initial; background-position: initial; background-size: initial; background-repeat: initial; background-attachment: initial; background-origin: initial; background-clip: initial;\"><div class=\"attribute-table-col attribute-table-key\" style=\"width: 242.325px; float: left; padding: 8px 0px 8px 12px; line-height: 20px; overflow-wrap: break-word; color: rgb(146, 147, 145);\">Collection Name</div><div class=\"attribute-table-col attribute-table-value\" style=\"width: 242.325px; float: left; padding: 8px 0px 8px 12px; line-height: 20px; overflow-wrap: break-word; color: rgb(33, 33, 33);\">Dorsey</div></div></div></div><p></p><div class=\"attribute-group-v2\" style=\"margin-top: 16px; color: rgb(61, 70, 77); font-family: Lato, \" helvetica=\"\" neue\",=\"\" helvetica,=\"\" arial,=\"\" sans-serif;\"=\"\"><p class=\"attribute-group-title\" style=\"margin-right: 0px; margin-bottom: 0px; margin-left: 0px; font-weight: 700; font-size: 16px; line-height: 24px; color: rgb(33, 33, 33); padding-bottom: 5px;\">Warranty &amp; Care</p><div class=\"attribute-group-desc-table\" style=\"position: relative;\"><div class=\"row\" style=\"margin-left: -6px; margin-right: -6px; background: rgb(250, 250, 250);\"><div class=\"attribute-table-col attribute-table-key\" style=\"width: 242.325px; float: left; padding: 8px 0px 8px 12px; line-height: 20px; overflow-wrap: break-word; color: rgb(146, 147, 145);\">Care Instructions</div><div class=\"attribute-table-col attribute-table-value\" style=\"width: 242.325px; float: left; padding: 8px 0px 8px 12px; line-height: 20px; overflow-wrap: break-word; color: rgb(33, 33, 33);\">Spot Clean</div></div></div></div>','<p><br></p>','Product Colour may vary slightly due to photographic lighting sources or your monitor/screen settings.','<p><strong class=\"strong\" style=\"font-weight: bold; display: block; color: rgb(61, 70, 77); font-family: Lato-Bold, \" helvetica=\"\" neue\",=\"\" helvetica,=\"\" arial,=\"\" sans-serif;=\"\" font-size:=\"\" 11px;\"=\"\">Enjoy Free Delivery</strong><span style=\"color: rgb(145, 145, 147); font-family: Lato, \" helvetica=\"\" neue\",=\"\" helvetica,=\"\" arial,=\"\" sans-serif;=\"\" font-size:=\"\" 11px;\"=\"\">On all household orders of AED 299 or more.</span><br></p>',NULL,NULL,NULL,0,NULL,'gallery/165536297-165536295-hmbx10052023q-01-2100_1fe8d7f6-b3c5-4f1b-9855-565f9946d43b.webp','gallery/');

--
-- Table structure for table `ranges_sliders`
--

CREATE TABLE `ranges_sliders` (
  `id` bigint unsigned NOT NULL AUTO_INCREMENT,
  `ranges_id` int DEFAULT NULL,
  `product_image` varchar(191) COLLATE utf8mb4_unicode_ci DEFAULT NULL,
  `created_at` timestamp NULL DEFAULT NULL,
  `updated_at` timestamp NULL DEFAULT NULL,
  `priority` int DEFAULT NULL,
  PRIMARY KEY (`id`)
) ENGINE=InnoDB AUTO_INCREMENT=238 DEFAULT CHARSET=utf8mb4 COLLATE=utf8mb4_unicode_ci;

--
-- Dumping data for table `ranges_sliders`
--

INSERT INTO `ranges_sliders` VALUES (3,3,'gallery/3.jpeg',NULL,NULL,NULL),(4,4,'gallery/4.jpeg',NULL,NULL,NULL),(5,5,'gallery/5.jpeg',NULL,NULL,NULL),(13,2,'gallery//2.jpeg',NULL,NULL,NULL),(14,2,'gallery//2.jpeg',NULL,NULL,NULL),(95,14,'gallery/peacock-sl-quartershot.jpg','2023-12-21 12:42:14','2023-12-21 12:42:14',NULL),(108,15,'gallery//peacock-sl-faceon.jpg','2023-12-21 18:03:19','2023-12-21 18:03:19',NULL),(109,15,'gallery//peacock-sl-detail2.jpg','2023-12-21 18:03:19','2023-12-21 18:03:19',NULL),(110,15,'gallery//peacock-sl-detail1.jpg','2023-12-21 18:03:19','2023-12-21 18:03:19',NULL),(111,15,'gallery//peacock-sl-detail3.jpg','2023-12-21 18:03:19','2023-12-21 18:03:19',NULL),(112,15,'gallery//peacock-sl-grille.jpg','2023-12-21 18:03:19','2023-12-21 18:03:19',NULL),(113,15,'gallery//peacock-sl-castings.jpg','2023-12-21 18:03:19','2023-12-21 18:03:19',NULL),(114,16,'gallery/delta-21-play-station.webp','2023-12-21 18:04:23','2023-12-21 18:04:23',NULL),(115,17,'gallery//peacock-sl-faceon.jpg','2023-12-28 12:25:11','2023-12-28 12:25:11',NULL),(116,17,'gallery//peacock-sl-detail2.jpg','2023-12-28 12:25:11','2023-12-28 12:25:11',NULL),(117,17,'gallery//peacock-sl-detail1.jpg','2023-12-28 12:25:11','2023-12-28 12:25:11',NULL),(118,17,'gallery//peacock-sl-detail3.jpg','2023-12-28 12:25:11','2023-12-28 12:25:11',NULL),(119,17,'gallery//peacock-sl-grille.jpg','2023-12-28 12:25:11','2023-12-28 12:25:11',NULL),(120,17,'gallery//peacock-sl-castings.jpg','2023-12-28 12:25:11','2023-12-28 12:25:11',NULL),(165,19,'gallery//rocket-vinyl-45s-jukebox-in-medium-oak_300be9a1-d03e-4b85-8b98-13c6f7dfde75.jpg',NULL,NULL,1),(166,19,'gallery//rocket-vinyl-45s-jukebox-in-custom-black-ash_709b441e-d0d1-4b8d-8805-bc606a29f9e2.jpg',NULL,NULL,2),(167,19,'gallery//rocket-vinyl-45s-jukebox-in-custom-pink-and-black_dd18bdbb-15c8-4340-a76d-66f7de52e830.jpg',NULL,NULL,3),(168,19,'gallery//rocket-vinyl-45s-jukebox-in-custom-red-ash_211e9690-0da8-4cbb-81df-03c88d3bda1e.jpg',NULL,NULL,4),(169,19,'gallery//rocket-vinyl-45s-jukebox-in-custom-turquoises_d39ac647-87db-453b-98ff-9c500d5e2dd8.jpg',NULL,NULL,5),(170,19,'gallery//rocket-vinyl-45s-jukebox-in-custom-ash-white_582b0fde-1911-4897-8a0e-33331173bd69.jpg',NULL,NULL,6),(182,18,'gallery//diagonal-black-dipta-2n-oakfloorcueracktop-01.jpg',NULL,NULL,2),(183,18,'gallery//diagonal-black-dipta-2n-oaktopombra.jpg',NULL,NULL,3),(184,18,'gallery//diagonal-black-dipta-black-burgundy-oak.jpg',NULL,NULL,0),(205,20,'gallery//imagespurplebeanbag.jpg',NULL,NULL,0),(206,20,'gallery//images-3_0beb8221-05ec-439e-981d-32fc1ebbf64c.jpg',NULL,NULL,0),(207,20,'gallery//images-2_88adf890-a0ab-4d88-a478-6bb88d307958.jpg',NULL,NULL,0),(208,20,'gallery//images-1_473225b9-2403-40b1-9682-306b87b145df.jpg',NULL,NULL,0),(209,20,'gallery//162537358-162537357-hc100520-01-2100_22707902-2660-403c-bc69-68d1de6f872a.webp',NULL,NULL,0),(210,20,'gallery//milly-blue-colour-bean-bag-singapore-4_104da876-0812-4cca-9e5d-d7854a1a2190.jpg',NULL,NULL,0),(211,20,'gallery//images-5_d42b05e1-d116-4234-8503-4bb0bd7e2e7c.jpg',NULL,NULL,0),(212,20,'gallery//stillo-teardrop-bean-bag-weather-fabric_45f5638d-8e96-48a8-ae69-5b4dc1d221ca.jpg',NULL,NULL,0),(213,20,'gallery//images_1ec1eeab-3082-499c-94c2-2b1917d3549b.jpg',NULL,NULL,0),(214,20,'gallery//mee-bean-bag-blue-colour-furniture-sg-2_45fe753a-ce0b-4cf9-85ca-0d6f9190b5ed.jpg',NULL,NULL,0),(215,1,'gallery//1.webp',NULL,NULL,NULL),(216,1,'gallery//2.webp',NULL,NULL,NULL),(217,1,'gallery//3.webp',NULL,NULL,NULL),(218,1,'gallery//4.webp',NULL,NULL,NULL),(219,1,'gallery//522.webp',NULL,NULL,NULL),(220,13,'gallery//peacock-sl-faceon.jpg',NULL,NULL,NULL),(221,13,'gallery//peacock-sl-detail2.jpg',NULL,NULL,NULL),(222,13,'gallery//peacock-sl-detail1.jpg',NULL,NULL,NULL),(223,13,'gallery//peacock-sl-detail3.jpg',NULL,NULL,NULL),(224,13,'gallery//peacock-sl-grille.jpg',NULL,NULL,NULL),(225,13,'gallery//peacock-sl-castings.jpg',NULL,NULL,NULL),(232,21,'gallery//165536297-165536295-hmbx10052023q-01-2100_1fe8d7f6-b3c5-4f1b-9855-565f9946d43b.webp',NULL,NULL,0),(233,21,'gallery//165536297-165536295-hmbx10052023q-03-2100_7e25c054-6a49-4dd4-b6fb-f48acb736c69.webp',NULL,NULL,0),(234,21,'gallery//165536297-165536295-hmbx10052023q-04-2100_ac7962f4-1fef-4615-a52e-df278bda390a.webp',NULL,NULL,0),(235,21,'gallery//165536297-165536295-hmbx10052023q-05-2100_8a058001-31bc-48c9-809d-b1f5f07b0317.webp',NULL,NULL,0),(236,21,'gallery//165536297-165536295-hmbx10052023q-02-2100_c4b0fee7-eed9-403d-9efa-2e7e45051677.webp',NULL,NULL,0),(237,21,'gallery//165536297-165536295-hmbx10052023q-06-2100_2f8b6749-9ce2-47b3-a834-3a22ee56e4fe.webp',NULL,NULL,0);

--
-- Table structure for table `role_has_permissions`
--

CREATE TABLE `role_has_permissions` (
  `permission_id` bigint unsigned NOT NULL,
  `role_id` bigint unsigned NOT NULL,
  PRIMARY KEY (`permission_id`,`role_id`),
  KEY `role_has_permissions_role_id_foreign` (`role_id`),
  CONSTRAINT `role_has_permissions_permission_id_foreign` FOREIGN KEY (`permission_id`) REFERENCES `permissions` (`id`) ON DELETE CASCADE,
  CONSTRAINT `role_has_permissions_role_id_foreign` FOREIGN KEY (`role_id`) REFERENCES `roles` (`id`) ON DELETE CASCADE
) ENGINE=InnoDB DEFAULT CHARSET=utf8mb4 COLLATE=utf8mb4_unicode_ci;

--
-- Dumping data for table `role_has_permissions`
--

INSERT INTO `role_has_permissions` VALUES (1,1),(2,1),(3,1),(4,1),(5,1),(6,1),(7,1),(8,1),(9,1),(10,1),(11,1),(12,1),(13,1),(14,1),(15,1),(16,1),(17,1),(18,1),(19,1),(20,1),(9,2),(10,2),(11,2),(12,2),(13,2),(14,2),(15,2),(16,2),(17,2),(18,2),(19,2);

--
-- Table structure for table `roles`
--

CREATE TABLE `roles` (
  `id` bigint unsigned NOT NULL AUTO_INCREMENT,
  `name` varchar(125) CHARACTER SET utf8mb4 COLLATE utf8mb4_unicode_ci NOT NULL,
  `guard_name` varchar(125) CHARACTER SET utf8mb4 COLLATE utf8mb4_unicode_ci NOT NULL,
  `created_at` timestamp NULL DEFAULT NULL,
  `updated_at` timestamp NULL DEFAULT NULL,
  PRIMARY KEY (`id`),
  UNIQUE KEY `roles_name_guard_name_unique` (`name`,`guard_name`)
) ENGINE=InnoDB AUTO_INCREMENT=3 DEFAULT CHARSET=utf8mb4 COLLATE=utf8mb4_unicode_ci;

--
-- Dumping data for table `roles`
--

INSERT INTO `roles` VALUES (1,'Super Admin','web','2023-05-17 01:41:43','2023-05-17 01:41:43'),(2,'Admin','web','2023-05-17 01:41:43','2023-05-17 01:41:43');

--
-- Table structure for table `settings`
--

CREATE TABLE `settings` (
  `id` bigint unsigned NOT NULL AUTO_INCREMENT,
  `value` longtext CHARACTER SET utf8mb4 COLLATE utf8mb4_unicode_ci NOT NULL,
  `created_at` timestamp NULL DEFAULT NULL,
  `updated_at` timestamp NULL DEFAULT NULL,
  PRIMARY KEY (`id`)
) ENGINE=InnoDB AUTO_INCREMENT=2 DEFAULT CHARSET=utf8mb4 COLLATE=utf8mb4_unicode_ci;

--
-- Dumping data for table `settings`
--

INSERT INTO `settings` VALUES (1,'{\"Brand\":{\"site_name\":null,\"site_logo\":null,\"site_icon_logo\":null},\"Color\":{\"primary_color\":\"#000000\",\"secondary_color\":\"#000000\"},\"Customize\":{\"about_us\":\"GEMM Productions is an innovative and market-oriented company that unites unique global brands to seamlessly blend form and functionality. Our shared passions drive the creation of iconic equipment that sets the standard in the Middle East. From in-depth research for children\'s equipment to collaborating with golf professionals for adventure golf courses, our expanding product range prioritizes excellence to aid clients in thriving within today\'s competitive business landscape.\",\"range_content\":\"Explore our Range collection, featuring timeless classics and innovative creations. Discover Jukeboxes, crafted in the spirit of the 1950s and 60s but equipped with modern audio technology, offering automatic music updates. Immerse in 80s nostalgia with Retro Arcade machines, blending cutting-edge technology with retro aesthetics for commercial spaces. Our lifestyle products, from partners Extreme Lounging and RS Barcelona, introduce unique hand-made pieces to the GCC, combining contemporary design with functionality.\",\"custom_js\":\"$(function() {\\r\\n  initTest()\\r\\n})\\r\\n\\r\\nfunction initTest() {\\r\\n  console.log(\'.\')\\r\\n}\",\"custom_css\":\"#trustedByMany .clientIMg {\\r\\nfilter: invert(1);\\r\\n}\",\"custom_header_tag\":null,\"range_links\":[{\"link\":\"range-listing?cat=1\",\"title\":\"Jukeboxes\",\"icon\":\"\\/uploads\\/home_icons\\/63jxourr7wslhsr9ncb-1684396203.svg\"},{\"link\":null,\"title\":null,\"icon\":null},{\"link\":null,\"title\":null,\"icon\":null},{\"link\":null,\"title\":null,\"icon\":null},{\"link\":null,\"title\":null,\"icon\":null},{\"link\":null,\"title\":null,\"icon\":null}],\"about_us_title\":\"About Us\",\"about_us_link\":\"#http:\\/\\/gemmproductions.bwc.ae\\/page\\/about-us\",\"range_link\":\"#\",\"competitive_content\":\"GEMM Productions pioneers innovative ways to connect and engage guests in the UAE\'s fast-paced evolving hospitality landscape. Our competitive socializing products empower partners to ignite enthusiasm and generate buzz through direct participation. We provide tailored solutions to enhance F&B operations, retaining and exciting existing patrons while attracting new audiences.\",\"competitive_link\":null,\"about_us_image\":\"Rocket in Bar-1699860337.jpg\",\"about_us_button_label\":null,\"range_title\":\"Range\",\"range_button_text\":null,\"competitive_title\":\"Competitive Socialising\",\"competitive_button_label\":null},\"files\":null,\"Seo\":{\"meta_title\":null,\"meta_desc\":\"Arcade Games Rental in Dubai, UAE - We at GEMM Productions offer Digital Jukebox for Rent \\/ sale, Arcade Games Machines rental and Commercial Digital Jukebox for event rental on both short term and long term, Call us on +971 6767 2976 or 800 68742.\",\"meta_keywords\":\"Arcade Games Rental in Dubai,UAE - We at GEMM Productions offer Digital Jukebox for Rent \\/ sale,Arcade Games Machines rental and Commercial Digital Jukebox for event rental on both short term and long term,Call us on +971 6767 2976 or 800 68742.\"},\"footer_details\":{\"left\":\"+971 6535 6962\",\"right\":\"+971 50 658 6634\"},\"social_link\":{\"facebook\":\"https:\\/\\/www.facebook.com\\/GEMMProductions\",\"instagram\":\"https:\\/\\/www.instagram.com\\/gemmproductions\\/\",\"twitter\":\"https:\\/\\/twitter.com\\/GEMMProduction\"},\"kids_zone\":{\"title\":\"Kids Zone\",\"link\":\"#\",\"text\":\"View All\"},\"contact\":{\"title\":\"Feel free to reach out We\'re here to assist you\",\"sub-title\":\"Experienced, Knowledgeable & Reliable\",\"side-detail\":\"We prioritize your inquiries and provide quick responses. Whether through the form below or a classic phone call, we\'re at your service!\",\"within\":\"800 68742\",\"call\":\"+971 6767 2976\",\"email\":\"hello@gemmproductions.com\",\"text\":\"Al Shmookh Building, 1st Floor, Umm Al Quwain Free Trade Zone, Umm Al Quwain, U.A.E.\",\"location\":\"<iframe  src=\\\"https:\\/\\/www.google.com\\/maps\\/embed?pb=!1m14!1m8!1m3!1d14398.1025519824!2d55.7431376!3d25.5541734!3m2!1i1024!2i768!4f13.1!3m3!1m2!1s0x3ef5f9177b52f391%3A0x61173d1c1170d4d5!2sAl%20Shmookh%20Business%20Complex!5e0!3m2!1sen!2sae!4v1685537477287!5m2!1sen!2sae\\\"  width=\\\"600\\\" height=\\\"450\\\" style=\\\"border:0;\\\" allowfullscreen=\\\"\\\" loading=\\\"lazy\\\" referrerpolicy=\\\"no-referrer-when-downgrade\\\"><\\/iframe>\"},\"homepage_icon\":[{\"id\":\"1\",\"title\":\"Jukebox\",\"link\":\"#\",\"icon\":\"Jukebox.png\"},{\"id\":\"2\",\"title\":\"arcades\",\"link\":\"#\",\"icon\":\"arcades.png\"},{\"id\":\"3\",\"title\":\"LIFESTYLE\",\"link\":\"#\",\"icon\":\"lifestyle.png\"},{\"id\":\"4\",\"title\":\"sports simulators\",\"link\":\"#\",\"icon\":\"sports-simulators.png\"},{\"id\":\"5\",\"title\":\"ROTATING CLIMBING WALLS\",\"link\":\"#\",\"icon\":\"ROTATING-CLIMBING-WALLS.png\"},{\"id\":\"6\",\"title\":\"mini golf\",\"link\":\"#\",\"icon\":\"mini-golf.png\"}],\"cta_details\":{\"file\":\"#\",\"number\":\"0555555555\",\"whatsapp\":\"+971555555555\"},\"Trusted\":{\"section_content\":\"There are thousands of IKC play systems and units installed across the globe, bringing joy to children (and relief to parents!)\"}}',NULL,NULL);

--
-- Table structure for table `slider_images`
--

CREATE TABLE `slider_images` (
  `id` bigint unsigned NOT NULL AUTO_INCREMENT,
  `slider_section_id` int NOT NULL,
  `title` varchar(255) CHARACTER SET utf8mb4 COLLATE utf8mb4_unicode_ci NOT NULL,
  `status` int NOT NULL DEFAULT '0' COMMENT '1 = Active, 0 = Inactive',
  `link` longtext CHARACTER SET utf8mb4 COLLATE utf8mb4_unicode_ci,
  `priority` int DEFAULT NULL,
  `description` longtext CHARACTER SET utf8mb4 COLLATE utf8mb4_unicode_ci,
  `img_path` longtext CHARACTER SET utf8mb4 COLLATE utf8mb4_unicode_ci NOT NULL,
  `created_at` timestamp NULL DEFAULT NULL,
  `updated_at` timestamp NULL DEFAULT NULL,
  PRIMARY KEY (`id`)
) ENGINE=InnoDB AUTO_INCREMENT=58 DEFAULT CHARSET=utf8mb4 COLLATE=utf8mb4_unicode_ci;

--
-- Dumping data for table `slider_images`
--

INSERT INTO `slider_images` VALUES (1,1,'Test 1',1,NULL,NULL,'Nunc nulla. Nam quam nunc, blandit vel, luctus pulvinar, hendrerit id, lorem. Fusce ac felis sit amet ligula pharetra condimentum. Praesent nec nisl a purus blandit viverra. In turpis.','/uploads/slider-image/product-1-1693897053.webp','2023-09-05 01:27:34','2023-09-05 01:27:34'),(2,1,'Music Format',1,NULL,NULL,'test','/uploads/slider-image/profile-pic-123123123-1695294367.webp','2023-09-21 05:36:07','2023-09-21 05:36:07'),(3,2,'NULL',1,NULL,NULL,'NULL','gallery/Slider 12.webp','2023-09-21 05:49:01','2023-12-04 20:19:39'),(4,2,'NULL',1,NULL,NULL,'NULL','gallery/Slider 1.webp','2023-09-21 05:50:51','2023-12-04 20:20:12'),(5,2,'NULL',1,NULL,NULL,'NULL','gallery/Slider 2.webp','2023-09-21 05:51:14','2023-12-04 20:20:44'),(6,3,'NULL',1,NULL,NULL,'NULL','gallery/Archade Slider 1.webp','2023-09-21 05:52:23','2023-12-04 20:35:15'),(7,3,'NULL',1,NULL,NULL,'NULL','gallery/Archade Slider 2.webp','2023-09-21 05:52:36','2023-12-04 20:35:34'),(8,4,'NULL',1,NULL,NULL,'NULL','gallery/Lifstyle Slider -1.webp','2023-09-21 05:53:43','2023-12-04 20:46:31'),(9,4,'NULL',1,NULL,NULL,'NULL','gallery/Lifstyle Slider -2.webp','2023-09-21 05:53:56','2023-12-04 20:46:56'),(10,4,'NULL',1,NULL,NULL,'NULL','gallery/Lifstyle Slider -3.webp','2023-09-21 05:54:08','2023-12-04 20:47:15'),(11,5,'NULL',1,NULL,NULL,'NULL','gallery/SportsSimulator 1.webp','2023-09-21 06:09:46','2023-12-06 10:33:14'),(12,5,'NULL',1,NULL,NULL,'NULL','gallery/SportsSimulator 3.webp','2023-09-21 06:10:02','2023-12-06 10:33:45'),(13,2,'NULL',1,NULL,NULL,'NULL','gallery/Slider 3.webp','2023-10-24 00:27:42','2023-12-04 20:21:17'),(17,4,'NULL',1,NULL,NULL,'NULL','gallery/Lifstyle Slider ---5.webp','2023-10-24 01:09:42','2023-12-04 20:48:02'),(19,4,'NULL',1,NULL,NULL,'NULL','gallery/Lifstyle Slider ---6.webp','2023-10-24 01:14:06','2023-12-04 20:48:17'),(20,4,'NULL',1,NULL,NULL,'NULL','gallery/Lifstyle Slider555 ---7.webp','2023-10-24 01:16:39','2023-12-06 10:43:57'),(21,4,'NULL',1,NULL,NULL,'NULL','gallery/Lifstyle Slider -8.webp','2023-10-24 01:29:54','2023-12-04 20:48:55'),(22,4,'NULL',1,NULL,NULL,'NULL','gallery/Lifstyle Slider -9.webp','2023-10-24 01:31:55','2023-12-04 20:49:11'),(23,4,'NULL',1,NULL,NULL,'NULL','gallery/Lifstyle Slider -10.webp','2023-10-24 01:34:50','2023-12-04 20:49:33'),(24,4,'NULL',1,NULL,NULL,'NULL','gallery/Lifstyle Slider -11.webp','2023-10-24 01:37:44','2023-12-04 20:49:53'),(25,4,'NULL',1,NULL,NULL,'NULL','gallery/Lifstyle Slider -12.webp','2023-10-24 01:39:08','2023-12-04 20:50:16'),(34,3,'NULL',1,NULL,NULL,'NULL','gallery/Archade Slider 3.webp','2023-10-24 03:09:09','2023-12-04 20:35:53'),(35,3,'NULL',1,NULL,NULL,'NULL','gallery/Archade Slider 4.webp','2023-10-24 03:09:45','2023-12-04 20:36:42'),(36,3,'NULL',1,NULL,NULL,'NULL','gallery/Archade Slider 5.webp','2023-10-24 03:10:02','2023-12-04 20:37:03'),(37,3,'NULL',1,NULL,NULL,'NULL','gallery/Archade Slider 6.webp','2023-10-24 03:10:34','2023-12-04 20:37:29'),(38,3,'NULL',1,NULL,NULL,'NULL','gallery/Archade Slider 7.webp','2023-10-24 03:21:32','2023-12-04 20:37:52'),(39,6,'NULL',1,NULL,NULL,'NULL','/uploads/slider-image/Rotating_climbing_wall_fun-1698138115.webp','2023-10-24 03:31:56','2023-10-24 03:31:56'),(40,6,'NULL',1,NULL,NULL,'NULL','/uploads/slider-image/Ladder-Station-curved-ladder-t-1698138132.webp','2023-10-24 03:32:13','2023-10-24 03:32:13'),(42,6,'NULL',1,NULL,NULL,'NULL','/uploads/slider-image/Ladder-Station-curved-ladder-t-1698138203.webp','2023-10-24 03:33:23','2023-10-24 03:33:23'),(43,6,'NULL',1,NULL,NULL,'NULL','/uploads/slider-image/Rotating-climbing-wall-Xclimbp-1698138239.webp','2023-10-24 03:34:00','2023-10-24 03:34:00'),(44,5,'NULL',1,NULL,NULL,'NULL','gallery///SportsSimulator 4.webp','2023-10-24 04:53:33','2023-12-06 10:34:25'),(45,5,'NULL',1,NULL,NULL,'NULL','gallery/SportsSimulator 6.webp','2023-10-24 04:54:37','2023-12-06 10:35:05'),(46,5,'NULL',1,NULL,NULL,'NULL','gallery/SportsSimulator 7.webp','2023-10-24 04:59:50','2023-12-06 10:35:48'),(47,7,'NULL',1,NULL,NULL,'NULL','gallery/Mini Golf 1.webp','2023-10-24 05:05:20','2023-12-06 10:30:17'),(48,7,'NULL',1,NULL,NULL,'NULL','gallery///Mini Golf 2.webp','2023-10-24 05:07:17','2023-12-06 10:30:42'),(49,7,'NULL',1,NULL,NULL,'NULL','gallery/Mini Golf 3.webp','2023-10-24 05:07:45','2023-12-06 10:31:07'),(50,7,'NULL',1,NULL,NULL,'NULL','gallery/Mini Golf 4.webp','2023-10-24 05:08:31','2023-12-06 10:31:38'),(51,3,'NULL',1,NULL,NULL,'NULL','gallery/Archade Slider 8.webp','2023-11-06 05:37:59','2023-12-04 20:38:12'),(52,2,'NULL',1,NULL,NULL,'NULL','gallery/Slider 7.webp','2023-11-06 05:55:20','2023-12-04 20:27:22'),(53,2,'NULL',1,NULL,NULL,'NULL','gallery/Slider 8.webp','2023-11-06 05:55:50','2023-12-04 20:28:20'),(54,2,'NULL',1,NULL,NULL,'NULL','gallery/Slider 9.webp','2023-11-06 05:56:15','2023-12-04 20:29:03'),(55,2,'NULL',1,NULL,NULL,'NULL','gallery/Slider 10.webp','2023-11-06 05:56:24','2023-12-04 20:29:55'),(56,2,'NULL',1,NULL,NULL,'NULL','gallery/Slider 11.webp','2023-11-06 05:56:33','2023-12-04 20:30:28');

--
-- Table structure for table `slider_lists`
--

CREATE TABLE `slider_lists` (
  `id` bigint unsigned NOT NULL AUTO_INCREMENT,
  `slider_section_id` int NOT NULL,
  `title` varchar(255) CHARACTER SET utf8mb4 COLLATE utf8mb4_unicode_ci NOT NULL,
  `status` int NOT NULL DEFAULT '0' COMMENT '1 = Active, 0 = Inactive',
  `link` longtext CHARACTER SET utf8mb4 COLLATE utf8mb4_unicode_ci,
  `priority` int DEFAULT NULL,
  `created_at` timestamp NULL DEFAULT NULL,
  `updated_at` timestamp NULL DEFAULT NULL,
  PRIMARY KEY (`id`)
) ENGINE=InnoDB AUTO_INCREMENT=23 DEFAULT CHARSET=utf8mb4 COLLATE=utf8mb4_unicode_ci;

--
-- Dumping data for table `slider_lists`
--

INSERT INTO `slider_lists` VALUES (1,2,'CD',1,NULL,1,'2023-10-18 03:13:23','2024-01-24 14:08:26'),(2,2,'Vinyl',1,NULL,2,'2023-10-18 03:13:40','2024-01-24 14:07:46'),(3,2,'Digital',1,NULL,1,'2023-10-18 03:13:58','2024-01-24 14:08:36'),(4,3,'Upright Classic Arcades',1,NULL,NULL,'2023-12-18 13:57:02','2024-01-24 14:09:42'),(5,3,'Digital HD Pinball',1,NULL,NULL,'2023-12-18 13:57:21','2024-01-24 14:09:48'),(6,3,'Air Hockey',1,NULL,NULL,'2023-12-18 13:57:35','2024-01-24 14:09:55'),(7,3,'Claw Machines',1,NULL,NULL,'2023-12-18 13:58:07','2024-01-24 14:10:01'),(8,4,'Pool Tables',1,NULL,NULL,'2023-12-18 13:58:51','2024-01-24 14:10:22'),(9,4,'Foosball Tables',1,NULL,NULL,'2023-12-18 13:59:00','2023-12-18 14:00:23'),(10,4,'Ping Pong',1,NULL,NULL,'2023-12-18 13:59:23','2024-01-24 14:10:37'),(11,4,'B-Bag',1,NULL,NULL,'2023-12-18 14:00:08','2024-01-24 14:13:27'),(12,5,'Sports Simulator',1,'#',NULL,'2023-12-18 14:01:14','2023-12-18 14:01:14'),(13,5,'Golf Simulator',1,'#',NULL,'2023-12-18 14:02:21','2023-12-18 14:02:21'),(14,5,'Racing Simulator',1,'#',NULL,'2023-12-18 14:02:34','2023-12-18 14:02:34'),(15,5,'Shooting Simulator',1,'#',NULL,'2023-12-18 14:02:47','2023-12-18 14:02:47'),(16,6,'X Climb Pro',1,'#',NULL,'2023-12-18 14:03:06','2023-12-18 14:03:06'),(17,6,'Ladder Pro',1,'#',NULL,'2023-12-18 14:03:16','2023-12-18 14:03:16'),(18,7,'Adventure Golf',1,'#',NULL,'2023-12-18 14:03:43','2023-12-18 14:03:43'),(19,7,'Crazy Golf',1,'#',NULL,'2023-12-18 14:03:55','2023-12-18 14:03:55'),(21,7,'Kinder Golf',1,'#',NULL,'2023-12-18 14:04:35','2023-12-18 14:04:35'),(22,7,'Golf Accessories',1,'#',NULL,'2023-12-18 14:04:52','2023-12-18 14:04:52');

--
-- Table structure for table `slider_sections`
--

CREATE TABLE `slider_sections` (
  `id` bigint unsigned NOT NULL AUTO_INCREMENT,
  `title` varchar(255) CHARACTER SET utf8mb4 COLLATE utf8mb4_unicode_ci NOT NULL,
  `link` longtext CHARACTER SET utf8mb4 COLLATE utf8mb4_unicode_ci,
  `description` longtext CHARACTER SET utf8mb4 COLLATE utf8mb4_unicode_ci,
  `status` int NOT NULL DEFAULT '0' COMMENT '1 = Active, 0 = Inactive',
  `created_at` timestamp NULL DEFAULT NULL,
  `updated_at` timestamp NULL DEFAULT NULL,
  PRIMARY KEY (`id`)
) ENGINE=InnoDB AUTO_INCREMENT=8 DEFAULT CHARSET=utf8mb4 COLLATE=utf8mb4_unicode_ci;

--
-- Dumping data for table `slider_sections`
--

INSERT INTO `slider_sections` VALUES (2,'Jukebox','#','Our jukeboxes feature the enduring retro design of the original 1940s and 50s models but with a contemporary touch, making them a perfect fit for modern homes, venues, and lifestyles. You can select your preferred cabinet style and finish, choose from CD, vinyl, or digital technologies, and personalize your Jukebox with add-ons and Custom Shop options to create a one-of-a-kind masterpiece. Our skilled team will meticulously handcraft your dream machine. So, if you\'re looking to add a touch of nostalgia to your space, we\'ve got you covered.',1,'2023-09-21 05:48:06','2023-12-12 05:17:30'),(3,'Arcades','#','Transport yourself to the 80s with our classic retro arcades, evoking a strong sense of nostalgia. However, our arcades are far from mere nostalgia; they are crafted using top-tier materials and cutting-edge electronics, making them exceptionally durable. These machines are built to thrive in demanding settings such as bars, entertainment zones, and commercial arcades. Whether you\'re looking for a Classic Arcade loaded with up to 9000 games, an air hockey table, or even a boxing machine, our collection has your entertainment needs covered.',1,'2023-09-21 05:51:30','2023-12-12 05:22:13'),(4,'Lifestyle',NULL,'As authorized dealers of a diverse range of lifestyle products, we collaborate closely with leading brands to provide you with a thoughtfully curated selection of high-quality furnishings and entertainment equipment. Designed by visionary talents worldwide, our collection features sustainably sourced, artisan-crafted pieces from around the world, offering a wealth of inspiration. Dive into our remarkable outdoor furniture selection, which seamlessly incorporates patterned material technology, extending the comfort of indoor living to the great outdoors. From sustainably sourced masterpieces to pioneering outdoor designs, our range is curated to enhance your space with style and eco-conscious craftsmanship.',1,'2023-09-21 05:53:27','2023-12-12 05:23:01'),(5,'Sports Simulator','#','Elevate any venue with our Sports Simulator, perfect for stadium tours, training sessions, and indoor sports entertainment. Featuring 60+ sports, 1,500+ game challenges, and 3,500+ sporting venues, it\'s the most comprehensive multi-sports simulator globally. Enjoy free software updates to keep the fun going year-round. Easily transform shopping centers, leisure facilities, sports bars, and hotels into interactive sporting destinations. Take your venue to the next level with our versatile Sports Simulator experience',1,'2023-09-21 06:08:52','2023-12-12 06:41:11'),(6,'Rotating Climbing Wall','#','Experience the X Climb Pro rotating climb walls, offering multi-pitch climbing versatility within a compact 2x2.5m space. With adjustable wall inclination (-35 to +35 degrees) and variable speed settings, it\'s low-maintenance and electricity-free. Our entry-level model is perfect for schools, leisure centers, hotels, and resorts, expanding their recreational offerings. Explore our range of sizing options and customisations to cater to climbers of all levels, from novices to pros',1,'2023-10-10 08:36:28','2023-12-12 06:41:54'),(7,'Mini Golf','#','Introducing Mini Golf 35, the world\'s first truly portable mini golf course. Crafted by Europe\'s top manufacturer of mini golf and adventure golf courses in Turkey, we specialize in creating high-quality courses to fit any space. With our patented quick fix technology, the equipment can be easily relocated without the need for specialized tools. Ideal for hotels with ever-changing venues and unpredictable weather conditions, offering indoor entertainment that\'s always on par',1,'2023-10-10 08:36:51','2023-12-12 06:42:43');

--
-- Table structure for table `sub_children`
--

CREATE TABLE `sub_children` (
  `id` bigint unsigned NOT NULL AUTO_INCREMENT,
  `nav_label` varchar(255) CHARACTER SET utf8mb4 COLLATE utf8mb4_unicode_ci NOT NULL,
  `nav_link` longtext CHARACTER SET utf8mb4 COLLATE utf8mb4_unicode_ci,
  `sub_menu_id` int NOT NULL,
  `page_id` int DEFAULT NULL,
  `additional_param` longtext CHARACTER SET utf8mb4 COLLATE utf8mb4_unicode_ci,
  `is_page` int NOT NULL DEFAULT '0' COMMENT '0 = false, 1 = true',
  `priority` int DEFAULT NULL,
  `status` int NOT NULL DEFAULT '0' COMMENT '0 = Inactive, 1 = Active',
  `created_at` timestamp NULL DEFAULT NULL,
  `updated_at` timestamp NULL DEFAULT NULL,
  PRIMARY KEY (`id`)
) ENGINE=InnoDB AUTO_INCREMENT=131 DEFAULT CHARSET=utf8mb4 COLLATE=utf8mb4_unicode_ci;

--
-- Dumping data for table `sub_children`
--

INSERT INTO `sub_children` VALUES (8,'View','/contact',2,NULL,NULL,0,NULL,0,'2023-08-24 02:44:55','2023-09-05 23:54:48'),(9,'View',NULL,3,9,NULL,1,NULL,0,'2023-08-24 02:45:26','2023-09-05 23:54:54'),(10,'VIEW OUR COLLECTION','https://gemmproductions.bwc.ae/range-listing',1,3,'type=Jukeboxes',0,1,1,'2023-08-28 07:31:40','2024-03-06 17:23:14'),(11,'SILVER AGE','page/coming-soon',1,15,NULL,0,2,1,'2023-08-28 07:32:24','2024-01-24 17:29:52'),(12,'GOLDEN AGE','page/coming-soon',1,16,NULL,0,3,1,'2023-08-28 07:32:50','2024-01-24 17:30:03'),(13,'MARSHALL JUKEBOXES','page/coming-soon',1,17,NULL,0,4,1,'2023-08-28 07:33:07','2024-01-24 17:30:11'),(14,'CONTEMPORARY CONSOLES','page/coming-soon',1,18,NULL,0,5,1,'2023-08-28 07:33:16','2024-01-24 17:30:17'),(15,'SLIMLINE COLLECTION','page/coming-soon',1,19,NULL,0,6,1,'2023-08-28 07:33:27','2024-01-24 17:30:28'),(16,'News','/news',1,3,'category=Jukebox',0,7,1,'2023-08-28 07:34:12','2023-08-30 02:07:43'),(17,'VIEW OUR COLLECTION','page/coming-soon',6,NULL,'type=Arcades',0,NULL,1,'2023-08-28 07:37:25','2024-01-24 17:30:52'),(18,'CLAW MACHINES','page/coming-soon',6,20,NULL,0,NULL,1,'2023-08-28 07:37:54','2024-01-24 17:30:59'),(19,'PINBALL','page/coming-soon',6,21,NULL,0,NULL,1,'2023-08-28 07:38:02','2024-01-24 17:31:04'),(20,'UPRIGHT RETRO ARCADES','page/coming-soon',6,22,NULL,0,NULL,1,'2023-08-28 07:38:10','2024-01-24 17:31:11'),(21,'BAR TOP ARCADES','page/coming-soon',6,23,NULL,0,NULL,1,'2023-08-28 07:38:22','2024-01-24 17:31:22'),(22,'COCKTAIL ARCADES','page/coming-soon',6,24,NULL,0,NULL,1,'2023-08-28 07:38:32','2024-01-24 17:31:29'),(23,'GAMING CONSOLES','page/coming-soon',6,25,NULL,0,NULL,1,'2023-08-28 07:38:40','2024-01-24 17:31:35'),(24,'BOXING MACHINES','page/coming-soon',6,26,NULL,0,NULL,1,'2023-08-28 07:38:47','2024-01-24 17:31:41'),(25,'AIR HOCKEY','page/coming-soon',6,27,NULL,0,NULL,1,'2023-08-28 07:39:00','2024-01-24 17:31:49'),(26,'BEER PONG','page/coming-soon',6,28,NULL,0,NULL,1,'2023-08-28 07:39:09','2024-01-24 17:31:55'),(27,'NEWS','/news',6,NULL,'category=Arcade',0,NULL,1,'2023-08-28 07:39:43','2023-08-28 07:39:43'),(28,'SPORTS SIMULATOR',NULL,7,8,NULL,1,NULL,1,'2023-08-28 07:40:58','2023-08-28 07:40:58'),(29,'GOLF SIMULATOR',NULL,7,8,NULL,1,NULL,1,'2023-08-28 07:41:28','2023-08-28 07:41:28'),(30,'RACING SIMULATOR',NULL,7,8,NULL,1,NULL,1,'2023-08-28 07:41:42','2023-08-28 07:41:42'),(31,'SHOOTING SIMULATOR',NULL,7,8,NULL,1,NULL,1,'2023-08-28 07:41:54','2023-08-28 07:41:54'),(32,'TECHNOLOGY',NULL,7,8,NULL,1,NULL,1,'2023-08-28 07:42:07','2023-08-28 07:42:07'),(33,'SPORTS AVAILABLE',NULL,7,8,NULL,1,NULL,1,'2023-08-28 07:42:18','2023-08-28 07:42:18'),(34,'CITIES, ENVIRONMENTS, & THEMES',NULL,7,8,NULL,1,NULL,1,'2023-08-28 07:42:29','2023-08-28 07:42:29'),(35,'ADVERTISING & BRANDING',NULL,7,8,NULL,1,NULL,1,'2023-08-28 07:42:37','2023-08-28 07:42:37'),(36,'News','/news',7,NULL,'category=Sports Simulator',0,NULL,1,'2023-08-28 07:42:56','2023-08-28 07:43:04'),(37,'XCLIMB PRO MODELS',NULL,8,7,NULL,1,NULL,1,'2023-08-28 07:44:06','2023-08-28 07:44:06'),(38,'LADDER PRO MODELS',NULL,8,7,NULL,1,NULL,1,'2023-08-28 07:44:15','2023-08-28 07:44:15'),(39,'ACCESSORIES',NULL,8,7,NULL,1,NULL,1,'2023-08-28 07:44:22','2023-08-28 07:44:22'),(40,'NEWS','/news',8,NULL,'category=Rotating%20Climbing%20Wall',0,NULL,1,'2023-08-28 07:44:41','2023-08-28 07:44:41'),(41,'VIEW OUR COLLECTION','/range-listing',9,NULL,'type=Mini%20Golf',0,NULL,1,'2023-08-28 07:45:48','2023-08-28 07:45:48'),(42,'FABRICATED GOLF',NULL,9,5,NULL,1,NULL,1,'2023-08-28 07:46:25','2023-08-28 07:46:25'),(43,'MINI GOLF COURSES',NULL,9,5,NULL,1,NULL,1,'2023-08-28 07:46:32','2023-08-28 07:46:32'),(44,'GARDEN GAMES',NULL,9,5,NULL,1,NULL,1,'2023-08-28 07:46:39','2023-08-28 07:46:39'),(45,'GOLF EQUIPMENT',NULL,9,5,NULL,1,NULL,1,'2023-08-28 07:46:47','2023-08-28 07:46:47'),(46,'COMPLETE GOLF COURSE PACKAGES',NULL,9,5,NULL,1,NULL,1,'2023-08-28 07:46:59','2023-08-28 07:46:59'),(47,'ACCESSORIES',NULL,9,5,NULL,1,NULL,1,'2023-08-28 07:47:07','2023-08-28 07:47:07'),(48,'NEWS','/news',9,NULL,'category=Mini%20Golf',0,NULL,1,'2023-08-28 07:47:22','2023-08-28 07:47:22'),(50,'VIEW OUR COLLECTION','page/coming-soon',10,NULL,'type=Lifestyle',0,1,1,'2023-08-28 07:48:21','2024-01-24 17:33:23'),(51,'News','/news',10,NULL,'category=Lifestyle',0,NULL,1,'2023-08-28 07:48:34','2023-08-28 07:48:34'),(52,'Retail','/projects/kids-zone',5,NULL,NULL,0,NULL,1,'2023-08-28 07:56:17','2023-08-28 07:56:17'),(53,'Public Spaces','/projects/kids-zone',5,NULL,NULL,0,NULL,1,'2023-08-28 07:56:32','2023-08-28 07:56:32'),(54,'Healthcare','/projects/kids-zone',5,NULL,NULL,0,NULL,1,'2023-08-28 07:56:40','2023-08-28 07:56:40'),(55,'Interior Designers','/projects/kids-zone',5,NULL,NULL,0,NULL,1,'2023-08-28 07:56:53','2023-08-28 07:57:29'),(56,'Daycare','/projects/kids-zone',5,NULL,NULL,0,NULL,1,'2023-08-28 07:57:01','2023-08-28 07:57:01'),(57,'Hospitality','/projects/kids-zone',5,NULL,NULL,0,NULL,1,'2023-08-28 07:57:13','2023-08-28 07:57:13'),(58,'Leisure','/projects/kids-zone',5,NULL,NULL,0,NULL,1,'2023-08-28 07:57:22','2023-08-28 07:57:22'),(59,'Amiri','/projects/activations',11,NULL,NULL,0,NULL,1,'2023-08-28 07:58:24','2023-08-28 07:58:24'),(60,'Victoria Secret','/projects/activations',11,NULL,NULL,0,NULL,1,'2023-08-28 07:58:34','2023-08-28 07:58:34'),(61,'Abu Dhabi F1','/projects/corporate-events',12,NULL,NULL,0,NULL,1,'2023-08-28 07:59:20','2023-08-28 07:59:20'),(62,'View','/projects/private-events',13,NULL,NULL,0,NULL,1,'2023-08-28 07:59:59','2023-08-28 07:59:59'),(63,'Bar & Restaurants','/projects/commercial-spaces',14,NULL,NULL,0,NULL,1,'2023-08-28 08:00:42','2023-08-28 08:00:42'),(65,'Wall Games','page/coming-soon',4,51,NULL,0,NULL,1,'2023-08-28 08:03:02','2024-01-24 17:36:13'),(76,'demo child',NULL,18,3,NULL,1,NULL,1,'2023-08-30 02:09:58','2023-08-30 02:09:58'),(77,'Interactive Play Systems','page/coming-soon',4,NULL,NULL,0,NULL,1,'2023-09-01 07:16:19','2024-01-24 17:36:20'),(78,'Interactive Walls','page/coming-soon',4,NULL,NULL,0,NULL,1,'2023-09-01 07:16:38','2024-01-24 17:36:26'),(79,'Play Corners Sizes S to XL','page/coming-soon',4,NULL,NULL,0,NULL,1,'2023-09-01 07:17:06','2024-01-24 17:36:33'),(80,'Play Systems','page/coming-soon',15,NULL,NULL,0,NULL,1,'2023-09-01 07:18:11','2024-01-24 17:37:29'),(81,'Fences','page/coming-soon',15,NULL,NULL,0,NULL,1,'2023-09-01 07:18:21','2024-01-24 17:37:36'),(82,'Playhouses','page/coming-soon',15,NULL,NULL,0,NULL,1,'2023-09-01 07:18:35','2024-01-24 17:37:42'),(83,'Software','page/coming-soon',15,NULL,NULL,0,NULL,1,'2023-09-01 07:18:52','2024-01-24 17:37:47'),(84,'Play Floors','page/coming-soon',15,NULL,NULL,0,NULL,1,'2023-09-01 07:19:04','2024-01-24 17:37:54'),(85,'Play Walls','page/coming-soon',15,NULL,NULL,0,NULL,1,'2023-09-01 07:19:20','2024-01-24 17:37:59'),(86,'Kids Furniture','page/coming-soon',16,NULL,NULL,0,NULL,1,'2023-09-01 07:20:07','2024-01-24 17:38:23'),(87,'Soft Play','page/coming-soon',16,NULL,NULL,0,NULL,1,'2023-09-01 07:20:16','2024-01-24 17:38:34'),(88,'Beadstree Table','page/coming-soon',16,NULL,NULL,0,NULL,1,'2023-09-01 07:20:39','2024-01-24 17:38:46'),(89,'IKC Artic','page/coming-soon',17,NULL,NULL,0,NULL,1,'2023-09-01 07:21:22','2024-01-24 17:39:06'),(90,'IKC Monster','page/coming-soon',17,NULL,NULL,0,NULL,1,'2023-09-01 07:21:31','2024-01-24 17:39:11'),(91,'IKC Classic','page/coming-soon',17,NULL,NULL,0,NULL,1,'2023-09-01 07:21:43','2024-01-24 17:39:16'),(92,'IKC Buxus','page/coming-soon',17,NULL,NULL,0,NULL,1,'2023-09-01 07:21:55','2024-01-24 17:39:22'),(93,'Play Modules','/kids-zone',19,NULL,NULL,0,NULL,1,'2023-09-01 07:22:28','2023-09-01 07:22:28'),(94,'Play Wheel','/kids-zone',19,NULL,NULL,0,NULL,1,'2023-09-01 07:22:46','2023-09-01 07:22:46'),(95,'Retail','page/coming-soon',20,NULL,'id=1',0,NULL,1,'2023-09-01 07:23:13','2024-01-24 17:39:35'),(96,'Public Spaces','page/coming-soon',20,NULL,'id=2',0,NULL,1,'2023-09-01 07:23:24','2024-01-24 17:39:41'),(97,'Healthcare','page/coming-soon',20,NULL,'id=3',0,NULL,1,'2023-09-01 07:23:32','2024-01-24 17:39:48'),(98,'Interior Design','page/coming-soon',20,NULL,'id=4',0,NULL,1,'2023-09-01 07:23:42','2024-01-24 17:39:53'),(99,'Daycare','page/coming-soon',20,NULL,'id=5',0,NULL,1,'2023-09-01 07:23:49','2024-01-24 17:40:02'),(100,'Hospitality','page/coming-soon',20,NULL,'id=6',0,NULL,1,'2023-09-01 07:23:58','2024-01-24 17:40:09'),(101,'Leisure','page/coming-soon',20,NULL,'id=7',0,NULL,1,'2023-09-01 07:24:06','2024-01-24 17:40:14'),(102,'Sport Simulator','page/coming-soon',22,8,NULL,0,2,1,'2023-09-01 07:34:08','2024-01-24 17:41:25'),(103,'Golf Simulator','page/coming-soon',22,5,NULL,0,2,1,'2023-09-01 07:34:35','2024-01-24 17:41:31'),(104,'Racing Simulator','page/coming-soon',22,4,NULL,0,3,1,'2023-09-01 07:35:02','2024-01-24 17:41:38'),(105,'Sub-Menu Item 1 - Edit',NULL,23,30,NULL,1,NULL,1,'2023-09-11 05:32:47','2023-09-11 05:33:09'),(106,'View Our Entire Collection','page/coming-soon',22,NULL,NULL,0,1,1,'2023-09-21 05:12:06','2024-01-24 17:41:19'),(107,'News','/news',22,NULL,'category=Sports%20Simulator',0,NULL,1,'2023-09-21 05:14:22','2023-12-11 07:09:02'),(108,'View Our Entire Collection','page/coming-soon',21,NULL,NULL,0,NULL,1,'2023-09-21 05:14:59','2024-01-24 17:41:54'),(109,'Fabricated Golf Courses','page/coming-soon',21,NULL,NULL,0,NULL,1,'2023-09-21 05:15:13','2024-01-24 17:42:00'),(110,'Mini Golf Courses','page/coming-soon',21,NULL,NULL,0,NULL,1,'2023-09-21 05:15:20','2024-01-24 17:42:06'),(111,'Garden Games','page/coming-soon',21,NULL,NULL,0,NULL,1,'2023-09-21 05:15:34','2024-01-24 17:42:12'),(112,'Golf Equipment','page/coming-soon',21,NULL,NULL,0,NULL,1,'2023-09-21 05:15:43','2024-01-24 17:42:17'),(113,'Complete Golf Course Packages','page/coming-soon',21,NULL,NULL,0,NULL,1,'2023-09-21 05:15:50','2024-01-24 17:42:23'),(114,'Accessories','page/coming-soon',21,NULL,NULL,0,NULL,1,'2023-09-21 05:15:59','2024-01-24 17:42:30'),(115,'News','/news',21,NULL,NULL,0,NULL,1,'2023-09-21 05:16:23','2024-01-24 14:52:06'),(116,'View Our Entire Collection','#',24,63,NULL,1,NULL,1,'2023-09-21 05:16:41','2024-01-24 17:41:24'),(117,'XCLIMB Pro Model','#',24,63,NULL,1,NULL,1,'2023-09-21 05:16:50','2024-01-24 17:41:42'),(118,'LADDER Pro Models','#',24,63,NULL,1,NULL,1,'2023-09-21 05:16:57','2024-01-24 17:41:55'),(119,'Accessories','#',24,63,NULL,1,NULL,1,'2023-09-21 05:17:05','2024-01-24 17:42:09'),(120,'News','/news',24,63,NULL,1,NULL,1,'2023-09-21 05:17:25','2024-01-24 17:42:21'),(121,'Football Tables','page/coming-soon',10,NULL,NULL,0,2,1,'2023-09-28 05:00:42','2024-01-24 17:33:30'),(122,'Ping Pong Tables','page/coming-soon',10,NULL,NULL,0,3,1,'2023-09-28 05:01:51','2024-01-24 17:33:36'),(123,'Pool Tables','page/coming-soon',10,NULL,NULL,0,4,1,'2023-09-28 05:02:13','2024-01-24 17:33:43'),(124,'Shuffleboard','page/coming-soon',10,NULL,NULL,0,5,1,'2023-09-28 05:02:30','2024-01-24 17:33:48'),(125,'Bean Bags','page/coming-soon',10,NULL,NULL,0,6,1,'2023-09-28 05:03:21','2024-01-24 17:33:58'),(126,'Hammocks','page/coming-soon',10,NULL,NULL,0,7,1,'2023-09-28 05:03:32','2024-01-24 17:34:07'),(127,'Tables, Cushions, and Seats','page/coming-soon',10,NULL,NULL,0,8,1,'2023-09-28 05:03:51','2024-01-24 17:34:13'),(128,'Accessories','page/coming-soon',10,NULL,NULL,0,10,1,'2023-09-28 05:04:40','2024-01-24 17:34:26'),(129,'Outdoor','page/coming-soon',10,NULL,NULL,0,9,1,'2023-09-28 05:04:56','2024-01-24 17:34:20'),(130,'News','/news',4,NULL,NULL,0,NULL,0,'2023-10-03 04:08:19','2023-10-03 04:09:04');

--
-- Table structure for table `sub_menus`
--

CREATE TABLE `sub_menus` (
  `id` bigint unsigned NOT NULL AUTO_INCREMENT,
  `page_id` int DEFAULT NULL,
  `menu_id` int NOT NULL,
  `nav_label` varchar(255) CHARACTER SET utf8mb4 COLLATE utf8mb4_unicode_ci NOT NULL,
  `nav_link` varchar(255) CHARACTER SET utf8mb4 COLLATE utf8mb4_unicode_ci DEFAULT NULL,
  `additional_param` longtext CHARACTER SET utf8mb4 COLLATE utf8mb4_unicode_ci,
  `is_page` int NOT NULL DEFAULT '0' COMMENT '0 = false, 1 = true',
  `status` int NOT NULL DEFAULT '0' COMMENT '0 = Inactive, 1 = Active',
  `priority` int DEFAULT NULL,
  `created_at` timestamp NULL DEFAULT NULL,
  `updated_at` timestamp NULL DEFAULT NULL,
  PRIMARY KEY (`id`)
) ENGINE=InnoDB AUTO_INCREMENT=29 DEFAULT CHARSET=utf8mb4 COLLATE=utf8mb4_unicode_ci;

--
-- Dumping data for table `sub_menus`
--

INSERT INTO `sub_menus` VALUES (1,3,1,'Jukebox','range-listing',NULL,1,1,NULL,'2023-08-24 00:36:26','2023-11-30 14:21:37'),(2,NULL,6,'Contact','/contact',NULL,0,1,NULL,'2023-08-24 02:33:38','2024-01-23 09:51:15'),(3,63,6,'About Us',NULL,NULL,1,1,NULL,'2023-08-24 02:34:08','2024-01-24 17:28:30'),(4,NULL,2,'Ready To Play','page/coming-soon',NULL,0,1,NULL,'2023-08-24 02:38:02','2024-01-24 17:23:41'),(5,NULL,3,'Kid Zones','/projects/kids-zone',NULL,0,1,NULL,'2023-08-24 02:38:36','2023-08-28 07:55:09'),(6,14,1,'ARCADES',NULL,NULL,1,1,NULL,'2023-08-28 07:34:52','2023-08-29 00:18:52'),(7,8,1,'SPORTS SIMULATOR',NULL,NULL,1,0,NULL,'2023-08-28 07:40:35','2023-09-01 07:30:34'),(8,7,1,'ROTATING CLIMBING WALL',NULL,NULL,1,0,NULL,'2023-08-28 07:43:41','2023-09-21 05:09:47'),(9,5,1,'Mini Golf',NULL,NULL,1,0,NULL,'2023-08-28 07:45:02','2023-09-01 07:30:46'),(10,6,1,'LIFE STYLE',NULL,NULL,1,1,NULL,'2023-08-28 07:47:59','2023-08-29 00:23:11'),(11,NULL,3,'Activations','/projects/activations',NULL,0,1,NULL,'2023-08-28 07:58:01','2023-08-28 07:58:01'),(12,NULL,3,'Corporate Events','/projects/corporate-events',NULL,0,1,NULL,'2023-08-28 07:59:02','2023-08-28 07:59:02'),(13,NULL,3,'Private Events','/projects/private-events',NULL,0,1,NULL,'2023-08-28 07:59:49','2023-08-28 07:59:49'),(14,NULL,3,'Commercial Spaces','/projects/commercial-spaces',NULL,0,1,NULL,'2023-08-28 08:00:25','2023-08-28 08:00:25'),(15,NULL,2,'Elements','page/coming-soon',NULL,0,1,NULL,'2023-08-28 08:03:21','2024-01-24 17:24:35'),(16,NULL,2,'Furniture','page/coming-soon',NULL,0,1,NULL,'2023-08-28 08:04:02','2024-01-24 17:24:47'),(17,NULL,2,'Collection','page/coming-soon',NULL,0,1,NULL,'2023-08-28 08:05:12','2024-01-24 17:24:57'),(19,NULL,2,'Style',NULL,NULL,0,0,NULL,'2023-09-01 07:22:16','2024-01-24 14:49:20'),(20,NULL,2,'Sectors','page/coming-soon',NULL,0,1,NULL,'2023-09-01 07:23:02','2024-01-24 17:25:07'),(21,5,8,'Mini Golf',NULL,NULL,1,1,2,'2023-09-01 07:30:17','2023-09-01 07:31:56'),(22,8,8,'Sport Simulator',NULL,NULL,1,1,1,'2023-09-01 07:32:25','2023-09-19 06:39:50'),(24,55,8,'Rotating Climbing Wall','#',NULL,1,1,NULL,'2023-09-21 05:11:33','2023-11-14 06:39:32'),(25,NULL,6,'Projects','/projects',NULL,0,1,NULL,'2023-10-03 05:00:05','2023-10-03 05:00:05'),(27,NULL,6,'NEWS','https://gemmproductions.com/news',NULL,0,1,NULL,'2023-12-05 14:02:00','2024-01-23 10:02:46');

--
-- Table structure for table `tile_templates`
--

CREATE TABLE `tile_templates` (
  `id` bigint unsigned NOT NULL AUTO_INCREMENT,
  `name` varchar(255) CHARACTER SET utf8mb4 COLLATE utf8mb4_unicode_ci NOT NULL,
  `status` int NOT NULL DEFAULT '0' COMMENT '0 = Inactive, 1 = Active',
  `created_at` timestamp NULL DEFAULT NULL,
  `updated_at` timestamp NULL DEFAULT NULL,
  `redirection_link` longtext CHARACTER SET utf8mb4 COLLATE utf8mb4_unicode_ci,
  PRIMARY KEY (`id`)
) ENGINE=InnoDB AUTO_INCREMENT=35 DEFAULT CHARSET=utf8mb4 COLLATE=utf8mb4_unicode_ci;

--
-- Dumping data for table `tile_templates`
--

INSERT INTO `tile_templates` VALUES (2,'Timeless Design,  Forefront Technology',1,'2023-08-17 23:50:48','2023-08-17 23:50:48',NULL),(3,'Retro Gaming For  The 21st Century',1,'2023-08-18 00:09:22','2023-08-18 00:09:22',NULL),(4,'Why Our Products',1,'2023-08-18 00:18:50','2023-08-18 00:18:50',NULL),(7,'Our Sectors',1,'2023-09-21 06:39:47','2023-09-21 06:39:58','#'),(34,'The Kids Zone Sectors',1,'2023-11-27 12:29:17','2023-12-06 06:15:19','#');

--
-- Table structure for table `tile_to_sections`
--

CREATE TABLE `tile_to_sections` (
  `id` bigint unsigned NOT NULL AUTO_INCREMENT,
  `tile_template_id` int NOT NULL,
  `page_tile_id` int NOT NULL,
  `created_at` timestamp NULL DEFAULT NULL,
  `updated_at` timestamp NULL DEFAULT NULL,
  PRIMARY KEY (`id`)
) ENGINE=InnoDB AUTO_INCREMENT=43 DEFAULT CHARSET=utf8mb4 COLLATE=utf8mb4_unicode_ci;

--
-- Dumping data for table `tile_to_sections`
--

INSERT INTO `tile_to_sections` VALUES (2,2,2,NULL,NULL),(3,2,3,NULL,NULL),(4,2,4,NULL,NULL),(5,2,5,NULL,NULL),(6,3,6,NULL,NULL),(7,3,7,NULL,NULL),(8,3,8,NULL,NULL),(9,3,9,NULL,NULL),(10,4,10,NULL,NULL),(11,4,11,NULL,NULL),(12,4,12,NULL,NULL),(13,4,13,NULL,NULL),(22,7,18,NULL,NULL),(23,7,19,NULL,NULL),(24,7,20,NULL,NULL),(25,7,21,NULL,NULL),(26,7,22,NULL,NULL),(27,7,23,NULL,NULL),(31,34,26,NULL,NULL),(32,34,27,NULL,NULL),(33,34,28,NULL,NULL),(34,34,29,NULL,NULL),(35,34,30,NULL,NULL),(36,34,31,NULL,NULL),(37,34,32,NULL,NULL);

--
-- Table structure for table `trusteds`
--

CREATE TABLE `trusteds` (
  `id` int unsigned NOT NULL AUTO_INCREMENT,
  `img_path` longtext COLLATE utf8mb4_unicode_ci,
  `status` int NOT NULL DEFAULT '0' COMMENT '1 = Active, 0 = Inactive',
  `link` longtext COLLATE utf8mb4_unicode_ci,
  `priority` int DEFAULT NULL,
  `created_at` timestamp NULL DEFAULT NULL,
  `updated_at` timestamp NULL DEFAULT NULL,
  PRIMARY KEY (`id`)
) ENGINE=InnoDB AUTO_INCREMENT=7 DEFAULT CHARSET=utf8mb4 COLLATE=utf8mb4_unicode_ci;

--
-- Dumping data for table `trusteds`
--

INSERT INTO `trusteds` VALUES (1,'gallery/logo-05-1685693859.png',1,NULL,NULL,'2023-12-18 12:55:37','2023-12-18 12:55:37'),(2,'gallery/logo-04-1685693847.png',1,NULL,NULL,'2023-12-18 12:56:15','2023-12-18 12:56:15'),(3,'gallery/logo-03-1685693833.png',1,NULL,NULL,'2023-12-18 12:56:25','2023-12-18 12:56:25'),(4,'gallery/logo-02-1685693827.png',1,NULL,NULL,'2023-12-18 12:57:03','2023-12-18 12:57:03'),(5,'gallery/logo-01-1685693819.png',1,NULL,NULL,'2023-12-18 12:57:13','2023-12-18 12:57:13'),(6,'gallery/output-onlinepngtools-1_262d3703-8ef8-4562-bf39-451624e85285.png',0,NULL,7,'2024-02-16 11:11:35','2024-02-16 11:15:41');

--
-- Table structure for table `user_profiles`
--

CREATE TABLE `user_profiles` (
  `id` bigint unsigned NOT NULL AUTO_INCREMENT,
  `user_id` int NOT NULL,
  `contact_name` varchar(255) CHARACTER SET utf8mb4 COLLATE utf8mb4_unicode_ci DEFAULT NULL,
  `company_trn` varchar(255) CHARACTER SET utf8mb4 COLLATE utf8mb4_unicode_ci DEFAULT NULL,
  `phone` varchar(255) CHARACTER SET utf8mb4 COLLATE utf8mb4_unicode_ci DEFAULT NULL,
  `location` varchar(255) CHARACTER SET utf8mb4 COLLATE utf8mb4_unicode_ci DEFAULT NULL,
  `account_type` int NOT NULL DEFAULT '0' COMMENT '0 = Private, 1 = Corporate',
  `created_at` timestamp NULL DEFAULT NULL,
  `updated_at` timestamp NULL DEFAULT NULL,
  PRIMARY KEY (`id`)
) ENGINE=InnoDB AUTO_INCREMENT=8 DEFAULT CHARSET=utf8mb4 COLLATE=utf8mb4_unicode_ci;

--
-- Dumping data for table `user_profiles`
--

INSERT INTO `user_profiles` VALUES (1,6,'Ranyll',NULL,'123123','Dubai',0,'2023-09-14 01:28:22','2023-09-14 01:28:22'),(2,3,'Ranyll Customer',NULL,'123','Dubai',0,'2023-09-18 01:26:29','2023-09-18 01:26:29'),(3,9,'Meherban',NULL,'2222222222','w',0,'2023-10-19 01:40:51','2023-10-19 01:40:51'),(4,12,'Shabab ps',NULL,'0507046318','Dubai',0,'2023-11-02 00:18:18','2023-11-02 00:18:18'),(5,1,'Super Admin','1','0545555555','dubai',0,'2023-11-03 07:41:23','2023-11-03 07:41:23'),(6,19,'adasd',NULL,'12312312312','asda',3,'2024-01-03 10:22:16','2024-01-03 10:24:10'),(7,20,'prasadi2024',NULL,'868986908686','gfg',0,'2024-01-04 17:02:55','2024-01-04 17:02:55');

--
-- Table structure for table `what_we_do`
--

CREATE TABLE `what_we_do` (
  `id` int unsigned NOT NULL AUTO_INCREMENT,
  `title` varchar(255) CHARACTER SET utf8mb4 COLLATE utf8mb4_unicode_ci NOT NULL,
  `slug` varchar(255) CHARACTER SET utf8mb4 COLLATE utf8mb4_unicode_ci DEFAULT NULL,
  `banner_img` varchar(255) CHARACTER SET utf8mb4 COLLATE utf8mb4_unicode_ci DEFAULT NULL,
  `content` longtext CHARACTER SET utf8mb4 COLLATE utf8mb4_unicode_ci NOT NULL,
  `status` int NOT NULL DEFAULT '0',
  `locale` varchar(255) CHARACTER SET utf8mb4 COLLATE utf8mb4_unicode_ci DEFAULT NULL,
  `created_at` timestamp NULL DEFAULT NULL,
  `updated_at` timestamp NULL DEFAULT NULL,
  `order` int DEFAULT NULL,
  PRIMARY KEY (`id`)
) ENGINE=InnoDB AUTO_INCREMENT=8 DEFAULT CHARSET=utf8mb4 COLLATE=utf8mb4_unicode_ci;

--
-- Dumping data for table `what_we_do`
--

INSERT INTO `what_we_do` VALUES (1,'Music','sales','gallery/Microphone_0.jpg','We delivers an all-in-one, tailored music solution for bars, hotels, restaurants, and homes. Our Jukeboxes seamlessly integrate CD, Vinyl, or digital music options, connecting effortlessly to in-house speakers via Bluetooth or direct connection. Customize your background music with genre, BPM, and content filters, ensuring a perfect ambiance.',1,NULL,'2023-05-17 02:12:49','2023-12-13 07:36:06',NULL),(2,'Entertainment','design','gallery/ClawBull_0.jpg','Our products are inherently entertaining, yet our goal is to provide a holistic entertainment solution encompassing music, entertainment, and design. While our collections stand as masterpieces, we aspire to collaborate with you to craft a space that not only delights your guests but also enhances F&B operations, manages traffic, and minimizes operational expenses.',1,NULL,'2023-05-17 02:13:02','2023-12-13 07:36:22',NULL),(3,'Design','projects','gallery/RS2_Inox_0.jpg','We excel when engaged in projects from the start, offering tailored solutions and leveraging years of experience, including projects like the award-winning Centara Hotel. We deeply grasp our clients\' unique visions and collaborate with a solutions-based approach to realize them.',1,NULL,'2023-05-17 02:13:23','2023-12-13 07:37:04',NULL);

--
-- Table structure for table `wishlists`
--

CREATE TABLE `wishlists` (
  `id` int unsigned NOT NULL AUTO_INCREMENT,
  `users_id` int NOT NULL,
  `ranges_id` int NOT NULL,
  `created_at` timestamp NULL DEFAULT NULL,
  `updated_at` timestamp NULL DEFAULT NULL,
  PRIMARY KEY (`id`)
) ENGINE=InnoDB AUTO_INCREMENT=22 DEFAULT CHARSET=utf8mb4 COLLATE=utf8mb4_unicode_ci;

--
-- Dumping data for table `wishlists`
--

INSERT INTO `wishlists` VALUES (2,9,5,'2023-11-01 08:07:40','2023-11-01 08:07:40'),(6,12,1,'2023-11-02 00:32:55','2023-11-02 00:32:55'),(15,15,1,'2023-11-15 15:25:48','2023-11-15 15:25:48'),(16,15,5,'2023-11-30 18:38:32','2023-11-30 18:38:32'),(17,1,2,'2023-12-07 08:09:08','2023-12-07 08:09:08'),(20,1,13,'2023-12-28 14:16:14','2023-12-28 14:16:14'),(21,9,1,'2024-01-02 14:51:42','2024-01-02 14:51:42');

--
-- Dumping routines for database 'gemm_productions'
--


